000
CXUS53 KGRB 010716
CLMRHI
CLIMATE REPORT
NATIONAL WEATHER SERVICE GREEN BAY
216 AM CDT TUE AUG 01 2023
...................................
...THE RHINELANDER WI CLIMATE SUMMARY FOR THE MONTH OF JULY 2023...
CLIMATE NORMAL PERIOD: 1991 TO 2020
CLIMATE RECORD PERIOD: 1908 TO 2023
WEATHER OBSERVED NORMAL DEPART LAST YEAR`S
VALUE DATE(S) VALUE FROM VALUE DATE(S)
NORMAL
................................................................
TEMPERATURE (F)
RECORD
HIGH 108 07/13/1936
LOW 31 07/13/1930
HIGHEST 90 07/27 90 0 89 07/18
LOWEST 42 07/07 42 0 44 07/03
AVG. MAXIMUM 78.5 79.7 -1.2 79.4
AVG. MINIMUM 52.1 54.4 -2.3 54.7
MEAN 65.3 67.1 -1.8 67.1
DAYS MAX >= 90 1 2.0 -1.0 0
DAYS MAX <= 32 0 0.0 0.0 0
DAYS MIN <= 32 0 0.0 0.0 0
DAYS MIN <= 0 0 0.0 0.0 0
PRECIPITATION (INCHES)
RECORD
MAXIMUM 10.24 2000
MINIMUM 0.63 1989
TOTALS 2.92 4.02 -1.10 1.89
DAYS >= .01 11 11.0 0.0 11
DAYS >= .10 5 6.2 -1.2 7
DAYS >= .50 2 2.6 -0.6 0
DAYS >= 1.00 1 1.0 0.0 0
GREATEST
STORM TOTAL 1.28
(MM/DD(HH))
SNOWFALL (INCHES)
RECORDS
TOTAL 0.0 MM
TOTALS 0.0 MM MM 0.0
SINCE 7/1 0.0 MM MM MM
DAYS >= TRACE 0 MM MM 0
DAYS >= 1.0 0 MM MM 0
GREATEST
SNOW DEPTH 0 0 MM
24 HR TOTAL MM
DEGREE DAYS
HEATING TOTAL 55 48 7 26
SINCE 7/1 55 47 8 MM
COOLING TOTAL 73 112 -39 99
SINCE 1/1 169 183 -14 MM
................................................................
WIND (MPH)
AVERAGE WIND SPEED 4.5
HIGHEST WIND SPEED/DIRECTION 35/290 DATE 07/27
HIGHEST GUST SPEED/DIRECTION 50/300 DATE 07/27
SKY COVER
POSSIBLE SUNSHINE (PERCENT) MM
AVERAGE SKY COVER 0.37
NUMBER OF DAYS FAIR 19
NUMBER OF DAYS PC 11
NUMBER OF DAYS CLOUDY 1
AVERAGE RH (PERCENT) 69
WEATHER CONDITIONS. NUMBER OF DAYS WITH
THUNDERSTORM 12 MIXED PRECIP 0
HEAVY RAIN 4 RAIN 3
LIGHT RAIN 12 FREEZING RAIN 0
LT FREEZING RAIN 0 HAIL 0
HEAVY SNOW 0 SNOW 0
LIGHT SNOW 0 SLEET 0
FOG 25 FOG W/VIS <= 1/4 MILE 10
HAZE 6
- INDICATES NEGATIVE NUMBERS.
R INDICATES RECORD WAS SET OR TIED.
MM INDICATES DATA IS MISSING.
T INDICATES TRACE AMOUNT.
$$