000
CXUS55 KGJT 010911
CF6RIL
PRELIMINARY LOCAL CLIMATOLOGICAL DATA (WS FORM: F-6)
STATION: RIFLE CO
MONTH: OCTOBER
YEAR: 2023
LATITUDE: 39 31 N
LONGITUDE: 107 43 W
TEMPERATURE IN F: :PCPN: SNOW: WIND :SUNSHINE: SKY :PK WND
================================================================================
1 2 3 4 5 6A 6B 7 8 9 10 11 12 13 14 15 16 17 18
12Z AVG MX 2MIN
DY MAX MIN AVG DEP HDD CDD WTR SNW DPTH SPD SPD DIR MIN PSBL S-S WX SPD DR
================================================================================
1 78 54 66 10 0 1 T M M 10.2 35 280 M M 3 45 280
2 59 43 51 -5 14 0 0.14 M M 9.8 33 260 M M 5 1 47 260
3 64 38 51 -4 14 0 T M M 5.8 23 240 M M 6 29 240
4 68 42 55 0 10 0 0.00 M M 4.6 15 240 M M 3 22 240
5 71 38 55 1 10 0 0.00 M M 2.2 10 280 M M 2 14 300
6 75 35 55 1 10 0 0.00 M M 3.9 15 290 M M 0 20 280
7 78 35 57 3 8 0 0.00 M M 3.2 17 290 M M 0 22 280
8 79 35 57 4 8 0 0.00 M M 4.0 15 290 M M 0 20 290
9 79 35 57 4 8 0 0.00 M M 3.5 13 280 M M 0 18 280
10 74 34 54 2 11 0 0.00 M M 5.2 23 150 M M 1 29 130
11 63 41 52 0 13 0 0.66 M M 6.2 29 240 M M 8 13 38 250
12 48 38 43 -8 22 0 0.40 M M 8.6 18 260 M M 10 1 25 280
13 56 33 45 -6 20 0 0.00 M M 3.2 13 320 M M 1 16 330
14 60 32 46 -4 19 0 0.00 M M 2.0 9 280 M M 0 13 280
15 69 32 51 1 14 0 0.00 M M 2.6 9 140 M M 0 10 150
16 74 34 54 4 11 0 0.00 M M 1.8 7 160 M M 0 8 10 140
17 75 36 56 7 9 0 0.00 M M 4.0 17 260 M M 0 8 21 270
18 75 37 56 7 9 0 0.00 M M 2.6 14 290 M M 0 18 280
19 78 37 58 10 7 0 0.00 M M 1.8 9 210 M M 0 11 210
20 77 34 56 8 9 0 T M M 2.3 9 130 M M 0 13 260
21 77 34 56 9 9 0 0.00 M M 2.9 15 260 M M 0 19 260
22 76 35 56 9 9 0 0.00 M M 2.6 12 270 M M 0 15 270
23 75 40 58 12 7 0 0.00 M M 5.2 21 270 M M 2 29 270
24 69 34 52 6 13 0 0.00 M M 3.9 18 270 M M 1 26 280
25 69 31 50 4 15 0 0.00 M M 5.3 24 270 M M 1 33 260
26 65 34 50 5 15 0 T M M 7.2 41 320 M M 4 8 57 320
27 58 34 46 1 19 0 0.00 M M 3.2 16 260 M M 8 21 270
28 51 33 42 -2 23 0 0.21 M M 5.2 26 320 M M 9 1 39 320
29 40 22 31 -13 34 0 0.00 M M 10.0 21 320 M M 4 29 330
30 45 16 31 -13 34 0 0.00 M M 2.7 8 200 M M 0 11 70
31 52 18 35 -8 30 0 0.00 M M 1.3 7 200 M M 0 9 80
================================================================================
SM 2077 1074 434 1 1.41 M 137.0 M 68
================================================================================
AV 67.0 34.6 4.4 FASTST M M 2 MAX(MPH)
MISC ----> 41 320 57 320
================================================================================
NOTES:
# LAST OF SEVERAL OCCURRENCES
COLUMN 17 PEAK WIND IN M.P.H.
PRELIMINARY LOCAL CLIMATOLOGICAL DATA (WS FORM: F-6) , PAGE 2
STATION: RIFLE CO
MONTH: OCTOBER
YEAR: 2023
LATITUDE: 39 31 N
LONGITUDE: 107 43 W
[TEMPERATURE DATA] [PRECIPITATION DATA] SYMBOLS USED IN COLUMN 16
AVERAGE MONTHLY: 50.8 TOTAL FOR MONTH: 1.41 1 = FOG OR MIST
DPTR FM NORMAL: 1.3 DPTR FM NORMAL: 0.14 2 = FOG REDUCING VISIBILITY
HIGHEST: 79 ON 9, 8 GRTST 24HR 0.96 ON 11-12 TO 1/4 MILE OR LESS
LOWEST: 16 ON 30 3 = THUNDER
SNOW, ICE PELLETS, HAIL 4 = ICE PELLETS
TOTAL MONTH: M 5 = HAIL
GRTST 24HR M ON M 6 = FREEZING RAIN OR DRIZZLE
GRTST DEPTH: M ON M 7 = DUSTSTORM OR SANDSTORM:
VSBY 1/2 MILE OR LESS
8 = SMOKE OR HAZE
[NO. OF DAYS WITH] [WEATHER - DAYS WITH] 9 = BLOWING SNOW
X = TORNADO
MAX 32 OR BELOW: 0 0.01 INCH OR MORE: 4
MAX 90 OR ABOVE: 0 0.10 INCH OR MORE: 4
MIN 32 OR BELOW: 6 0.50 INCH OR MORE: 1
MIN 0 OR BELOW: 0 1.00 INCH OR MORE: 0
[HDD (BASE 65) ]
TOTAL THIS MO. 434 CLEAR (SCALE 0-3) 23
DPTR FM NORMAL -45 PTCLDY (SCALE 4-7) 5
TOTAL FM JUL 1 503 CLOUDY (SCALE 8-10) 3
DPTR FM NORMAL -94
[CDD (BASE 65) ]
TOTAL THIS MO. 1
DPTR FM NORMAL 1 [PRESSURE DATA]
TOTAL FM JAN 1 707 HIGHEST SLP M ON M
DPTR FM NORMAL 76 LOWEST SLP 29.39 ON 11
[REMARKS]
#FINAL-10-23#