000
CXUS55 KGJT 010910
CF6RIL
PRELIMINARY LOCAL CLIMATOLOGICAL DATA (WS FORM: F-6)
STATION: RIFLE CO
MONTH: SEPTEMBER
YEAR: 2023
LATITUDE: 39 31 N
LONGITUDE: 107 43 W
TEMPERATURE IN F: :PCPN: SNOW: WIND :SUNSHINE: SKY :PK WND
================================================================================
1 2 3 4 5 6A 6B 7 8 9 10 11 12 13 14 15 16 17 18
12Z AVG MX 2MIN
DY MAX MIN AVG DEP HDD CDD WTR SNW DPTH SPD SPD DIR MIN PSBL S-S WX SPD DR
================================================================================
1 90 59 75 7 0 10 0.00 M M 6.4 21 280 M M 1 3 28 280
2 85 58 72 5 0 7 0.00 M M 6.0 18 260 M M 3 3 24 230
3 85 58 72 5 0 7 0.02 M M 5.5 31 230 M M 3 3 43 220
4 78 55 67 0 0 2 T M M 7.1 44 250 M M 3 58 270
5 82 46 64 -2 1 0 0.00 M M 5.0 17 270 M M 0 23 270
6 90 46 68 2 0 3 0.00 M M 4.1 20 270 M M 0 27 270
7 88 46 67 1 0 2 0.00 M M 5.4 22 280 M M 0 29 300
8 89 45 67 2 0 2 0.00 M M 7.0 23 280 M M 0 31 230
9 90 45 68 3 0 3 0.00 M M 4.0 16 280 M M 0 21 260
10 81 53 67 2 0 2 T M M 5.2 16 70 M M 3 21 250
11 81 50 66 2 0 1 0.00 M M 3.9 13 310 M M 1 17 310
12 84 45 65 1 0 0 0.00 M M 3.7 13 310 M M 0 17 300
13 75 50 63 -1 2 0 0.00 M M 5.8 20 250 M M 1 3 29 320
14 71 50 61 -2 4 0 0.09 M M 2.8 14 290 M M 5 38 23 260
15 72 47 60 -3 5 0 T M M 5.1 15 110 M M 4 3 20 310
16 80 41 61 -2 4 0 0.00 M M 3.0 10 120 M M 0 13 120
17 82 42 62 0 3 0 0.00 M M 6.6 26 270 M M 0 37 270
18 76 45 61 -1 4 0 0.01 M M 6.0 39 250 M M 3 3 51 240
19 76 45 61 0 4 0 0.00 M M 4.6 17 150 M M 1 3 26 330
20 81 42 62 1 3 0 0.00 M M 4.4 17 270 M M 1 23 280
21 81 50 66 5 0 1 0.00 M M 9.2 24 240 M M 2 3 34 200
22 79 44 62 2 3 0 0.00 M M 9.1 28 310 M M 0 42 330
23 74 38 56 -4 9 0 0.00 M M 7.8 23 270 M M 0 30 270
24 77 34 56 -3 9 0 0.00 M M 3.4 13 270 M M 0 16 270
25 82 36 59 0 6 0 0.00 M M 2.5 10 110 M M 0 12 140
26 83 38 61 3 4 0 0.00 M M 5.0 22 270 M M 0 29 260
27 84 40 62 4 3 0 0.00 M M 5.6 20 260 M M 0 27 270
28 84 40 62 4 3 0 0.00 M M 6.4 25 270 M M 0 33 270
29 84 41 63 6 2 0 0.00 M M 5.4 21 260 M M 0 26 260
30 85 44 65 8 0 0 T M M 8.3 39 130 M M 1 38 59 130
================================================================================
SM 2449 1373 69 40 0.12 M 164.3 M 32
================================================================================
AV 81.6 45.8 5.5 FASTST M M 1 MAX(MPH)
MISC ----> 44 250 59 130
================================================================================
NOTES:
# LAST OF SEVERAL OCCURRENCES
COLUMN 17 PEAK WIND IN M.P.H.
PRELIMINARY LOCAL CLIMATOLOGICAL DATA (WS FORM: F-6) , PAGE 2
STATION: RIFLE CO
MONTH: SEPTEMBER
YEAR: 2023
LATITUDE: 39 31 N
LONGITUDE: 107 43 W
[TEMPERATURE DATA] [PRECIPITATION DATA] SYMBOLS USED IN COLUMN 16
AVERAGE MONTHLY: 63.7 TOTAL FOR MONTH: 0.12 1 = FOG OR MIST
DPTR FM NORMAL: 1.2 DPTR FM NORMAL: -1.22 2 = FOG REDUCING VISIBILITY
HIGHEST: 90 ON 9, 6 GRTST 24HR 0.09 ON 14-14 TO 1/4 MILE OR LESS
LOWEST: 34 ON 24 3 = THUNDER
SNOW, ICE PELLETS, HAIL 4 = ICE PELLETS
TOTAL MONTH: M 5 = HAIL
GRTST 24HR M ON M 6 = FREEZING RAIN OR DRIZZLE
GRTST DEPTH: M ON M 7 = DUSTSTORM OR SANDSTORM:
VSBY 1/2 MILE OR LESS
8 = SMOKE OR HAZE
[NO. OF DAYS WITH] [WEATHER - DAYS WITH] 9 = BLOWING SNOW
X = TORNADO
MAX 32 OR BELOW: 0 0.01 INCH OR MORE: 3
MAX 90 OR ABOVE: 3 0.10 INCH OR MORE: 0
MIN 32 OR BELOW: 0 0.50 INCH OR MORE: 0
MIN 0 OR BELOW: 0 1.00 INCH OR MORE: 0
[HDD (BASE 65) ]
TOTAL THIS MO. 69 CLEAR (SCALE 0-3) 26
DPTR FM NORMAL -44 PTCLDY (SCALE 4-7) 4
TOTAL FM JUL 1 69 CLOUDY (SCALE 8-10) 0
DPTR FM NORMAL -49
[CDD (BASE 65) ]
TOTAL THIS MO. 40
DPTR FM NORMAL 2 [PRESSURE DATA]
TOTAL FM JAN 1 706 HIGHEST SLP M ON M
DPTR FM NORMAL 75 LOWEST SLP 29.63 ON 30
[REMARKS]
#FINAL-09-23#