000
CXUS55 KGJT 011959
CLMRIL
CLIMATE REPORT
NATIONAL WEATHER SERVICE GRAND JUNCTION CO
159 PM MDT SUN OCT 01 2023
...................................
...THE RIFLE CO CLIMATE SUMMARY FOR THE MONTH OF SEPTEMBER 2023...
CLIMATE NORMAL PERIOD 1991 TO 2020
CLIMATE RECORD PERIOD 9999 TO 9999
WEATHER OBSERVED NORMAL DEPART LAST YEAR`S
VALUE DATE(S) VALUE FROM VALUE DATE(S)
NORMAL
................................................................
TEMPERATURE (F)
HIGHEST 90 09/01 MM MM 100 09/06
09/06
09/09
LOWEST 34 09/24 MM MM 39 09/24
AVG. MAXIMUM 81.6 80.0 1.6 84.3
AVG. MINIMUM 45.8 45.0 0.8 48.7
MEAN 63.7 62.5 1.2 66.5
DAYS MAX >= 90 3 2.6 0.4 9
DAYS MAX <= 32 0 0.0 0.0 0
DAYS MIN <= 32 0 0.8 -0.8 0
DAYS MIN <= 0 0 0.0 0.0 0
PRECIPITATION (INCHES)
TOTALS 0.12 1.34 -1.22 2.42
DAILY AVG. 0.00 0.04 -0.04 0.08
DAYS >= .01 3 7.3 -4.3 9
DAYS >= .10 0 3.7 -3.7 4
DAYS >= .50 0 0.4 -0.4 2
DAYS >= 1.00 0 0.1 -0.1 1
GREATEST
24 HR. TOTAL 0.09 09/14 TO 09/14 1.02
SNOWFALL (INCHES)
TOTALS MM MM MM MM
SINCE 7/1 MM MM MM MM
SNOWDEPTH AVG. MM MM
DAYS >= 1.0 MM MM MM MM
GREATEST
SNOW DEPTH MM MM MM
24 HR TOTAL MM MM
DEGREE DAYS
HEATING TOTAL 69 113 -44 43
SINCE 7/1 69 118 -49 43
COOLING TOTAL 40 38 2 97
SINCE 1/1 706 631 75 855
................................................................
WIND (MPH)
AVERAGE WIND SPEED 5.5
HIGHEST WIND SPEED/DIRECTION 44/250 DATE 09/04
HIGHEST GUST SPEED/DIRECTION 59/130 DATE 09/30
SKY COVER
POSSIBLE SUNSHINE (PERCENT) MM
AVERAGE SKY COVER 0.11
NUMBER OF DAYS FAIR 28
NUMBER OF DAYS PC 2
NUMBER OF DAYS CLOUDY 0
AVERAGE RH (PERCENT) 41
WEATHER CONDITIONS. NUMBER OF DAYS WITH
THUNDERSTORM 10 MIXED PRECIP 0
HEAVY RAIN 0 RAIN 1
LIGHT RAIN 7 FREEZING RAIN 0
LT FREEZING RAIN 0 HAIL 0
HEAVY SNOW 0 SNOW 0
LIGHT SNOW 0 SLEET 0
FOG 0 FOG W/VIS <= 1/4 MILE 0
HAZE 2
- INDICATES NEGATIVE NUMBERS.
R INDICATES RECORD WAS SET OR TIED.
MM INDICATES DATA IS MISSING.
T INDICATES TRACE AMOUNT.
$$