000
CXUS54 KCRP 031536
CF6RKP
PRELIMINARY LOCAL CLIMATOLOGICAL DATA (WS FORM: F-6)
STATION: ROCKPORT
MONTH: MARCH
YEAR: 2024
LATITUDE: 28 4 N
LONGITUDE: 97 3 W
TEMPERATURE IN F: :PCPN: SNOW: WIND :SUNSHINE: SKY :PK WND
================================================================================
1 2 3 4 5 6A 6B 7 8 9 10 11 12 13 14 15 16 17 18
12Z AVG MX 2MIN
DY MAX MIN AVG DEP HDD CDD WTR SNW DPTH SPD SPD DIR MIN PSBL S-S WX SPD DR
================================================================================
1 63 51 57 -7 8 0 0.00 0.0 0 6.6 15 340 M M 7 18 19 330
2 69 50 60 -4 5 0 0.00 0.0 0 5.8 12 120 M M 7 18 15 110
3 73 63 68 4 0 3 0.00 0.0 0 6.9 13 130 M M 10 12 17 140
4 77 67 72 8 0 7 0.00 0.0 0 6.2 12 140 M M 9 12 18 150
5 90 67 79 15 0 14 0.00 0.0 0 6.4 17 120 M M 4 128 27 130
6 76 65 71 6 0 6 0.00 0.0 0 9.3 17 110 M M 5 128 23 100
7 76 67 72 7 0 7 0.00 0.0 0 11.3 17 110 M M 6 18 24 120
8 90 69 80 15 0 15 T 0.0 0 8.5 23 360 M M 5 18 33 20
9 70 53 62 -3 3 0 0.00 0.0 0 16.2 30 350 M M 1 39 340
10 66 51 59 -7 6 0 0.00 0.0 0 8.3 15 110 M M 1 22 70
11 73 57 65 -1 0 0 T 0.0 0 10.5 18 110 M M 6 23 100
12 78 63 71 5 0 6 0.00 0.0 0 9.2 16 140 M M 3 22 140
13 79 68 74 8 0 9 0.00 0.0 0 11.2 20 150 M M 8 18 29 140
14 77 71 74 8 0 9 0.00 0.0 0 11.7 17 130 M M 8 18 27 190
15 80 71 76 10 0 11 T 0.0 0 11.3 20 70 M M 9 138 26 60
16 83 68 76 9 0 11 0.07 0.0 0 12.2 37 130 M M 3 1238 49 160
17 76 63 70 3 0 5 0.84 0.0 0 10.9 37 10 M M 8 13 54 10
18 73 58 66 -1 0 1 0.00 0.0 0 15.1 28 40 M M 7 36 40
19 61 54 58 -9 7 0 0.03 0.0 0 8.1 15 40 M M 8 3 19 30
20 69 58 64 -4 1 0 T 0.0 0 9.0 17 90 M M 10 18 22 100
21 76 66 71 3 0 6 0.84 0.0 0 5.3 17 110 M M 9 123 25 110
22 86 63 75 7 0 10 0.00 0.0 0 7.8 18 30 M M 4 128 24 30
23 73 59 66 -2 0 1 0.00 0.0 0 10.5 20 40 M M 0 28 30
24 76 66 71 3 0 6 0.00 0.0 0 15.7 22 140 M M 6 8 32 120
25 86 64 75 6 0 10 0.00 0.0 0 11.1 22 150 M M 4 18 34 150
26 73 60 67 -2 0 2 0.00 0.0 0 11.2 24 360 M M 0 33 10
27 75 56 66 -3 0 1 0.00 0.0 0 10.0 17 360 M M 1 23 360
28 76 51 64 -5 1 0 0.00 0.0 0 9.9 18 140 M M 0 1 27 140
29 78 67 73 3 0 8 0.00 0.0 0 13.4 22 140 M M 0 33 130
30 79 68 74 4 0 9 0.00 0.0 0 11.8 18 120 M M 3 18 26 140
31 80 71 76 6 0 11 0.00 0.0 0 11.6 20 140 M M 8 18 29 130
================================================================================
SM 2357 1925 31 168 1.78 0.0 313.0 M 160
================================================================================
AV 76.0 62.1 10.1 FASTST M M 5 MAX(MPH)
MISC ----> # 37 130 54 10
================================================================================
NOTES:
# LAST OF SEVERAL OCCURRENCES
COLUMN 17 PEAK WIND IN M.P.H.
PRELIMINARY LOCAL CLIMATOLOGICAL DATA (WS FORM: F-6) , PAGE 2
STATION: ROCKPORT
MONTH: MARCH
YEAR: 2024
LATITUDE: 28 4 N
LONGITUDE: 97 3 W
[TEMPERATURE DATA] [PRECIPITATION DATA] SYMBOLS USED IN COLUMN 16
AVERAGE MONTHLY: 69.1 TOTAL FOR MONTH: 1.78 1 = FOG OR MIST
DPTR FM NORMAL: 2.3 DPTR FM NORMAL: -0.17 2 = FOG REDUCING VISIBILITY
HIGHEST: 90 ON 8, 5 GRTST 24HR 0.87 ON 16-17 TO 1/4 MILE OR LESS
LOWEST: 50 ON 2 3 = THUNDER
SNOW, ICE PELLETS, HAIL 4 = ICE PELLETS
TOTAL MONTH: 0.0 INCH 5 = HAIL
GRTST 24HR 0.0 6 = FREEZING RAIN OR DRIZZLE
GRTST DEPTH: 0 7 = DUSTSTORM OR SANDSTORM:
VSBY 1/2 MILE OR LESS
8 = SMOKE OR HAZE
[NO. OF DAYS WITH] [WEATHER - DAYS WITH] 9 = BLOWING SNOW
X = TORNADO
MAX 32 OR BELOW: 0 0.01 INCH OR MORE: 4
MAX 90 OR ABOVE: 2 0.10 INCH OR MORE: 2
MIN 32 OR BELOW: 0 0.50 INCH OR MORE: 2
MIN 0 OR BELOW: 0 1.00 INCH OR MORE: 0
[HDD (BASE 65) ]
TOTAL THIS MO. 31 CLEAR (SCALE 0-3) 8
DPTR FM NORMAL -37 PTCLDY (SCALE 4-7) 13
TOTAL FM JUL 1 680 CLOUDY (SCALE 8-10) 10
DPTR FM NORMAL -135
[CDD (BASE 65) ]
TOTAL THIS MO. 168
DPTR FM NORMAL 44 [PRESSURE DATA]
TOTAL FM JAN 1 228 HIGHEST SLP 30.31 ON 10
DPTR FM NORMAL 32 LOWEST SLP 29.45 ON 25
[REMARKS]
#FINAL-03-24#