000
CXUS54 KCRP 011210
CF6RKP
PRELIMINARY LOCAL CLIMATOLOGICAL DATA (WS FORM: F-6)
STATION: ROCKPORT
MONTH: JUNE
YEAR: 2021
LATITUDE: 28 4 N
LONGITUDE: 97 3 W
TEMPERATURE IN F: :PCPN: SNOW: WIND :SUNSHINE: SKY :PK WND
================================================================================
1 2 3 4 5 6A 6B 7 8 9 10 11 12 13 14 15 16 17 18
12Z AVG MX 2MIN
DY MAX MIN AVG DEP HDD CDD WTR SNW DPTH SPD SPD DIR MIN PSBL S-S WX SPD DR
================================================================================
1 87 70 79 -4 0 14 0.52 0.0 0 8.8 31 110 M M 2 13 40 300
2 87 72 80 -3 0 15 0.00 0.0 0 6.6 16 140 M M 1 1 20 140
3 87 71 79 -4 0 14 1.29 0.0 0 9.9 23 110 M M 5 1238 34 290
4 84 71 78 -5 0 13 T 0.0 0 5.0 20 130 M M 2 1 24 120
5 86 71 79 -4 0 14 T 0.0 0 7.5 17 150 M M 3 13 23 140
6 88 78 83 0 0 18 0.00 0.0 0 11.0 18 150 M M 3 18 25 150
7 88 82 85 1 0 20 0.00 0.0 0 13.8 22 160 M M 8 18 35 140
8 89 81 85 1 0 20 0.00 0.0 0 12.6 18 140 M M 6 18 28 170
9 89 82 86 2 0 21 0.00 0.0 0 11.2 18 140 M M 6 18 25 180
10 89 81 85 1 0 20 0.00 0.0 0 10.3 18 140 M M 5 18 24 150
11 90 81 86 2 0 21 0.00 0.0 M 11.3 17 150 M M 3 23 170
12 90 81 86 2 0 21 0.00 0.0 M 8.9 15 130 M M 2 18 20 140
13 93 74 84 0 0 19 0.00 0.0 0 4.9 13 130 M M 0 18 16 160
14 96 75 86 2 0 21 0.00 0.0 0 5.8 28 20 M M 0 13 33 30
15 91 73 82 -2 0 17 0.02 0.0 0 7.1 24 80 M M 1 1 32 70
16 90 75 83 -1 0 18 0.00 0.0 M 8.2 16 20 M M 0 21 10
17 92 74 83 -1 0 18 0.00 0.0 M 8.8 18 100 M M 0 18 21 100
18 90 78 84 0 0 19 0.00 0.0 M 9.1 14 120 M M 1 18 120
19 91 75 83 -2 0 18 0.00 0.0 M 7.9 16 140 M M 1 18 23 130
20 91 83 87 2 0 22 T 0.0 0 11.4 20 150 M M 3 8 29 170
21 92 85 89 4 0 24 T 0.0 M 13.5 21 150 M M 6 18 29 160
22 90 76 83 -2 0 18 0.04 0.0 M 10.0 24 40 M M 3 138 30 40
23 91 75 83 -2 0 18 0.47 0.0 M 9.3 18 180 M M 2 138 26 180
24 92 83 88 3 0 23 0.00 0.0 0 11.6 18 150 M M 2 18 24 140
25 92 83 88 3 0 23 0.00 0.0 0 13.2 20 150 M M 2 8 29 150
26 91 82 87 2 0 22 T 0.0 0 12.9 20 140 M M 2 18 28 160
27 91 82 87 2 0 22 0.00 0.0 0 9.4 17 150 M M 2 3 23 150
28 85 75 80 -5 0 15 0.05 0.0 0 8.3 20 130 M M 3 138 25 170
29 88 77 83 -2 0 18 0.04 0.0 0 11.2 20 150 M M 4 18 27 150
30 89 78 84 -1 0 19 0.22 0.0 0 10.2 22 100 M M 2 18 26 100
================================================================================
SM 2689 2324 0 565 2.65 0.0 289.7 M 80
================================================================================
AV 89.6 77.5 9.7 FASTST M M 3 MAX(MPH)
MISC ----> 31 110 40 300
================================================================================
NOTES:
# LAST OF SEVERAL OCCURRENCES
COLUMN 17 PEAK WIND IN M.P.H.
PRELIMINARY LOCAL CLIMATOLOGICAL DATA (WS FORM: F-6) , PAGE 2
STATION: ROCKPORT
MONTH: JUNE
YEAR: 2021
LATITUDE: 28 4 N
LONGITUDE: 97 3 W
[TEMPERATURE DATA] [PRECIPITATION DATA] SYMBOLS USED IN COLUMN 16
AVERAGE MONTHLY: 83.6 TOTAL FOR MONTH: 2.65 1 = FOG OR MIST
DPTR FM NORMAL: -0.6 DPTR FM NORMAL: -1.25 2 = FOG REDUCING VISIBILITY
HIGHEST: 96 ON 14 GRTST 24HR 1.29 ON 3- 3 TO 1/4 MILE OR LESS
LOWEST: 70 ON 1 3 = THUNDER
SNOW, ICE PELLETS, HAIL 4 = ICE PELLETS
TOTAL MONTH: 0.0 INCH 5 = HAIL
GRTST 24HR 0.0 6 = FREEZING RAIN OR DRIZZLE
GRTST DEPTH: 0 7 = DUSTSTORM OR SANDSTORM:
VSBY 1/2 MILE OR LESS
8 = SMOKE OR HAZE
[NO. OF DAYS WITH] [WEATHER - DAYS WITH] 9 = BLOWING SNOW
X = TORNADO
MAX 32 OR BELOW: 0 0.01 INCH OR MORE: 8
MAX 90 OR ABOVE: 17 0.10 INCH OR MORE: 4
MIN 32 OR BELOW: 0 0.50 INCH OR MORE: 2
MIN 0 OR BELOW: 0 1.00 INCH OR MORE: 1
[HDD (BASE 65) ]
TOTAL THIS MO. 0 CLEAR (SCALE 0-3) 20
DPTR FM NORMAL 0 PTCLDY (SCALE 4-7) 9
TOTAL FM JUL 1 773 CLOUDY (SCALE 8-10) 1
DPTR FM NORMAL -53
[CDD (BASE 65) ]
TOTAL THIS MO. 565
DPTR FM NORMAL -9 [PRESSURE DATA]
TOTAL FM JAN 1 1424 HIGHEST SLP 30.11 ON 1
DPTR FM NORMAL -38 LOWEST SLP 29.72 ON 6
[REMARKS]
#FINAL-06-21#