000
CXUS54 KCRP 020309
CF6RKP
PRELIMINARY LOCAL CLIMATOLOGICAL DATA (WS FORM: F-6)
STATION: ROCKPORT
MONTH: DECEMBER
YEAR: 2020
LATITUDE: 28 4 N
LONGITUDE: 97 3 W
TEMPERATURE IN F: :PCPN: SNOW: WIND :SUNSHINE: SKY :PK WND
================================================================================
1 2 3 4 5 6A 6B 7 8 9 10 11 12 13 14 15 16 17 18
12Z AVG MX 2MIN
DY MAX MIN AVG DEP HDD CDD WTR SNW DPTH SPD SPD DIR MIN PSBL S-S WX SPD DR
================================================================================
1 69 37 53 -9 12 0 0.00 0.0 0 5.8 13 160 M M 1 18 180
2 79 58 69 7 0 4 T 0.0 0 8.1 26 360 M M 6 1 35 10
3 59 45 52 -9 13 0 0.00 0.0 0 15.8 29 350 M M 5 35 350
4 59 42 51 -10 14 0 0.00 0.0 0 8.1 17 10 M M 3 22 10
5 58 40 49 -12 16 0 0.06 0.0 0 8.2 17 320 M M 8 1 20 320
6 66 45 56 -4 9 0 T M 0 5.9 13 320 M M 2 1 17 320
7 72 47 60 0 5 0 0.00 0.0 0 6.9 12 330 M M 0 15 350
8 75 40 58 -2 7 0 0.00 0.0 0 5.7 10 140 M M 0 12 13 140
9 78 45 62 2 3 0 0.00 0.0 0 5.8 10 250 M M 0 16 200
10 77 60 69 9 0 4 0.00 0.0 0 8.3 15 170 M M 0 22 160
11 79 65 72 13 0 7 0.00 0.0 0 7.0 14 180 M M 2 18 20 160
12 71 55 63 4 2 0 0.00 0.0 0 8.5 17 30 M M 6 128 22 20
13 81 48 65 6 0 0 T 0.0 0 12.9 36 350 M M 6 18 44 350
14 53 42 48 -11 17 0 0.00 0.0 0 11.2 28 350 M M 5 39 350
15 69 45 57 -1 8 0 0.00 0.0 0 6.9 13 350 M M 4 12 16 350
16 62 45 54 -4 11 0 0.00 0.0 0 11.5 20 340 M M 1 12 25 340
17 61 40 51 -7 14 0 0.00 0.0 0 7.9 14 80 M M 0 1 17 60
18 69 50 60 2 5 0 0.00 0.0 0 8.5 14 140 M M 7 18 130
19 74 57 66 8 0 1 0.34 0.0 0 7.4 17 20 M M 6 1 24 30
20 71 44 58 0 7 0 0.00 0.0 0 4.9 9 40 M M 0 12 11 160
21 74 46 60 3 5 0 0.00 0.0 0 5.1 12 180 M M 2 12 17 160
22 75 57 66 9 0 1 0.00 0.0 0 8.8 15 130 M M 5 19 120
23 78 59 69 12 0 4 0.00 0.0 0 8.1 28 360 M M 5 18 37 360
24 59 40 50 -7 15 0 0.00 0.0 M 16.0 36 350 M M 1 43 350
25 70 40 55 -2 10 0 0.00 0.0 0 6.3 12 280 M M 0 17 280
26 70 43 57 0 8 0 0.00 0.0 0 5.3 8 110 M M 0 10 290
27 76 54 65 8 0 0 0.00 0.0 M 7.7 15 170 M M 0 1 22 190
28 76 61 69 12 0 4 0.00 0.0 M 10.5 18 130 M M 2 1 24 120
29 74 60 67 11 0 2 0.01 0.0 M 12.1 21 140 M M 5 18 28 150
30 78 53 66 10 0 1 1.15 0.0 M 11.4 25 350 M M 5 138 30 350
31 55 43 49 -7 16 0 0.46 M M 16.3 26 310 M M 7 138 37 290
================================================================================
SM 2167 1506 197 28 2.02 0.0 272.9 M 94
================================================================================
AV 69.9 48.6 8.8 FASTST M M 3 MAX(MPH)
MISC ----> # 36 350 44 350
================================================================================
NOTES:
# LAST OF SEVERAL OCCURRENCES
COLUMN 17 PEAK WIND IN M.P.H.
PRELIMINARY LOCAL CLIMATOLOGICAL DATA (WS FORM: F-6) , PAGE 2
STATION: ROCKPORT
MONTH: DECEMBER
YEAR: 2020
LATITUDE: 28 4 N
LONGITUDE: 97 3 W
[TEMPERATURE DATA] [PRECIPITATION DATA] SYMBOLS USED IN COLUMN 16
AVERAGE MONTHLY: 59.2 TOTAL FOR MONTH: 2.02 1 = FOG OR MIST
DPTR FM NORMAL: 0.6 DPTR FM NORMAL: 0.25 2 = FOG REDUCING VISIBILITY
HIGHEST: 81 ON 13 GRTST 24HR 1.61 ON 30-31 TO 1/4 MILE OR LESS
LOWEST: 37 ON 1 3 = THUNDER
SNOW, ICE PELLETS, HAIL 4 = ICE PELLETS
TOTAL MONTH: 0.0 INCH 5 = HAIL
GRTST 24HR 0.0 6 = FREEZING RAIN OR DRIZZLE
GRTST DEPTH: 0 7 = DUSTSTORM OR SANDSTORM:
VSBY 1/2 MILE OR LESS
8 = SMOKE OR HAZE
[NO. OF DAYS WITH] [WEATHER - DAYS WITH] 9 = BLOWING SNOW
X = TORNADO
MAX 32 OR BELOW: 0 0.01 INCH OR MORE: 5
MAX 90 OR ABOVE: 0 0.10 INCH OR MORE: 3
MIN 32 OR BELOW: 0 0.50 INCH OR MORE: 1
MIN 0 OR BELOW: 0 1.00 INCH OR MORE: 1
[HDD (BASE 65) ]
TOTAL THIS MO. 197 CLEAR (SCALE 0-3) 17
DPTR FM NORMAL -42 PTCLDY (SCALE 4-7) 13
TOTAL FM JUL 1 254 CLOUDY (SCALE 8-10) 1
DPTR FM NORMAL -71
[CDD (BASE 65) ]
TOTAL THIS MO. 28
DPTR FM NORMAL -11 [PRESSURE DATA]
TOTAL FM JAN 1 4025 HIGHEST SLP 30.46 ON 24
DPTR FM NORMAL 363 LOWEST SLP 29.64 ON 31
[REMARKS]
#FINAL-12-20#