002
CXUS54 KCRP 011300
CF6RKP
PRELIMINARY LOCAL CLIMATOLOGICAL DATA (WS FORM: F-6)
STATION: ROCKPORT
MONTH: MAY
YEAR: 2020
LATITUDE: 28 4 N
LONGITUDE: 97 3 W
TEMPERATURE IN F: :PCPN: SNOW: WIND :SUNSHINE: SKY :PK WND
================================================================================
1 2 3 4 5 6A 6B 7 8 9 10 11 12 13 14 15 16 17 18
12Z AVG MX 2MIN
DY MAX MIN AVG DEP HDD CDD WTR SNW DPTH SPD SPD DIR MIN PSBL S-S WX SPD DR
================================================================================
1 86 73 80 4 0 15 0.00 0.0 0 12.7 18 140 M M 0 25 150
2 87 76 82 6 0 17 0.00 0.0 0 13.7 22 140 M M 4 27 140
3 88 77 83 7 0 18 0.00 0.0 0 11.6 20 140 M M 4 25 140
4 88 78 83 7 0 18 0.00 0.0 0 11.5 18 140 M M 6 8 24 150
5 91 77 84 7 0 19 0.00 0.0 0 9.2 17 120 M M 5 8 21 170
6 86 75 81 4 0 16 0.00 0.0 0 14.7 22 100 M M 5 27 100
7 87 75 81 4 0 16 0.00 0.0 0 15.9 23 140 M M 6 31 140
8 92 74 83 6 0 18 T 0.0 0 15.8 29 40 M M 5 38 37 40
9 78 65 72 -6 0 7 0.01 0.0 0 14.0 25 320 M M 4 3 31 320
10 84 67 76 -2 0 11 0.00 0.0 0 12.8 17 50 M M 3 21 50
11 86 72 79 1 0 14 0.00 0.0 0 13.8 22 130 M M 4 28 130
12 89 69 79 1 0 14 0.34 0.0 0 13.5 23 160 M M 4 38 37 160
13 88 79 84 6 0 19 0.00 0.0 0 16.0 20 120 M M 2 22 150
14 88 71 80 2 0 15 1.59 0.0 0 9.1 20 140 M M 3 138 23 140
15 89 79 84 5 0 19 0.00 0.0 0 13.2 22 110 M M 9 8 28 100
16 M M M M M M 1.18 M 0 8.4 23 360 M M 6 38 41 360
17 90 70 80 1 0 15 0.00 0.0 0 7.0 14 340 M M 0 18 17 340
18 92 70 81 2 0 16 0.00 0.0 0 6.4 14 140 M M 0 128 19 140
19 91 78 85 5 0 20 0.00 0.0 0 12.4 18 170 M M 2 8 26 190
20 90 80 85 5 0 20 0.00 0.0 0 13.6 22 140 M M 6 8 29 130
21 90 78 84 4 0 19 0.00 0.0 0 12.6 25 150 M M 3 8 37 150
22 M M M M M M 0.00 0.0 0 14.4 17 140 M M 7 8 24 140
23 M M M M M M 0.00 0.0 0 14.5 17 130 M M 2 24 130
24 92 68 80 -1 0 15 0.62 0.0 0 15.1 30 140 M M 5 38 40 300
25 86 68 77 -4 0 12 0.32 0.0 0 10.1 26 110 M M 4 13 33 100
26 88 72 80 -1 0 15 0.26 0.0 0 8.4 28 350 M M 3 3 35 350
27 88 72 80 -1 0 15 0.00 0.0 0 10.3 24 30 M M 1 13 29 30
28 90 68 79 -2 0 14 0.44 0.0 0 11.3 33 360 M M 2 138 40 350
29 90 75 83 1 0 18 0.00 0.0 0 7.5 17 360 M M 2 21 360
30 88 75 82 0 0 17 0.00 0.0 0 9.6 16 100 M M 3 20 110
31 85 72 79 -3 0 14 0.46 0.0 0 10.6 21 90 M M 5 138 27 100
================================================================================
SM 2467 2053 0 446 5.22 0.0 369.7 M 115
================================================================================
AV 88.1 73.3 11.9 FASTST M M 4 MAX(MPH)
MISC ----> # 33 360 # 41 360
================================================================================
NOTES:
# LAST OF SEVERAL OCCURRENCES
COLUMN 17 PEAK WIND IN M.P.H.
PRELIMINARY LOCAL CLIMATOLOGICAL DATA (WS FORM: F-6) , PAGE 2
STATION: ROCKPORT
MONTH: MAY
YEAR: 2020
LATITUDE: 28 4 N
LONGITUDE: 97 3 W
[TEMPERATURE DATA] [PRECIPITATION DATA] SYMBOLS USED IN COLUMN 16
AVERAGE MONTHLY: 80.7 TOTAL FOR MONTH: 5.22 1 = FOG OR MIST
DPTR FM NORMAL: 1.8 DPTR FM NORMAL: 1.69 2 = FOG REDUCING VISIBILITY
HIGHEST: 92 ON 24,18 GRTST 24HR 1.59 ON 14-14 TO 1/4 MILE OR LESS
LOWEST: 65 ON 9 3 = THUNDER
SNOW, ICE PELLETS, HAIL 4 = ICE PELLETS
TOTAL MONTH: 0.0 INCH 5 = HAIL
GRTST 24HR 0.0 6 = FREEZING RAIN OR DRIZZLE
GRTST DEPTH: 0 7 = DUSTSTORM OR SANDSTORM:
VSBY 1/2 MILE OR LESS
8 = SMOKE OR HAZE
[NO. OF DAYS WITH] [WEATHER - DAYS WITH] 9 = BLOWING SNOW
X = TORNADO
MAX 32 OR BELOW: 0 0.01 INCH OR MORE: 9
MAX 90 OR ABOVE: 10 0.10 INCH OR MORE: 8
MIN 32 OR BELOW: 0 0.50 INCH OR MORE: 3
MIN 0 OR BELOW: 0 1.00 INCH OR MORE: 2
[HDD (BASE 65) ]
TOTAL THIS MO. 0 CLEAR (SCALE 0-3) 13
DPTR FM NORMAL 0 PTCLDY (SCALE 4-7) 17
TOTAL FM JUL 1 592 CLOUDY (SCALE 8-10) 1
DPTR FM NORMAL -284
[CDD (BASE 65) ]
TOTAL THIS MO. 446
DPTR FM NORMAL 15 [PRESSURE DATA]
TOTAL FM JAN 1 1211 HIGHEST SLP 30.20 ON 10
DPTR FM NORMAL 396 LOWEST SLP 29.62 ON 16
[REMARKS]
#FINAL-05-20#