000
CXUS52 KFFC 011010
CF6RMG
PRELIMINARY LOCAL CLIMATOLOGICAL DATA (WS FORM: F-6)
STATION: ROME
MONTH: MAY
YEAR: 2023
LATITUDE: 34 20 N
LONGITUDE: 85 10 W
TEMPERATURE IN F: :PCPN: SNOW: WIND :SUNSHINE: SKY :PK WND
================================================================================
1 2 3 4 5 6A 6B 7 8 9 10 11 12 13 14 15 16 17 18
12Z AVG MX 2MIN
DY MAX MIN AVG DEP HDD CDD WTR SNW DPTH SPD SPD DIR MIN PSBL S-S WX SPD DR
================================================================================
1 69 40 55 -11 10 0 0.00 M M 7.5 22 270 M M 0 35 270
2 72 41 57 -9 8 0 0.00 M M 9.8 26 290 M M 1 49 300
3 72 39 56 -10 9 0 0.00 M M 5.8 18 300 M M 0 28 330
4 75 41 58 -8 7 0 0.00 M M 0.9 10 330 M M 0 19 10
5 64 52 58 -9 7 0 0.02 M M 2.5 10 110 M M 8 12 100
6 78 56 67 0 0 2 0.00 M M 3.9 15 160 M M 8 8 21 100
7 86 56 71 4 0 6 0.25 M M 4.3 23 360 M M 2 13 30 10
8 82 63 73 6 0 8 0.29 M M 4.1 18 30 M M 5 13 23 20
9 87 66 77 9 0 12 0.01 M M 4.3 15 170 M M 4 138 24 240
10 85 61 73 5 0 8 0.00 M M 2.8 13 170 M M 1 17 170
11 79 67 73 5 0 8 0.00 M M 5.4 16 120 M M 3 23 110
12 80 65 73 5 0 8 0.02 M M 3.2 10 230 M M 5 14 270
13 86 61 74 5 0 9 0.00 M M 2.0 9 330 M M 4 12 13 20
14 89 64 77 8 0 12 0.00 M M 3.9 14 40 M M 1 1 18 20
15 86 65 76 7 0 11 0.01 M M 3.0 14 130 M M 3 3 17 320
16 87 66 77 7 0 12 0.50 M M 3.9 20 300 M M 5 1238 27 300
17 80 64 72 2 0 7 0.08 M M 4.1 10 350 M M 6 13 14 20
18 74 61 68 -2 0 3 0.00 M M 8.9 20 90 M M 7 28 90
19 77 63 70 0 0 5 0.00 M M 5.2 16 110 M M 9 24 100
20 74 62 68 -3 0 3 0.23 M M 3.8 18 50 M M 9 1 23 50
21 82 62 72 1 0 7 0.00 M M 6.4 14 360 M M 4 18 18 360
22 80 64 72 1 0 7 0.00 M M 5.4 17 130 M M 5 26 80
23 74 63 69 -3 0 4 0.04 M M 4.9 14 100 M M 8 18 100
24 82 58 70 -2 0 5 0.00 M M 3.5 13 10 M M 1 16 20
25 83 57 70 -2 0 5 0.00 M M 2.7 12 60 M M 3 17 40
26 81 57 69 -3 0 4 0.00 M M 5.3 15 120 M M 2 24 120
27 81 57 69 -3 0 4 0.00 M M 5.4 14 90 M M 4 20 130
28 80 50 65 -8 0 0 0.00 M M 4.5 14 320 M M 1 20 350
29 75 56 66 -7 0 1 0.00 M M 5.6 14 350 M M 7 19 300
30 85 55 70 -3 0 5 0.00 M M 3.6 13 110 M M 3 1 19 90
31 83 62 73 -1 0 8 T M M 5.0 15 100 M M 4 19 100
================================================================================
SM 2468 1794 41 164 1.45 M 141.6 M 123
================================================================================
AV 79.6 57.9 4.6 FASTST M M 4 MAX(MPH)
MISC ----> 26 290 49 300
================================================================================
NOTES:
# LAST OF SEVERAL OCCURRENCES
COLUMN 17 PEAK WIND IN M.P.H.
PRELIMINARY LOCAL CLIMATOLOGICAL DATA (WS FORM: F-6) , PAGE 2
STATION: ROME
MONTH: MAY
YEAR: 2023
LATITUDE: 34 20 N
LONGITUDE: 85 10 W
[TEMPERATURE DATA] [PRECIPITATION DATA] SYMBOLS USED IN COLUMN 16
AVERAGE MONTHLY: 68.7 TOTAL FOR MONTH: 1.45 1 = FOG OR MIST
DPTR FM NORMAL: -0.8 DPTR FM NORMAL: -2.33 2 = FOG REDUCING VISIBILITY
HIGHEST: 89 ON 14 GRTST 24HR 0.58 ON 16-17 TO 1/4 MILE OR LESS
LOWEST: 39 ON 3 3 = THUNDER
SNOW, ICE PELLETS, HAIL 4 = ICE PELLETS
TOTAL MONTH: M 5 = HAIL
GRTST 24HR M ON M 6 = FREEZING RAIN OR DRIZZLE
GRTST DEPTH: M ON M 7 = DUSTSTORM OR SANDSTORM:
VSBY 1/2 MILE OR LESS
8 = SMOKE OR HAZE
[NO. OF DAYS WITH] [WEATHER - DAYS WITH] 9 = BLOWING SNOW
X = TORNADO
MAX 32 OR BELOW: 0 0.01 INCH OR MORE: 10
MAX 90 OR ABOVE: 0 0.10 INCH OR MORE: 4
MIN 32 OR BELOW: 0 0.50 INCH OR MORE: 1
MIN 0 OR BELOW: 0 1.00 INCH OR MORE: 0
[HDD (BASE 65) ]
TOTAL THIS MO. 41 CLEAR (SCALE 0-3) 13
DPTR FM NORMAL 11 PTCLDY (SCALE 4-7) 15
TOTAL FM JUL 1 2371 CLOUDY (SCALE 8-10) 3
DPTR FM NORMAL -601
[CDD (BASE 65) ]
TOTAL THIS MO. 164
DPTR FM NORMAL -7 [PRESSURE DATA]
TOTAL FM JAN 1 234 HIGHEST SLP 30.22 ON 6
DPTR FM NORMAL 10 LOWEST SLP 29.67 ON 1
[REMARKS]
#FINAL-05-23#