000
CXUS52 KFFC 011010
CF6RMG
PRELIMINARY LOCAL CLIMATOLOGICAL DATA (WS FORM: F-6)
STATION: ROME
MONTH: MARCH
YEAR: 2021
LATITUDE: 34 20 N
LONGITUDE: 85 10 W
TEMPERATURE IN F: :PCPN: SNOW: WIND :SUNSHINE: SKY :PK WND
================================================================================
1 2 3 4 5 6A 6B 7 8 9 10 11 12 13 14 15 16 17 18
12Z AVG MX 2MIN
DY MAX MIN AVG DEP HDD CDD WTR SNW DPTH SPD SPD DIR MIN PSBL S-S WX SPD DR
================================================================================
1 71 47 59 11 6 0 0.74 M M 6.9 25 320 M M 9 1 37 320
2 51 43 47 -1 18 0 0.00 M M 7.7 16 360 M M 3 21 360
3 66 40 53 5 12 0 0.00 M M 4.7 15 360 M M 3 21 10
4 72 33 53 4 12 0 0.00 M M 4.1 18 360 M M 0 26 360
5 64 39 52 3 13 0 0.00 M M 8.1 20 10 M M 2 30 350
6 60 41 51 2 14 0 0.00 M M 8.1 17 10 M M 6 21 360
7 63 28 46 -4 19 0 0.00 M M 6.3 17 10 M M 0 8 26 40
8 71 28 50 0 15 0 0.00 M M 1.1 9 260 M M 0 8 16 220
9 72 31 52 2 13 0 0.00 M M 1.9 13 180 M M 0 18 200
10 75 34 55 5 10 0 0.00 M M 3.2 17 180 M M 0 8 24 190
11 76 44 60 9 5 0 0.00 M M 2.7 13 180 M M 0 8 20 210
12 79 46 63 12 2 0 0.00 M M 3.3 15 260 M M 2 24 240
13 75 52 64 13 1 0 0.00 M M 2.8 10 50 M M 4 1 14 50
14 80 52 66 14 0 1 0.00 M M 2.9 13 40 M M 2 17 20
15 69 55 62 10 3 0 0.34 M M 7.8 23 130 M M 8 13 36 120
16 55 49 52 0 13 0 1.55 M M 4.4 13 130 M M 10 13 17 120
17 60 51 56 4 9 0 1.04 M M 4.6 16 140 M M 10 138 25 140
18 70 47 59 6 6 0 T M M 9.0 23 230 M M 8 138 35 280
19 59 46 53 0 12 0 T M M 8.7 17 10 M M 10 8 22 310
20 63 43 53 0 12 0 0.00 M M 6.2 18 100 M M 1 28 80
21 68 39 54 0 11 0 T M M 4.5 14 120 M M 7 8 21 130
22 74 41 58 4 7 0 0.00 M M 3.6 13 50 M M 0 17 140
23 65 58 62 8 3 0 0.02 M M 7.8 21 130 M M 6 35 120
24 79 54 67 13 0 2 0.00 M M 4.1 15 170 M M 4 24 160
25 70 59 65 10 0 0 4.40 M M 5.8 18 320 M M 9 13 29 170
26 80 59 70 15 0 5 0.01 M M 3.5 13 260 M M 5 18 250
27 86 58 72 17 0 7 0.00 M M 3.8 16 220 M M 6 25 250
28 75 52 64 9 1 0 0.55 0.0 M 10.1 28 270 M M 6 13 43 270
29 69 40 55 -1 10 0 0.00 0.0 M 5.1 18 40 M M 0 25 40
30 78 42 60 4 5 0 0.00 0.0 M 6.9 17 170 M M 5 27 180
31 68 43 56 0 9 0 1.61 0.0 M 6.8 22 350 M M 10 13 32 10
================================================================================
SM 2163 1394 241 15 10.26 0.0 166.5 M 136
================================================================================
AV 69.8 45.0 5.4 FASTST M M 4 MAX(MPH)
MISC ----> 28 270 43 270
================================================================================
NOTES:
# LAST OF SEVERAL OCCURRENCES
COLUMN 17 PEAK WIND IN M.P.H.
PRELIMINARY LOCAL CLIMATOLOGICAL DATA (WS FORM: F-6) , PAGE 2
STATION: ROME
MONTH: MARCH
YEAR: 2021
LATITUDE: 34 20 N
LONGITUDE: 85 10 W
[TEMPERATURE DATA] [PRECIPITATION DATA] SYMBOLS USED IN COLUMN 16
AVERAGE MONTHLY: 57.4 TOTAL FOR MONTH: 10.26 1 = FOG OR MIST
DPTR FM NORMAL: 5.3 DPTR FM NORMAL: 5.31 2 = FOG REDUCING VISIBILITY
HIGHEST: 86 ON 27 GRTST 24HR 4.41 ON 25-26 TO 1/4 MILE OR LESS
LOWEST: 28 ON 8, 7 3 = THUNDER
SNOW, ICE PELLETS, HAIL 4 = ICE PELLETS
TOTAL MONTH: 0.0 INCH 5 = HAIL
GRTST 24HR 0.0 6 = FREEZING RAIN OR DRIZZLE
GRTST DEPTH: M ON M 7 = DUSTSTORM OR SANDSTORM:
VSBY 1/2 MILE OR LESS
8 = SMOKE OR HAZE
[NO. OF DAYS WITH] [WEATHER - DAYS WITH] 9 = BLOWING SNOW
X = TORNADO
MAX 32 OR BELOW: 0 0.01 INCH OR MORE: 9
MAX 90 OR ABOVE: 0 0.10 INCH OR MORE: 7
MIN 32 OR BELOW: 3 0.50 INCH OR MORE: 6
MIN 0 OR BELOW: 0 1.00 INCH OR MORE: 4
[HDD (BASE 65) ]
TOTAL THIS MO. 241 CLEAR (SCALE 0-3) 13
DPTR FM NORMAL -164 PTCLDY (SCALE 4-7) 11
TOTAL FM JUL 1 2431 CLOUDY (SCALE 8-10) 7
DPTR FM NORMAL -596
[CDD (BASE 65) ]
TOTAL THIS MO. 15
DPTR FM NORMAL 11 [PRESSURE DATA]
TOTAL FM JAN 1 20 HIGHEST SLP 30.57 ON 8
DPTR FM NORMAL 16 LOWEST SLP 29.65 ON 18
[REMARKS]
#FINAL-03-21#