000
CXUS54 KLZK 121344
CF6RUE
PRELIMINARY LOCAL CLIMATOLOGICAL DATA (WS FORM: F-6)
STATION: RUSSELLVILLE
MONTH: JUNE
YEAR: 2021
LATITUDE: 35 15 N
LONGITUDE: 93 6 W
TEMPERATURE IN F: :PCPN: SNOW: WIND :SUNSHINE: SKY :PK WND
================================================================================
1 2 3 4 5 6A 6B 7 8 9 10 11 12 13 14 15 16 17 18
12Z AVG MX 2MIN
DY MAX MIN AVG DEP HDD CDD WTR SNW DPTH SPD SPD DIR MIN PSBL S-S WX SPD DR
================================================================================
1 68 60 64 -10 1 0 1.05 M M 3.6 10 70 M M 10 1 14 80
2 76 62 69 -6 0 4 T M M 5.5 15 290 M M 8 1 21 290
3 84 60 72 -3 0 7 0.00 M M 2.3 10 300 M M 4 1 14 320
4 85 61 73 -2 0 8 0.00 M M 1.3 7 150 M M 0 1 10 150
5 77 62 70 -6 0 5 T M M 2.8 10 110 M M 5 1 15 150
6 84 65 75 -1 0 10 0.30 M M 3.2 23 280 M M 7 13 31 290
7 79 65 72 -4 0 7 0.22 M M 3.5 9 70 M M 8 13 16 130
8 81 68 75 -1 0 10 0.03 M M 1.9 8 210 M M 7 10 180
9 91 71 81 4 0 16 0.13 M M 1.9 10 70 M M 7 13 15 80
10 93 70 82 5 0 17 0.04 M M 2.3 12 250 M M 3 123 15 250
11 92 71 82 5 0 17 0.00 M M 3.0 12 190 M M 2 1 16 180
12 95 74 85 8 0 20 0.00 M M 1.9 8 240 M M 2 1 10 330
13 95 71 83 5 0 18 0.00 M M 4.5 14 40 M M 2 20 50
14 94 64 79 1 0 14 0.00 M M 1.2 8 30 M M 0 11 60
15 94 66 80 2 0 15 0.00 M M 2.0 6 99 M M 1 M M
16 93 70 82 4 0 17 0.00 M M 2.2 9 60 M M 2 11 60
17 96 73 85 7 0 20 0.00 M M 1.8 8 170 M M 1 10 310
18 93 71 82 3 0 17 0.00 M M 2.7 10 200 M M 0 21 200
19 91 66 79 0 0 14 0.00 M M 1.8 10 200 M M 0 1 15 210
20 94 69 82 3 0 17 0.00 M M 4.9 15 210 M M 1 21 250
21 83 61 72 -7 0 7 0.64 M M 3.5 20 20 M M 5 13 30 10
22 81 57 69 -10 0 4 0.00 M M 2.0 9 120 M M 0 1 14 90
23 86 56 71 -9 0 6 0.00 M M 1.8 8 150 M M 2 12 140
24 92 73 83 3 0 18 0.00 M M 2.9 12 170 M M 5 15 170
25 92 74 83 3 0 18 0.00 M M 3.8 14 190 M M 3 23 200
26 92 78 85 5 0 20 T M M 4.4 15 180 M M 5 19 170
27 90 73 82 2 0 17 0.26 M M 3.8 16 240 M M 3 3 22 130
28 92 72 82 2 0 17 0.00 M M 2.7 12 120 M M 1 18 110
29 92 71 82 2 0 17 T M M 1.9 8 80 M M 2 3 12 70
30 91 71 81 0 0 16 T M M 2.4 15 350 M M 2 13 19 350
================================================================================
SM 2646 2025 1 393 2.67 M 83.5 M 98
================================================================================
AV 88.2 67.5 2.8 FASTST M M 3 MAX(MPH)
MISC ----> 23 280 31 290
================================================================================
NOTES:
# LAST OF SEVERAL OCCURRENCES
COLUMN 17 PEAK WIND IN M.P.H.
PRELIMINARY LOCAL CLIMATOLOGICAL DATA (WS FORM: F-6) , PAGE 2
STATION: RUSSELLVILLE
MONTH: JUNE
YEAR: 2021
LATITUDE: 35 15 N
LONGITUDE: 93 6 W
[TEMPERATURE DATA] [PRECIPITATION DATA] SYMBOLS USED IN COLUMN 16
AVERAGE MONTHLY: 77.9 TOTAL FOR MONTH: 2.67 1 = FOG OR MIST
DPTR FM NORMAL: -0.1 DPTR FM NORMAL: -0.68 2 = FOG REDUCING VISIBILITY
HIGHEST: 96 ON 17 GRTST 24HR 1.05 ON 1- 1 TO 1/4 MILE OR LESS
LOWEST: 56 ON 23 3 = THUNDER
SNOW, ICE PELLETS, HAIL 4 = ICE PELLETS
TOTAL MONTH: M 5 = HAIL
GRTST 24HR M ON M 6 = FREEZING RAIN OR DRIZZLE
GRTST DEPTH: M ON M 7 = DUSTSTORM OR SANDSTORM:
VSBY 1/2 MILE OR LESS
8 = SMOKE OR HAZE
[NO. OF DAYS WITH] [WEATHER - DAYS WITH] 9 = BLOWING SNOW
X = TORNADO
MAX 32 OR BELOW: 0 0.01 INCH OR MORE: 8
MAX 90 OR ABOVE: 19 0.10 INCH OR MORE: 6
MIN 32 OR BELOW: 0 0.50 INCH OR MORE: 2
MIN 0 OR BELOW: 0 1.00 INCH OR MORE: 1
[HDD (BASE 65) ]
TOTAL THIS MO. 1 CLEAR (SCALE 0-3) 19
DPTR FM NORMAL 1 PTCLDY (SCALE 4-7) 10
TOTAL FM JUL 1 3433 CLOUDY (SCALE 8-10) 1
DPTR FM NORMAL 153
[CDD (BASE 65) ]
TOTAL THIS MO. 393
DPTR FM NORMAL 6 [PRESSURE DATA]
TOTAL FM JAN 1 537 HIGHEST SLP 30.13 ON 29
DPTR FM NORMAL -85 LOWEST SLP 29.69 ON 20
[REMARKS]
#FINAL-06-21#