000
CXUS51 KBTV 010700
CF6RUT
PRELIMINARY LOCAL CLIMATOLOGICAL DATA (WS FORM: F-6)
STATION: RUTLAND VT
MONTH: AUGUST
YEAR: 2021
LATITUDE: 43 31 N
LONGITUDE: 72 57 W
TEMPERATURE IN F: :PCPN: SNOW: WIND :SUNSHINE: SKY :PK WND
================================================================================
1 2 3 4 5 6A 6B 7 8 9 10 11 12 13 14 15 16 17 18
12Z AVG MX 2MIN
DY MAX MIN AVG DEP HDD CDD WTR SNW DPTH SPD SPD DIR MIN PSBL S-S WX SPD DR
================================================================================
1 73 56 65 M 0 0 0.00 M M 5.7 12 350 M M 9 1 M M
2 73 55 64 M 1 0 M M M 5.1 12 350 M M 7 1 M M
3 75 49 62 M 3 0 0.00 M M 7.0 13 120 M M 0 M M
4 78 53 66 M 0 1 0.00 M M 4.6 10 120 M M 2 M M
5 79 60 70 M 0 5 0.00 M M 3.5 9 120 M M 8 M M
6 83 60 72 M 0 7 0.00 M M 5.6 10 120 M M 1 M M
7 83 61 72 M 0 7 M M M 5.6 15 50 M M 3 13 24 360
8 82 66 74 M 0 9 0.00 M M 3.1 10 130 M M 3 1 M M
9 84 66 75 M 0 10 0.00 M M 9.0 17 120 M M 3 M M
10 85 65 75 M 0 10 0.00 M M 8.2 14 130 M M 4 M M
11 87 73 80 M 0 15 0.00 M M 6.6 10 210 M M 6 17 210
12 89 70 80 M 0 15 0.00 M M 4.2 9 240 M M 2 1 M M
13 87 68 78 M 0 13 0.00 M M 3.8 14 250 M M 1 M M
14 79 57 68 M 0 3 M M M 5.1 12 310 M M 4 M M
15 71 52 62 M 3 0 0.00 M M 5.8 12 320 M M 0 21 300
16 76 49 63 M 2 0 0.00 M M 4.5 10 120 M M 0 M M
17 73 55 64 M 1 0 0.00 M M 3.7 10 130 M M 6 M M
18 78 68 73 M 0 8 M M M 2.3 7 110 M M 6 1 M M
19 75 69 72 M 0 7 M M M 3.9 9 90 M M 10 1 18 99
20 83 68 76 M 0 11 T M M 4.2 9 340 M M 7 1 M M
21 85 68 77 M 0 12 T M M 5.3 12 120 M M 6 1 M M
22 82 70 76 M 0 11 T M M 8.3 14 20 M M 9 29 50
23 77 67 72 M 0 7 T M M 7.5 16 140 M M 9 25 120
24 86 64 75 M 0 10 0.00 M M 2.8 8 240 M M 5 12 M M
25 86 63 75 M 0 10 0.00 M M 4.9 9 120 M M 2 128 M M
26 88 67 78 M 0 13 0.00 M M 4.7 9 250 M M 1 16 230
27 79 61 70 M 0 5 0.00 M M 5.1 12 340 M M 3 12 M M
28 69 61 65 M 0 0 M M M 11.2 17 120 M M 0 24 120
29 70 60 65 M 0 0 M M M 8.3 13 120 M M 0 1 M M
30 81 62 72 M 0 7 T M M 3.9 10 200 M M 0 20 240
31 78 58 68 M 0 3 0.00 M M 5.2 10 270 M M 0 M M
================================================================================
SM 2474 1921 10 199 T M 168.9 M 117
================================================================================
AV 79.8 62.0 5.4 FASTST M M 4 MAX(MPH)
MISC ----> 17 120 29 50
================================================================================
NOTES:
# LAST OF SEVERAL OCCURRENCES
COLUMN 17 PEAK WIND IN M.P.H.
PRELIMINARY LOCAL CLIMATOLOGICAL DATA (WS FORM: F-6) , PAGE 2
STATION: RUTLAND VT
MONTH: AUGUST
YEAR: 2021
LATITUDE: 43 31 N
LONGITUDE: 72 57 W
[TEMPERATURE DATA] [PRECIPITATION DATA] SYMBOLS USED IN COLUMN 16
AVERAGE MONTHLY: 70.9 TOTAL FOR MONTH: T 1 = FOG OR MIST
DPTR FM NORMAL: 0.0 DPTR FM NORMAL: M 2 = FOG REDUCING VISIBILITY
HIGHEST: 89 ON 12 GRTST 24HR T ON 20-20 TO 1/4 MILE OR LESS
LOWEST: 49 ON 16, 3 3 = THUNDER
SNOW, ICE PELLETS, HAIL 4 = ICE PELLETS
TOTAL MONTH: M 5 = HAIL
GRTST 24HR M ON M 6 = FREEZING RAIN OR DRIZZLE
GRTST DEPTH: M ON M 7 = DUSTSTORM OR SANDSTORM:
VSBY 1/2 MILE OR LESS
8 = SMOKE OR HAZE
[NO. OF DAYS WITH] [WEATHER - DAYS WITH] 9 = BLOWING SNOW
X = TORNADO
MAX 32 OR BELOW: 0 0.01 INCH OR MORE: 0
MAX 90 OR ABOVE: 0 0.10 INCH OR MORE: 0
MIN 32 OR BELOW: 0 0.50 INCH OR MORE: 0
MIN 0 OR BELOW: 0 1.00 INCH OR MORE: 0
[HDD (BASE 65) ]
TOTAL THIS MO. 10 CLEAR (SCALE 0-3) 15
DPTR FM NORMAL M PTCLDY (SCALE 4-7) 12
TOTAL FM JUL 1 40 CLOUDY (SCALE 8-10) 4
DPTR FM NORMAL M
[CDD (BASE 65) ]
TOTAL THIS MO. 199
DPTR FM NORMAL M [PRESSURE DATA]
TOTAL FM JAN 1 467 HIGHEST SLP M ON M
DPTR FM NORMAL M LOWEST SLP M ON M
[REMARKS]
#FINAL-08-21#