000
CXUS55 KCYS 052324
CLMRWL
CLIMATE REPORT
NATIONAL WEATHER SERVICE CHEYENNE WY
524 PM MDT SAT AUG 05 2023
...................................
...THE RAWLINS WYOMING AIRPORT CLIMATE SUMMARY FOR THE MONTH OF JULY 2023...
CLIMATE NORMAL PERIOD 1991 TO 2020
CLIMATE RECORD PERIOD 1951 TO 2023
WEATHER OBSERVED NORMAL DEPART LAST YEAR`S
VALUE DATE(S) VALUE FROM VALUE DATE(S)
NORMAL
................................................................
TEMPERATURE (F)
RECORD
HIGH 98 07/12/1954
07/11/1954
LOW 32 07/07/1993
HIGHEST 96 07/17 MM MM 95
LOWEST 42 07/05 MM MM 43
AVG. MAXIMUM 86.2 85.1 1.1 88.7
AVG. MINIMUM 51.5 50.8 0.7 53.2
MEAN 68.8 67.9 0.9 71.0
DAYS MAX >= 90 10 8.8 1.2 14
DAYS MAX <= 32 0 0.0 0.0 0
DAYS MIN <= 32 0 0.0 0.0 0
DAYS MIN <= 0 0 0.0 0.0 0
PRECIPITATION (INCHES)
RECORD
MAXIMUM 2.56 1981
TOTALS 1.16 0.72 0.44 0.46
DAYS >= .01 8 5.7 2.3 6
DAYS >= .10 3 2.1 0.9 2
DAYS >= .50 1 0.3 0.7 0
DAYS >= 1.00 0 0.1 -0.1 0
GREATEST
24 HR. TOTAL 0.70 07/07 TO 07/07 0.19 07/03 TO 07/03
DEGREE DAYS
HEATING TOTAL 17 26 -9 3
SINCE 7/1 17 21 -4 MM
COOLING TOTAL 144 118 26 182
SINCE 1/1 146 140 6 MM
................................................................
WIND (MPH)
AVERAGE WIND SPEED 9.4
HIGHEST WIND SPEED/DIRECTION 45/260 DATE 07/27
HIGHEST GUST SPEED/DIRECTION 63/270 DATE 07/27
SKY COVER
POSSIBLE SUNSHINE (PERCENT) MM
AVERAGE SKY COVER 0.13
NUMBER OF DAYS FAIR 28
NUMBER OF DAYS PC 3
NUMBER OF DAYS CLOUDY 0
AVERAGE RH (PERCENT) 45
WEATHER CONDITIONS. NUMBER OF DAYS WITH
THUNDERSTORM 17 MIXED PRECIP 0
HEAVY RAIN 0 RAIN 4
LIGHT RAIN 15 FREEZING RAIN 0
LT FREEZING RAIN 0 HAIL 0
HEAVY SNOW 0 SNOW 0
LIGHT SNOW 0 SLEET 0
FOG 2 FOG W/VIS <= 1/4 MILE 1
HAZE 3
- INDICATES NEGATIVE NUMBERS.
R INDICATES RECORD WAS SET OR TIED.
MM INDICATES DATA IS MISSING.
T INDICATES TRACE AMOUNT.
$$