000
CXUS56 KSTO 290018
CF6SAC
PRELIMINARY LOCAL CLIMATOLOGICAL DATA (WS FORM: F-6)
STATION: SACRAMENTO EXEC. AIRPORT CA
MONTH: SEPTEMBER
YEAR: 2021
LATITUDE: 38 31 N
LONGITUDE: 121 30 W
TEMPERATURE IN F: :PCPN: SNOW: WIND :SUNSHINE: SKY :PK WND
================================================================================
1 2 3 4 5 6A 6B 7 8 9 10 11 12 13 14 15 16 17 18
12Z AVG MX 2MIN
DY MAX MIN AVG DEP HDD CDD WTR SNW DPTH SPD SPD DIR MIN PSBL S-S WX SPD DR
================================================================================
1 77 56 67 -7 0 2 0.00 0.0 M 11.4 20 220 M M 0 25 230
2 83 53 68 -6 0 3 0.00 0.0 M 5.8 13 220 M M 1 17 200
3 89 52 71 -3 0 6 0.00 0.0 M 3.2 8 210 M M 0 1 11 210
4 95 53 74 0 0 9 0.00 0.0 M 3.5 10 260 M M 0 8 14 60
5 100 58 79 5 0 14 0.00 0.0 M 2.8 9 290 M M 0 12 310
6 103 58 81 7 0 16 0.00 0.0 M 3.1 10 330 M M 0 8 15 340
7 102 62 82 8 0 17 0.00 0.0 M 3.9 13 220 M M 0 16 230
8 105 63 84 10 0 19 0.00 M M 3.5 12 220 M M 0 14 230
9 97 68 83 9 0 18 0.01 M M 6.9 17 230 M M 0 3 27 210
10 89 63 76 2 0 11 0.04 0.0 M 5.1 15 210 M M 2 13 20 220
11 93 56 75 2 0 10 0.00 M M 3.5 13 230 M M 0 15 230
12 96 60 78 5 0 13 0.00 M M 3.5 12 260 M M 0 14 260
13 97 62 80 7 0 15 0.00 M M 3.5 10 240 M M 0 15 120
14 97 58 78 5 0 13 0.00 0.0 M 3.7 13 220 M M 0 17 220
15 87 57 72 -1 0 7 0.00 0.0 M 8.4 16 190 M M 0 23 190
16 79 55 67 -6 0 2 0.00 0.0 M 7.2 16 210 M M 0 24 220
17 83 53 68 -4 0 3 0.00 0.0 M 7.0 16 230 M M 0 28 250
18 78 56 67 -5 0 2 0.00 0.0 M 10.2 20 230 M M 2 26 220
19 81 59 70 -2 0 5 0.00 0.0 M 7.8 17 360 M M 2 22 10
20 90 60 75 3 0 10 0.00 0.0 M 6.4 15 310 M M 0 22 350
21 95 56 76 4 0 11 0.00 0.0 M 1.0 7 260 M M 0 9 250
22 95 60 78 6 0 13 0.00 0.0 M 4.5 13 220 M M 0 16 220
23 98 56 77 6 0 12 0.00 0.0 M 5.6 14 340 M M 0 18 350
24 95 59 77 6 0 12 0.00 M M 5.1 12 220 M M 0 8 15 240
25 87 57 72 1 0 7 0.00 M M 8.0 18 210 M M 0 27 190
26 80 56 68 -3 0 3 0.00 0.0 M 9.4 18 210 M M 0 27 190
27 80 56 68 -2 0 3 0.00 0.0 M 8.8 21 220 M M 3 27 220
28 80 51 66 -4 0 1 0.00 0.0 M 10.0 24 340 M M 0 30 340
29 85 47 66 -4 0 1 0.00 0.0 M 5.8 14 320 M M 0 22 340
30 88 48 68 -2 0 3 0.00 0.0 M 2.3 7 20 M M 0 10 20
================================================================================
SM 2704 1708 0 261 0.05 0.0 170.9 M 10
================================================================================
AV 90.1 56.9 5.7 FASTST M M 0 MAX(MPH)
MISC ----> 24 340 30 340
================================================================================
NOTES:
# LAST OF SEVERAL OCCURRENCES
COLUMN 17 PEAK WIND IN M.P.H.
PRELIMINARY LOCAL CLIMATOLOGICAL DATA (WS FORM: F-6) , PAGE 2
STATION: SACRAMENTO EXEC. AIRPORT CA
MONTH: SEPTEMBER
YEAR: 2021
LATITUDE: 38 31 N
LONGITUDE: 121 30 W
[TEMPERATURE DATA] [PRECIPITATION DATA] SYMBOLS USED IN COLUMN 16
AVERAGE MONTHLY: 73.5 TOTAL FOR MONTH: 0.05 1 = FOG OR MIST
DPTR FM NORMAL: 1.0 DPTR FM NORMAL: -0.04 2 = FOG REDUCING VISIBILITY
HIGHEST: 105 ON 8 GRTST 24HR 0.05 ON 9-10 TO 1/4 MILE OR LESS
LOWEST: 47 ON 29 3 = THUNDER
SNOW, ICE PELLETS, HAIL 4 = ICE PELLETS
TOTAL MONTH: 0.0 INCH 5 = HAIL
GRTST 24HR 0.0 6 = FREEZING RAIN OR DRIZZLE
GRTST DEPTH: M ON M 7 = DUSTSTORM OR SANDSTORM:
VSBY 1/2 MILE OR LESS
8 = SMOKE OR HAZE
[NO. OF DAYS WITH] [WEATHER - DAYS WITH] 9 = BLOWING SNOW
X = TORNADO
MAX 32 OR BELOW: 0 0.01 INCH OR MORE: 2
MAX 90 OR ABOVE: 15 0.10 INCH OR MORE: 0
MIN 32 OR BELOW: 0 0.50 INCH OR MORE: 0
MIN 0 OR BELOW: 0 1.00 INCH OR MORE: 0
[HDD (BASE 65) ]
TOTAL THIS MO. 0 CLEAR (SCALE 0-3) 30
DPTR FM NORMAL -5 PTCLDY (SCALE 4-7) 0
TOTAL FM JUL 1 0 CLOUDY (SCALE 8-10) 0
DPTR FM NORMAL 0
[CDD (BASE 65) ]
TOTAL THIS MO. 261
DPTR FM NORMAL 31 [PRESSURE DATA]
TOTAL FM JAN 1 1455 HIGHEST SLP 30.10 ON 21
DPTR FM NORMAL 228 LOWEST SLP 29.67 ON 1
[REMARKS]
#FINAL-09-21#