000
CXUS52 KCHS 012351
CF6SAV
PRELIMINARY LOCAL CLIMATOLOGICAL DATA (WS FORM: F-6)
STATION: SAVANNAH GA
MONTH: OCTOBER
YEAR: 2022
LATITUDE: 32 7 N
LONGITUDE: 81 12 W
TEMPERATURE IN F: :PCPN: SNOW: WIND :SUNSHINE: SKY :PK WND
================================================================================
1 2 3 4 5 6A 6B 7 8 9 10 11 12 13 14 15 16 17 18
12Z AVG MX 2MIN
DY MAX MIN AVG DEP HDD CDD WTR SNW DPTH SPD SPD DIR MIN PSBL S-S WX SPD DR
================================================================================
1 82 55 69 -5 0 4 0.00 0.0 0 7.5 18 240 M M 1 26 280
2 75 59 67 -7 0 2 0.00 0.0 0 4.9 15 10 M M 7 18 10
3 65 53 59 -14 6 0 0.00 0.0 0 7.5 16 10 M M 7 19 20
4 75 49 62 -11 3 0 0.00 0.0 0 5.7 16 40 M M 1 1 22 40
5 79 52 66 -7 0 1 0.00 0.0 0 3.9 15 330 M M 1 19 310
6 83 51 67 -5 0 2 0.00 0.0 0 2.9 13 120 M M 0 12 18 100
7 86 55 71 -1 0 6 0.00 0.0 0 2.5 12 150 M M 1 1 14 110
8 86 59 73 1 0 8 0.00 0.0 0 4.0 10 310 M M 5 14 310
9 81 60 71 0 0 6 0.00 0.0 0 8.3 18 110 M M 5 1 22 110
10 82 61 72 1 0 7 0.00 0.0 0 6.8 15 120 M M 5 1 18 100
11 81 63 72 1 0 7 T 0.0 0 9.4 18 90 M M 5 25 90
12 81 64 73 3 0 8 0.28 0.0 0 7.2 18 120 M M 8 13 23 100
13 82 64 73 3 0 8 0.65 0.0 0 4.9 21 270 M M 7 13 30 270
14 77 55 66 -4 0 1 0.00 0.0 0 4.4 13 280 M M 0 18 300
15 82 49 66 -3 0 1 0.00 0.0 0 2.4 13 130 M M 0 1 15 120
16 84 52 68 -1 0 3 0.00 0.0 0 2.6 15 160 M M 3 17 160
17 81 61 71 3 0 6 0.00 0.0 0 7.3 16 240 M M 6 21 240
18 67 47 57 -11 8 0 0.00 0.0 0 10.7 16 300 M M 1 22 320
19 63 38 51 -17 14 0 0.00 0.0 0 5.7 14 320 M M 1 19 350
20 69 39 54 -13 11 0 0.00 0.0 0 2.6 12 260 M M 1 18 16 260
21 72 38 55 -12 10 0 0.00 0.0 0 2.0 9 10 M M 1 14 10
22 75 41 58 -9 7 0 0.00 0.0 0 4.4 15 30 M M 0 20 30
23 78 50 64 -2 1 0 0.00 0.0 0 3.9 12 50 M M 1 1 15 50
24 79 49 64 -2 1 0 0.00 0.0 0 2.0 9 60 M M 1 1 11 20
25 78 47 63 -3 2 0 0.00 0.0 0 2.7 13 130 M M 2 1 14 110
26 81 57 69 4 0 4 T 0.0 0 5.9 15 270 M M 5 1 20 210
27 70 54 62 -3 3 0 0.00 0.0 0 6.7 13 30 M M 5 17 10
28 75 57 66 1 0 1 0.00 0.0 0 8.2 17 30 M M 5 22 40
29 66 59 63 -1 2 0 T 0.0 0 7.8 14 30 M M 10 1 17 30
30 70 60 65 1 0 0 T 0.0 0 8.0 13 80 M M 10 1 16 70
31 83 64 74 10 0 9 0.00 0.0 0 6.7 16 170 M M 7 12 20 160
================================================================================
SM 2388 1662 68 84 0.93 0.0 169.5 M 112
================================================================================
AV 77.0 53.6 5.5 FASTST M M 4 MAX(MPH)
MISC ----> 21 270 30 270
================================================================================
NOTES:
# LAST OF SEVERAL OCCURRENCES
COLUMN 17 PEAK WIND IN M.P.H.
PRELIMINARY LOCAL CLIMATOLOGICAL DATA (WS FORM: F-6) , PAGE 2
STATION: SAVANNAH GA
MONTH: OCTOBER
YEAR: 2022
LATITUDE: 32 7 N
LONGITUDE: 81 12 W
[TEMPERATURE DATA] [PRECIPITATION DATA] SYMBOLS USED IN COLUMN 16
AVERAGE MONTHLY: 65.3 TOTAL FOR MONTH: 0.93 1 = FOG OR MIST
DPTR FM NORMAL: -3.5 DPTR FM NORMAL: -2.79 2 = FOG REDUCING VISIBILITY
HIGHEST: 86 ON 8, 7 GRTST 24HR 0.93 ON 12-13 TO 1/4 MILE OR LESS
LOWEST: 38 ON 21,19 3 = THUNDER
SNOW, ICE PELLETS, HAIL 4 = ICE PELLETS
TOTAL MONTH: 0.0 INCH 5 = HAIL
GRTST 24HR 0.0 6 = FREEZING RAIN OR DRIZZLE
GRTST DEPTH: 0 7 = DUSTSTORM OR SANDSTORM:
VSBY 1/2 MILE OR LESS
8 = SMOKE OR HAZE
[NO. OF DAYS WITH] [WEATHER - DAYS WITH] 9 = BLOWING SNOW
X = TORNADO
MAX 32 OR BELOW: 0 0.01 INCH OR MORE: 2
MAX 90 OR ABOVE: 0 0.10 INCH OR MORE: 2
MIN 32 OR BELOW: 0 0.50 INCH OR MORE: 1
MIN 0 OR BELOW: 0 1.00 INCH OR MORE: 0
[HDD (BASE 65) ]
TOTAL THIS MO. 68 CLEAR (SCALE 0-3) 16
DPTR FM NORMAL 22 PTCLDY (SCALE 4-7) 13
TOTAL FM JUL 1 74 CLOUDY (SCALE 8-10) 2
DPTR FM NORMAL 29
[CDD (BASE 65) ]
TOTAL THIS MO. 84
DPTR FM NORMAL -80 [PRESSURE DATA]
TOTAL FM JAN 1 2539 HIGHEST SLP 30.28 ON 29
DPTR FM NORMAL -9 LOWEST SLP 29.73 ON 18
[REMARKS]
#FINAL-10-22#