000
CXUS56 KLOX 011255
CF6SBP
PRELIMINARY LOCAL CLIMATOLOGICAL DATA (WS FORM: F-6)
STATION: SAN LUIS OBISPO AIRPORT CA
MONTH: FEBRUARY
YEAR: 2023
LATITUDE: 35 13 N
LONGITUDE: 120 38 W
TEMPERATURE IN F: :PCPN: SNOW: WIND :SUNSHINE: SKY :PK WND
================================================================================
1 2 3 4 5 6A 6B 7 8 9 10 11 12 13 14 15 16 17 18
12Z AVG MX 2MIN
DY MAX MIN AVG DEP HDD CDD WTR SNW DPTH SPD SPD DIR MIN PSBL S-S WX SPD DR
================================================================================
1 67 31 49 -4 16 0 0.00 M M 2.6 15 310 M M 0 17 300
2 68 34 51 -2 14 0 0.00 M M 2.4 14 190 M M 1 17 200
3 67 41 54 1 11 0 0.00 M M 3.1 15 310 M M 1 18 310
4 68 40 54 1 11 0 0.34 M M 3.1 13 210 M M 6 1 16 210
5 60 47 54 1 11 0 0.02 M M 10.4 20 290 M M 7 1 25 290
6 61 44 53 0 12 0 0.00 M M 6.6 16 350 M M 1 21 350
7 66 37 52 -1 13 0 0.00 M M 5.2 18 310 M M 0 22 310
8 75 40 58 5 7 0 0.00 M M 4.1 16 320 M M 0 21 310
9 76 43 60 6 5 0 0.00 M M 3.9 14 320 M M 0 15 320
10 65 40 53 -1 12 0 0.00 M M 7.5 21 320 M M 2 25 320
11 54 38 46 -8 19 0 0.02 M M 4.5 13 230 M M 7 16 230
12 65 43 54 0 11 0 0.00 M M 7.9 21 330 M M 1 25 330
13 57 44 51 -3 14 0 0.00 M M 5.4 12 270 M M 10 12 15 280
14 58 40 49 -5 16 0 0.00 M M 9.5 31 290 M M 5 8 43 290
15 61 36 49 -5 16 0 0.00 M M 5.8 20 310 M M 0 23 300
16 63 31 47 -7 18 0 0.00 M M 2.2 10 250 M M 1 15 190
17 65 33 49 -5 16 0 0.00 M M 4.0 20 310 M M 0 24 310
18 70 39 55 1 10 0 0.00 M M 3.5 16 310 M M 0 19 320
19 73 35 54 0 11 0 0.00 M M 4.2 17 120 M M 0 19 110
20 72 37 55 1 10 0 0.00 M M 5.9 18 330 M M 0 25 320
21 58 37 48 -6 17 0 0.00 M M 11.0 36 300 M M 6 2 50 290
22 53 38 46 -8 19 0 T M M 14.2 33 310 M M 4 39 310
23 51 38 45 -9 20 0 0.42 M M 6.6 16 220 M M 8 1 22 220
24 52 40 46 -8 19 0 2.64 M M 10.3 30 220 M M 10 13 42 230
25 51 37 44 -10 21 0 0.01 M M 2.0 12 170 M M 7 1 14 220
26 54 34 44 -10 21 0 0.07 M M 5.8 14 110 M M 6 1 17 120
27 57 44 51 -3 14 0 0.65 M M 5.6 18 170 M M 8 1 25 170
28 55 41 48 -6 17 0 0.23 M M 6.2 16 170 M M 8 18 20 160
================================================================================
SM 1742 1082 401 0 4.40 M 163.5 M 99
================================================================================
AV 62.2 38.6 5.8 FASTST M M 4 MAX(MPH)
MISC ----> 36 300 50 290
================================================================================
NOTES:
# LAST OF SEVERAL OCCURRENCES
COLUMN 17 PEAK WIND IN M.P.H.
PRELIMINARY LOCAL CLIMATOLOGICAL DATA (WS FORM: F-6) , PAGE 2
STATION: SAN LUIS OBISPO AIRPORT CA
MONTH: FEBRUARY
YEAR: 2023
LATITUDE: 35 13 N
LONGITUDE: 120 38 W
[TEMPERATURE DATA] [PRECIPITATION DATA] SYMBOLS USED IN COLUMN 16
AVERAGE MONTHLY: 50.4 TOTAL FOR MONTH: 4.40 1 = FOG OR MIST
DPTR FM NORMAL: -3.4 DPTR FM NORMAL: 0.86 2 = FOG REDUCING VISIBILITY
HIGHEST: 76 ON 9 GRTST 24HR 2.72 ON 23-24 TO 1/4 MILE OR LESS
LOWEST: 31 ON 16, 1 3 = THUNDER
SNOW, ICE PELLETS, HAIL 4 = ICE PELLETS
TOTAL MONTH: M 5 = HAIL
GRTST 24HR M ON M 6 = FREEZING RAIN OR DRIZZLE
GRTST DEPTH: M ON M 7 = DUSTSTORM OR SANDSTORM:
VSBY 1/2 MILE OR LESS
8 = SMOKE OR HAZE
[NO. OF DAYS WITH] [WEATHER - DAYS WITH] 9 = BLOWING SNOW
X = TORNADO
MAX 32 OR BELOW: 0 0.01 INCH OR MORE: 9
MAX 90 OR ABOVE: 0 0.10 INCH OR MORE: 5
MIN 32 OR BELOW: 2 0.50 INCH OR MORE: 2
MIN 0 OR BELOW: 0 1.00 INCH OR MORE: 1
[HDD (BASE 65) ]
TOTAL THIS MO. 401 CLEAR (SCALE 0-3) 15
DPTR FM NORMAL 85 PTCLDY (SCALE 4-7) 10
TOTAL FM JUL 1 1541 CLOUDY (SCALE 8-10) 3
DPTR FM NORMAL 55
[CDD (BASE 65) ]
TOTAL THIS MO. 0
DPTR FM NORMAL -2 [PRESSURE DATA]
TOTAL FM JAN 1 0 HIGHEST SLP 30.38 ON 6
DPTR FM NORMAL 0 LOWEST SLP 29.70 ON 24
[REMARKS]
#FINAL-02-23#