000
CXUS56 KLOX 011730
CLMSDB
CLIMATE REPORT
NATIONAL WEATHER SERVICE LOS ANGELES/OXNARD
930 AM PST MON JAN 01 2024
...................................
...THE SANDBERG CA CLIMATE SUMMARY FOR THE MONTH OF DECEMBER 2023...
CLIMATE NORMAL PERIOD: 1991 TO 2020
CLIMATE RECORD PERIOD: 1934 TO 2023
WEATHER OBSERVED NORMAL DEPART LAST YEAR`S
VALUE DATE(S) VALUE FROM VALUE
NORMAL
..............................................................
TEMPERATURE (F)
HIGHEST 68 12/06
LOWEST 35 12/01
12/08
AVG. MAXIMUM 54.2 51.6 2.6
AVG. MINIMUM 42.7 37.6 5.1
MEAN 48.5 44.6 3.9
DAYS MAX >= 90 0
DAYS MAX <= 32 0
DAYS MIN <= 32 0
DAYS MIN <= 0 0
PRECIPITATION (INCHES)
TOTALS 3.85 2.05 1.80
DAILY AVG. 0.12
DAYS >= .01 7
DAYS >= .10 5
DAYS >= .50 3
DAYS >= 1.00 2
GREATEST
24 HR. TOTAL 1.43 12/20 TO 12/20
DEGREE DAYS
HEATING TOTAL 408 632 -224 656
SINCE 7/1 1022 1251 -229 MM
COOLING TOTAL 0 0 0 0
SINCE 1/1 1157 1296 -139 MM
..............................................................
WIND (MPH)
AVERAGE WIND SPEED 16.4
HIGHEST WIND SPEED/DIRECTION 44/320 DATE 12/01
HIGHEST GUST SPEED/DIRECTION 66/300 DATE 12/07
SKY COVER
POSSIBLE SUNSHINE (PERCENT) MM
AVERAGE SKY COVER 0.28
NUMBER OF DAYS FAIR 15
NUMBER OF DAYS PC 4
NUMBER OF DAYS CLOUDY 5
AVERAGE RH (PERCENT) 55
WEATHER CONDITIONS. NUMBER OF DAYS WITH
THUNDERSTORM 0 MIXED PRECIP 0
HEAVY RAIN 0 RAIN 3
LIGHT RAIN 8 FREEZING RAIN 0
LT FREEZING RAIN 0 HAIL 0
HEAVY SNOW 0 SNOW 0
LIGHT SNOW 0 SLEET 0
FOG 10 FOG W/VIS <= 1/4 MILE 11
HAZE 3
- INDICATES NEGATIVE NUMBERS.
R INDICATES RECORD WAS SET OR TIED.
MM INDICATES DATA IS MISSING.
T INDICATES TRACE AMOUNT.
$$