000
CXUS56 KSGX 011045
CF6SDM
PRELIMINARY LOCAL CLIMATOLOGICAL DATA (WS FORM: F-6)
STATION: SAN DIEGO/BROWN
MONTH: JUNE
YEAR: 2021
LATITUDE: 32 34 N
LONGITUDE: 116 59 W
TEMPERATURE IN F: :PCPN: SNOW: WIND :SUNSHINE: SKY :PK WND
================================================================================
1 2 3 4 5 6A 6B 7 8 9 10 11 12 13 14 15 16 17 18
12Z AVG MX 2MIN
DY MAX MIN AVG DEP HDD CDD WTR SNW DPTH SPD SPD DIR MIN PSBL S-S WX SPD DR
================================================================================
1 73 57 65 1 0 0 0.00 M M 3.9 13 250 M M 4 8 17 270
2 75 57 66 2 0 1 0.00 M M 3.6 13 270 M M 6 28 18 300
3 74 61 68 4 0 3 0.00 M M 4.1 14 280 M M 4 8 17 260
4 77 55 66 2 0 1 0.00 M M 4.6 13 270 M M 2 8 16 270
5 76 60 68 3 0 3 0.00 M M 4.2 14 270 M M 5 19 270
6 73 61 67 2 0 2 0.00 M M 5.4 15 270 M M 8 23 290
7 70 61 66 1 0 1 0.00 M M 7.7 17 220 M M 10 8 21 220
8 73 61 67 2 0 2 0.00 M M 5.1 14 250 M M 5 21 270
9 74 60 67 2 0 2 0.00 M M 4.8 15 280 M M 1 20 240
10 76 52 64 -1 1 0 0.00 M M 4.5 15 270 M M 0 21 270
11 80 51 66 1 0 1 0.00 M M 5.1 14 280 M M 0 8 19 270
12 80 55 68 2 0 3 0.00 M M 3.8 12 280 M M 0 8 16 270
13 80 58 69 3 0 4 0.00 M M 4.1 12 270 M M 3 18 17 280
14 79 59 69 3 0 4 0.00 M M 3.6 10 290 M M 0 18 M M
15 96 60 78 12 0 13 0.00 M M 3.5 15 250 M M 0 18 19 250
16 83 63 73 7 0 8 0.00 M M 4.2 9 310 M M 0 8 15 320
17 83 62 73 7 0 8 0.00 M M 3.8 10 320 M M 5 128 16 310
18 77 63 70 4 0 5 0.00 M M 4.4 13 250 M M 5 8 17 280
19 76 63 70 3 0 5 0.00 M M 4.2 12 280 M M 5 8 16 280
20 77 60 69 2 0 4 0.00 M M 4.4 13 250 M M 5 8 17 250
21 76 62 69 2 0 4 0.00 M M 4.6 13 270 M M 6 8 17 280
22 76 65 71 4 0 6 0.00 M M 5.2 15 280 M M 3 18 270
23 78 63 71 4 0 6 T M M 5.6 15 260 M M 6 3 19 60
24 76 61 69 2 0 4 0.00 M M 5.9 15 270 M M 4 22 280
25 76 61 69 1 0 4 0.00 M M 5.2 13 280 M M 4 20 270
26 75 61 68 0 0 3 0.00 M M 4.5 14 270 M M 3 8 18 260
27 79 61 70 2 0 5 0.00 M M 4.3 12 310 M M 3 8 18 290
28 80 63 72 4 0 7 0.00 M M 3.9 13 260 M M 3 8 17 320
29 78 64 71 3 0 6 0.00 M M 3.4 13 250 M M 7 8 23 240
30 76 63 70 2 0 5 0.00 M M 4.2 13 270 M M 6 18 270
================================================================================
SM 2322 1803 1 120 T M 135.8 M 113
================================================================================
AV 77.4 60.1 4.5 FASTST M M 4 MAX(MPH)
MISC ----> 17 220 # 23 290
================================================================================
NOTES:
# LAST OF SEVERAL OCCURRENCES
COLUMN 17 PEAK WIND IN M.P.H.
PRELIMINARY LOCAL CLIMATOLOGICAL DATA (WS FORM: F-6) , PAGE 2
STATION: SAN DIEGO/BROWN
MONTH: JUNE
YEAR: 2021
LATITUDE: 32 34 N
LONGITUDE: 116 59 W
[TEMPERATURE DATA] [PRECIPITATION DATA] SYMBOLS USED IN COLUMN 16
AVERAGE MONTHLY: 68.8 TOTAL FOR MONTH: T 1 = FOG OR MIST
DPTR FM NORMAL: 2.7 DPTR FM NORMAL: -0.10 2 = FOG REDUCING VISIBILITY
HIGHEST: 96 ON 15 GRTST 24HR T ON 23-23 TO 1/4 MILE OR LESS
LOWEST: 51 ON 11 3 = THUNDER
SNOW, ICE PELLETS, HAIL 4 = ICE PELLETS
TOTAL MONTH: M 5 = HAIL
GRTST 24HR M ON M 6 = FREEZING RAIN OR DRIZZLE
GRTST DEPTH: M ON M 7 = DUSTSTORM OR SANDSTORM:
VSBY 1/2 MILE OR LESS
8 = SMOKE OR HAZE
[NO. OF DAYS WITH] [WEATHER - DAYS WITH] 9 = BLOWING SNOW
X = TORNADO
MAX 32 OR BELOW: 0 0.01 INCH OR MORE: 0
MAX 90 OR ABOVE: 1 0.10 INCH OR MORE: 0
MIN 32 OR BELOW: 0 0.50 INCH OR MORE: 0
MIN 0 OR BELOW: 0 1.00 INCH OR MORE: 0
[HDD (BASE 65) ]
TOTAL THIS MO. 1 CLEAR (SCALE 0-3) 11
DPTR FM NORMAL -21 PTCLDY (SCALE 4-7) 18
TOTAL FM JUL 1 1397 CLOUDY (SCALE 8-10) 1
DPTR FM NORMAL -199
[CDD (BASE 65) ]
TOTAL THIS MO. 120
DPTR FM NORMAL 65 [PRESSURE DATA]
TOTAL FM JAN 1 181 HIGHEST SLP 30.12 ON 9
DPTR FM NORMAL 78 LOWEST SLP 29.68 ON 28
[REMARKS]
#FINAL-06-21#