000
CXUS53 KLSX 011400
CF6SET
PRELIMINARY LOCAL CLIMATOLOGICAL DATA (WS FORM: F-6)
STATION: ST_CHARLES MO
MONTH: MARCH
YEAR: 2022
LATITUDE: 38 55 N
LONGITUDE: 90 26 W
TEMPERATURE IN F: :PCPN: SNOW: WIND :SUNSHINE: SKY :PK WND
================================================================================
1 2 3 4 5 6A 6B 7 8 9 10 11 12 13 14 15 16 17 18
12Z AVG MX 2MIN
DY MAX MIN AVG DEP HDD CDD WTR SNW DPTH SPD SPD DIR MIN PSBL S-S WX SPD DR
================================================================================
1 72 31 52 12 13 0 0.00 0.0 0 5.2 15 250 M M 0 20 290
2 81 34 58 18 7 0 0.00 0.0 0 5.1 17 260 M M 0 25 230
3 57 33 45 4 20 0 0.00 0.0 0 12.1 23 40 M M 0 8 30 40
4 60 31 46 5 19 0 0.00 0.0 0 9.8 15 100 M M 0 21 100
5 79 42 61 20 4 0 0.21 0.0 0 16.5 43 260 M M 7 38 65 250
6 62 40 51 9 14 0 1.37 0.0 0 11.2 23 10 M M 5 13 31 360
7 40 31 36 -6 29 0 T M 0 13.3 24 300 M M 10 18 32 320
8 42 28 35 -7 30 0 0.00 0.0 0 2.5 9 110 M M 1 13 110
9 52 30 41 -2 24 0 0.00 0.0 0 7.4 16 40 M M 4 18 24 30
10 42 28 35 -8 30 0 0.00 0.0 0 10.4 18 360 M M 7 26 20
11 35 21 28 -16 37 0 0.05 M M 12.4 23 340 M M 5 18 32 340
12 31 14 23 -21 42 0 0.00 0.0 0 11.0 24 320 M M 0 31 340
13 67 31 49 5 16 0 0.00 0.0 0 10.4 21 280 M M 3 29 250
14 68 32 50 5 15 0 0.00 0.0 0 10.7 23 200 M M 1 34 200
15 70 35 53 8 12 0 0.00 0.0 0 3.6 10 210 M M 2 128 15 190
16 75 44 60 15 5 0 0.00 0.0 0 7.1 18 180 M M 3 25 170
17 78 42 60 14 5 0 0.00 0.0 0 7.5 17 170 M M 0 25 130
18 63 45 54 8 11 0 0.14 0.0 0 12.5 25 280 M M 9 1 35 280
19 57 35 46 0 19 0 0.03 0.0 0 13.3 25 290 M M 5 18 37 300
20 73 31 52 5 13 0 0.00 0.0 0 5.9 17 210 M M 0 128 25 240
21 77 44 61 14 4 0 0.29 0.0 0 11.2 26 160 M M 2 33 160
22 59 51 55 7 10 0 0.21 0.0 0 13.3 43 130 M M 9 1 57 120
23 54 41 48 0 17 0 0.09 0.0 0 11.9 22 230 M M 10 18 29 230
24 45 39 42 -6 23 0 0.23 0.0 0 10.7 20 260 M M 9 30 280
25 58 40 49 0 16 0 0.00 0.0 0 15.2 30 300 M M 6 48 300
26 52 35 44 -5 21 0 0.00 0.0 0 15.8 29 300 M M 0 40 300
27 48 31 40 -9 25 0 0.00 0.0 0 7.8 16 350 M M 1 23 350
28 50 33 42 -8 23 0 0.00 0.0 0 10.3 18 90 M M 4 22 90
29 70 41 56 6 9 0 0.00 0.0 0 17.1 28 100 M M 6 35 110
30 69 40 55 4 10 0 1.49 0.0 0 13.0 33 210 M M 10 13 49 180
31 41 38 40 -11 25 0 T M 0 14.6 25 300 M M 10 35 310
================================================================================
SM 1827 1091 548 0 4.11 0.0 328.8 M 129
================================================================================
AV 58.9 35.2 10.6 FASTST M M 4 MAX(MPH)
MISC ----> # 43 260 65 250
================================================================================
NOTES:
# LAST OF SEVERAL OCCURRENCES
COLUMN 17 PEAK WIND IN M.P.H.
PRELIMINARY LOCAL CLIMATOLOGICAL DATA (WS FORM: F-6) , PAGE 2
STATION: ST_CHARLES MO
MONTH: MARCH
YEAR: 2022
LATITUDE: 38 55 N
LONGITUDE: 90 26 W
[TEMPERATURE DATA] [PRECIPITATION DATA] SYMBOLS USED IN COLUMN 16
AVERAGE MONTHLY: 47.1 TOTAL FOR MONTH: 4.11 1 = FOG OR MIST
DPTR FM NORMAL: 1.7 DPTR FM NORMAL: 1.03 2 = FOG REDUCING VISIBILITY
HIGHEST: 81 ON 2 GRTST 24HR 1.49 ON 30-30 TO 1/4 MILE OR LESS
LOWEST: 14 ON 12 3 = THUNDER
SNOW, ICE PELLETS, HAIL 4 = ICE PELLETS
TOTAL MONTH: 0.0 INCH 5 = HAIL
GRTST 24HR 0.0 6 = FREEZING RAIN OR DRIZZLE
GRTST DEPTH: 0 7 = DUSTSTORM OR SANDSTORM:
VSBY 1/2 MILE OR LESS
8 = SMOKE OR HAZE
[NO. OF DAYS WITH] [WEATHER - DAYS WITH] 9 = BLOWING SNOW
X = TORNADO
MAX 32 OR BELOW: 1 0.01 INCH OR MORE: 10
MAX 90 OR ABOVE: 0 0.10 INCH OR MORE: 7
MIN 32 OR BELOW: 12 0.50 INCH OR MORE: 2
MIN 0 OR BELOW: 0 1.00 INCH OR MORE: 2
[HDD (BASE 65) ]
TOTAL THIS MO. 548 CLEAR (SCALE 0-3) 15
DPTR FM NORMAL -63 PTCLDY (SCALE 4-7) 9
TOTAL FM JUL 1 3932 CLOUDY (SCALE 8-10) 7
DPTR FM NORMAL -389
[CDD (BASE 65) ]
TOTAL THIS MO. 0
DPTR FM NORMAL -4 [PRESSURE DATA]
TOTAL FM JAN 1 0 HIGHEST SLP 30.40 ON 12
DPTR FM NORMAL -4 LOWEST SLP 29.19 ON 30
[REMARKS]
#FINAL-03-22#