000
CXUS56 KMTR 010900
CF6SFD
PRELIMINARY LOCAL CLIMATOLOGICAL DATA (WS FORM: F-6)
STATION: SAN FRANCISCO DWTN CA
MONTH: AUGUST
YEAR: 2023
LATITUDE: 37 46 N
LONGITUDE: 122 26 W
TEMPERATURE IN F: :PCPN: SNOW: WIND :SUNSHINE: SKY :PK WND
================================================================================
1 2 3 4 5 6A 6B 7 8 9 10 11 12 13 14 15 16 17 18
12Z AVG MX 2MIN
DY MAX MIN AVG DEP HDD CDD WTR SNW DPTH SPD SPD DIR MIN PSBL S-S WX SPD DR
================================================================================
1 62 55 59 -2 6 0 0.00 M 0 M M M M M M M M
2 62 54 58 -3 7 0 0.00 M 0 M M M M M M M M
3 62 54 58 -3 7 0 0.00 M 0 M M M M M M M M
4 68 54 61 0 4 0 0.00 M 0 M M M M M M M M
5 73 54 64 3 1 0 0.00 M 0 M M M M M M M M
6 73 56 65 4 0 0 0.00 M 0 M M M M M M M M
7 77 58 68 7 0 3 0.00 M 0 M M M M M M M M
8 67 55 61 0 4 0 0.00 M 0 M M M M M M M M
9 69 55 62 1 3 0 0.00 M 0 M M M M M M M M
10 67 55 61 0 4 0 0.00 M 0 M M M M M M M M
11 67 59 63 2 2 0 0.00 M 0 M M M M M M M M
12 68 57 63 1 2 0 0.00 M 0 M M M M M M M M
13 71 55 63 1 2 0 0.00 M 0 M M M M M M M M
14 69 57 63 1 2 0 0.00 M 0 M M M M M M M M
15 73 56 65 3 0 0 0.00 M 0 M M M M M M M M
16 70 57 64 2 1 0 0.00 M 0 M M M M M M M M
17 69 58 64 2 1 0 0.00 M 0 M M M M M M M M
18 73 61 67 5 0 2 0.00 M 0 M M M M M M M M
19 68 60 64 2 1 0 0.00 M 0 M M M M M M M M
20 83 58 71 9 0 6 0.00 M 0 M M M M M M M M
21 73 61 67 5 0 2 0.00 M 0 M M M M M M M M
22 73 61 67 5 0 2 0.00 M 0 M M M M M M M M
23 86 60 73 11 0 8 0.00 M 0 M M M M M M M M
24 76 62 69 7 0 4 0.00 M 0 M M M M M M M M
25 66 59 63 1 2 0 0.00 M 0 M M M M M M M M
26 65 58 62 0 3 0 0.00 M 0 M M M M M M M M
27 66 57 62 0 3 0 0.00 M 0 M M M M M M M M
28 75 57 66 4 0 1 0.00 M 0 M M M M M M M M
29 75 56 66 4 0 1 0.00 M 0 M M M M M M M M
30 87 61 74 12 0 9 0.00 M 0 M M M M M M M M
31 65 57 61 -1 4 0 0.00 M 0 M M M M M M M M
================================================================================
SM 2198 1777 59 38 0.00 M M M M
================================================================================
AV 70.9 57.3 M FASTST M M M MAX(MPH)
MISC ----> M M M M
================================================================================
NOTES:
# LAST OF SEVERAL OCCURRENCES
COLUMN 17 PEAK WIND IN M.P.H.
PRELIMINARY LOCAL CLIMATOLOGICAL DATA (WS FORM: F-6) , PAGE 2
STATION: SAN FRANCISCO DWTN CA
MONTH: AUGUST
YEAR: 2023
LATITUDE: 37 46 N
LONGITUDE: 122 26 W
[TEMPERATURE DATA] [PRECIPITATION DATA] SYMBOLS USED IN COLUMN 16
AVERAGE MONTHLY: 64.1 TOTAL FOR MONTH: 0.00 1 = FOG OR MIST
DPTR FM NORMAL: 2.4 DPTR FM NORMAL: -0.06 2 = FOG REDUCING VISIBILITY
HIGHEST: 87 ON 30 GRTST 24HR 0.00 ON 1- 1 TO 1/4 MILE OR LESS
LOWEST: 54 ON 5, 4 3 = THUNDER
SNOW, ICE PELLETS, HAIL 4 = ICE PELLETS
TOTAL MONTH: M 5 = HAIL
GRTST 24HR M ON M 6 = FREEZING RAIN OR DRIZZLE
GRTST DEPTH: 0 7 = DUSTSTORM OR SANDSTORM:
VSBY 1/2 MILE OR LESS
8 = SMOKE OR HAZE
[NO. OF DAYS WITH] [WEATHER - DAYS WITH] 9 = BLOWING SNOW
X = TORNADO
MAX 32 OR BELOW: 0 0.01 INCH OR MORE: 0
MAX 90 OR ABOVE: 0 0.10 INCH OR MORE: 0
MIN 32 OR BELOW: 0 0.50 INCH OR MORE: 0
MIN 0 OR BELOW: 0 1.00 INCH OR MORE: 0
[HDD (BASE 65) ]
TOTAL THIS MO. 59 CLEAR (SCALE 0-3) 0
DPTR FM NORMAL -59 PTCLDY (SCALE 4-7) 0
TOTAL FM JUL 1 204 CLOUDY (SCALE 8-10) 31
DPTR FM NORMAL -67
[CDD (BASE 65) ]
TOTAL THIS MO. 38
DPTR FM NORMAL 22 [PRESSURE DATA]
TOTAL FM JAN 1 39 HIGHEST SLP M ON M
DPTR FM NORMAL -11 LOWEST SLP 9999.00 ON 1
[REMARKS]
#FINAL-08-23#