000
CXUS56 KOTX 010910
CF6SFF
PRELIMINARY LOCAL CLIMATOLOGICAL DATA (WS FORM: F-6)
STATION: SPOKANE WA FELTS AIRPORT
MONTH: JUNE
YEAR: 2022
LATITUDE: 47 40 N
LONGITUDE: 117 20 W
TEMPERATURE IN F: :PCPN: SNOW: WIND :SUNSHINE: SKY :PK WND
================================================================================
1 2 3 4 5 6A 6B 7 8 9 10 11 12 13 14 15 16 17 18
12Z AVG MX 2MIN
DY MAX MIN AVG DEP HDD CDD WTR SNW DPTH SPD SPD DIR MIN PSBL S-S WX SPD DR
================================================================================
1 77 50 64 4 1 0 0.01 M M 2.9 17 190 M M 5 24 190
2 82 55 69 9 0 4 0.14 M M 4.5 25 220 M M 4 1 32 200
3 77 56 67 6 0 2 0.27 M M 2.5 18 280 M M 8 13 30 290
4 60 50 55 -6 10 0 0.33 M M 3.5 14 230 M M 9 1 18 220
5 71 50 61 0 4 0 0.70 M M 4.7 21 170 M M 8 138 26 230
6 69 51 60 -1 5 0 0.00 M M 7.1 17 230 M M 4 23 240
7 75 48 62 1 3 0 0.00 M M 2.6 12 230 M M 1 15 220
8 76 56 66 5 0 1 0.01 M M 5.9 18 240 M M 5 23 240
9 73 53 63 1 2 0 0.02 M M 3.5 13 220 M M 7 16 220
10 69 56 63 1 2 0 0.21 M M 5.7 18 190 M M 9 18 22 200
11 73 56 65 3 0 0 0.18 M M 7.9 23 210 M M 9 1 26 200
12 70 51 61 -1 4 0 0.62 M M 6.3 20 230 M M 7 13 25 240
13 52 46 49 -13 16 0 0.94 M M 11.3 20 200 M M 10 1 27 220
14 58 44 51 -11 14 0 T M M 10.2 22 230 M M 10 29 230
15 72 48 60 -3 5 0 0.00 M M 5.4 15 190 M M 2 20 220
16 75 53 64 1 1 0 T M M 4.8 15 190 M M 2 22 210
17 73 54 64 1 1 0 0.00 M M 5.1 17 220 M M 2 21 210
18 65 53 59 -4 6 0 0.02 M M 7.9 17 210 M M 8 21 210
19 64 48 56 -8 9 0 0.10 M M 3.3 14 240 M M 7 1 17 240
20 71 53 62 -2 3 0 0.15 M M 6.2 17 230 M M 7 18 23 230
21 79 53 66 2 0 1 0.00 M M 5.3 15 190 M M 2 19 210
22 83 55 69 5 0 4 0.00 M M 7.2 20 230 M M 2 26 210
23 75 54 65 0 0 0 0.00 M M 5.5 15 230 M M 1 22 290
24 74 52 63 -2 2 0 T M M 4.0 12 340 M M 2 16 350
25 82 47 65 0 0 0 0.00 M M 3.7 16 70 M M 0 22 80
26 88 50 69 3 0 4 0.00 M M 1.9 8 90 M M 0 12 100
27 95 52 74 8 0 9 0.00 M M 1.6 7 80 M M 0 9 10
28 89 60 75 9 0 10 0.00 M M 11.2 29 210 M M 0 37 240
29 77 56 67 0 0 2 0.00 M M 7.3 17 230 M M 4 24 340
30 83 53 68 1 0 3 0.00 M M 2.0 8 110 M M 2 12 110
================================================================================
SM 2227 1563 88 40 3.70 M 161.0 M 137
================================================================================
AV 74.2 52.1 5.4 FASTST M M 5 MAX(MPH)
MISC ----> 29 210 37 240
================================================================================
NOTES:
# LAST OF SEVERAL OCCURRENCES
COLUMN 17 PEAK WIND IN M.P.H.
PRELIMINARY LOCAL CLIMATOLOGICAL DATA (WS FORM: F-6) , PAGE 2
STATION: SPOKANE WA FELTS AIRPORT
MONTH: JUNE
YEAR: 2022
LATITUDE: 47 40 N
LONGITUDE: 117 20 W
[TEMPERATURE DATA] [PRECIPITATION DATA] SYMBOLS USED IN COLUMN 16
AVERAGE MONTHLY: 63.2 TOTAL FOR MONTH: 3.70 1 = FOG OR MIST
DPTR FM NORMAL: 0.1 DPTR FM NORMAL: 2.22 2 = FOG REDUCING VISIBILITY
HIGHEST: 95 ON 27 GRTST 24HR 1.53 ON 12-13 TO 1/4 MILE OR LESS
LOWEST: 44 ON 14 3 = THUNDER
SNOW, ICE PELLETS, HAIL 4 = ICE PELLETS
TOTAL MONTH: M 5 = HAIL
GRTST 24HR M ON M 6 = FREEZING RAIN OR DRIZZLE
GRTST DEPTH: M ON M 7 = DUSTSTORM OR SANDSTORM:
VSBY 1/2 MILE OR LESS
8 = SMOKE OR HAZE
[NO. OF DAYS WITH] [WEATHER - DAYS WITH] 9 = BLOWING SNOW
X = TORNADO
MAX 32 OR BELOW: 0 0.01 INCH OR MORE: 14
MAX 90 OR ABOVE: 1 0.10 INCH OR MORE: 10
MIN 32 OR BELOW: 0 0.50 INCH OR MORE: 3
MIN 0 OR BELOW: 0 1.00 INCH OR MORE: 0
[HDD (BASE 65) ]
TOTAL THIS MO. 88 CLEAR (SCALE 0-3) 13
DPTR FM NORMAL -22 PTCLDY (SCALE 4-7) 10
TOTAL FM JUL 1 5985 CLOUDY (SCALE 8-10) 7
DPTR FM NORMAL -34
[CDD (BASE 65) ]
TOTAL THIS MO. 40
DPTR FM NORMAL -13 [PRESSURE DATA]
TOTAL FM JAN 1 40 HIGHEST SLP M ON M
DPTR FM NORMAL -27 LOWEST SLP 29.54 ON 17
[REMARKS]
#FINAL-06-22#