000
CXUS56 KOTX 011010
CF6SFF
PRELIMINARY LOCAL CLIMATOLOGICAL DATA (WS FORM: F-6)
STATION: SPOKANE WA FELTS AIRPORT
MONTH: FEBRUARY
YEAR: 2024
LATITUDE: 47 40 N
LONGITUDE: 117 20 W
TEMPERATURE IN F: :PCPN: SNOW: WIND :SUNSHINE: SKY :PK WND
================================================================================
1 2 3 4 5 6A 6B 7 8 9 10 11 12 13 14 15 16 17 18
12Z AVG MX 2MIN
DY MAX MIN AVG DEP HDD CDD WTR SNW DPTH SPD SPD DIR MIN PSBL S-S WX SPD DR
================================================================================
1 47 38 43 10 22 0 0.09 M M 2.2 9 60 M M 10 1 9 60
2 47 40 44 11 21 0 0.05 M M 2.2 12 230 M M 10 12 14 230
3 41 38 40 7 25 0 0.11 M M 3.2 10 240 M M 10 1 13 230
4 42 32 37 4 28 0 0.11 M M 2.4 9 90 M M 8 1 11 60
5 45 35 40 7 25 0 0.08 M M 4.1 12 90 M M 9 1 16 80
6 47 34 41 8 24 0 0.00 M M 2.2 12 90 M M 8 1 12 120
7 44 37 41 8 24 0 0.00 M M 1.2 6 270 M M 9 1 10 250
8 41 36 39 6 26 0 0.08 M M 4.7 14 210 M M 10 1 18 220
9 43 28 36 2 29 0 0.01 M M 0.9 7 330 M M 7 1 10 340
10 41 25 33 -1 32 0 0.00 M M 1.7 9 210 M M 8 12 11 210
11 40 32 36 2 29 0 0.03 M M 2.6 10 120 M M 9 16 90
12 43 30 37 3 28 0 0.49 M M 2.7 13 230 M M 9 12 18 230
13 39 26 33 -1 32 0 0.00 M M 0.7 7 230 M M 7 12 10 220
14 38 21 30 -4 35 0 0.00 M M 4.4 14 60 M M 5 12 22 130
15 34 27 31 -3 34 0 0.14 M M 5.8 21 70 M M 10 128 29 80
16 38 15 27 -8 38 0 0.00 M M 2.6 14 100 M M 2 18 80
17 40 16 28 -7 37 0 0.00 M M 2.5 13 90 M M 1 17 90
18 36 30 33 -2 32 0 0.03 M M 2.0 9 110 M M 10 1 11 120
19 42 30 36 1 29 0 0.11 M M 0.7 8 70 M M 9 1 12 80
20 48 33 41 6 24 0 0.13 M M 0.9 7 250 M M 9 12 10 250
21 47 34 41 5 24 0 0.05 M M 2.3 8 70 M M 10 12 10 70
22 49 33 41 5 24 0 0.00 M M 2.2 10 220 M M 8 1 15 230
23 51 31 41 5 24 0 0.00 M M 1.7 13 230 M M 6 12 17 220
24 52 38 45 9 20 0 T M M 8.4 23 230 M M 5 30 250
25 48 40 44 7 21 0 0.01 M M 14.4 32 230 M M 7 48 220
26 44 27 36 -1 29 0 T M M 8.6 25 250 M M 4 8 44 220
27 38 26 32 -5 33 0 0.03 M M 8.5 18 250 M M 7 1 29 230
28 46 33 40 3 25 0 0.28 M M 12.6 23 210 M M 10 1 35 200
29 52 36 44 6 21 0 0.28 M M 12.4 25 200 M M 9 1 40 180
================================================================================
SM 1263 901 795 0 2.11 M 120.8 M 226
================================================================================
AV 43.6 31.1 4.2 FASTST M M 8 MAX(MPH)
MISC ----> 32 230 48 220
================================================================================
NOTES:
# LAST OF SEVERAL OCCURRENCES
COLUMN 17 PEAK WIND IN M.P.H.
PRELIMINARY LOCAL CLIMATOLOGICAL DATA (WS FORM: F-6) , PAGE 2
STATION: SPOKANE WA FELTS AIRPORT
MONTH: FEBRUARY
YEAR: 2024
LATITUDE: 47 40 N
LONGITUDE: 117 20 W
[TEMPERATURE DATA] [PRECIPITATION DATA] SYMBOLS USED IN COLUMN 16
AVERAGE MONTHLY: 37.3 TOTAL FOR MONTH: 2.11 1 = FOG OR MIST
DPTR FM NORMAL: 2.7 DPTR FM NORMAL: 0.79 2 = FOG REDUCING VISIBILITY
HIGHEST: 52 ON 29,24 GRTST 24HR 0.52 ON 11-12 TO 1/4 MILE OR LESS
LOWEST: 15 ON 16 3 = THUNDER
SNOW, ICE PELLETS, HAIL 4 = ICE PELLETS
TOTAL MONTH: M 5 = HAIL
GRTST 24HR M ON M 6 = FREEZING RAIN OR DRIZZLE
GRTST DEPTH: M ON M 7 = DUSTSTORM OR SANDSTORM:
VSBY 1/2 MILE OR LESS
8 = SMOKE OR HAZE
[NO. OF DAYS WITH] [WEATHER - DAYS WITH] 9 = BLOWING SNOW
X = TORNADO
MAX 32 OR BELOW: 0 0.01 INCH OR MORE: 18
MAX 90 OR ABOVE: 0 0.10 INCH OR MORE: 8
MIN 32 OR BELOW: 15 0.50 INCH OR MORE: 0
MIN 0 OR BELOW: 0 1.00 INCH OR MORE: 0
[HDD (BASE 65) ]
TOTAL THIS MO. 795 CLEAR (SCALE 0-3) 2
DPTR FM NORMAL -56 PTCLDY (SCALE 4-7) 9
TOTAL FM JUL 1 4157 CLOUDY (SCALE 8-10) 18
DPTR FM NORMAL -308
[CDD (BASE 65) ]
TOTAL THIS MO. 0
DPTR FM NORMAL 0 [PRESSURE DATA]
TOTAL FM JAN 1 0 HIGHEST SLP M ON M
DPTR FM NORMAL 0 LOWEST SLP 29.31 ON 29
[REMARKS]
#FINAL-02-24#