000
CXUS56 KOTX 011240
CLMSFF
CLIMATE REPORT
NATIONAL WEATHER SERVICE SPOKANE WA
440 AM PST THU FEB 01 2024
...................................
...THE SPOKANE WA FELTS AIRPORT CLIMATE SUMMARY FOR THE MONTH OF JANUARY 2024...
CLIMATE NORMAL PERIOD 1991 TO 2020
CLIMATE RECORD PERIOD 9999 TO 9999
WEATHER OBSERVED NORMAL DEPART LAST YEAR`S
VALUE DATE(S) VALUE FROM VALUE DATE(S)
NORMAL
................................................................
TEMPERATURE (F)
RECORD
HIGH 59 01/26/2003
LOW -10 01/05/2004
HIGHEST 58 01/28 MM MM 51 01/14
LOWEST -8 01/13 MM MM 7 01/30
AVG. MAXIMUM 34.9 37.8 -2.9 38.7
AVG. MINIMUM 24.2 25.8 -1.6 28.5
MEAN 29.6 31.8 -2.2 33.6
DAYS MAX >= 90 0 0.0 0.0 0
DAYS MAX <= 32 10 7.8 2.2 5
DAYS MIN <= 32 18 24.2 -6.2 21
DAYS MIN <= 0 4 0.3 3.7 0
PRECIPITATION (INCHES)
RECORD
MAXIMUM 4.36 2006
MINIMUM 0.79 2001
TOTALS 1.62 2.00 -0.38 0.99
DAILY AVG. 0.06 0.06 -0.00 0.03
DAYS >= .01 13 14.6 -1.6 13
DAYS >= .10 4 6.8 -2.8 4
DAYS >= .50 0 0.4 -0.4 0
DAYS >= 1.00 0 0.0 0.0 0
GREATEST
24 HR. TOTAL 0.37 01/08 TO 01/09 0.29
DEGREE DAYS
HEATING TOTAL 1090 1029 61 963
SINCE 7/1 3362 3556 -194 MM
COOLING TOTAL 0 0 0 0
SINCE 1/1 0 0 0 MM
................................................................
WIND (MPH)
AVERAGE WIND SPEED 3.3
HIGHEST WIND SPEED/DIRECTION 32/230 DATE 01/09
HIGHEST GUST SPEED/DIRECTION 42/210 DATE 01/09
SKY COVER
POSSIBLE SUNSHINE (PERCENT) MM
AVERAGE SKY COVER 0.73
NUMBER OF DAYS FAIR 4
NUMBER OF DAYS PC 8
NUMBER OF DAYS CLOUDY 19
AVERAGE RH (PERCENT) 81
WEATHER CONDITIONS. NUMBER OF DAYS WITH
THUNDERSTORM 0 MIXED PRECIP 0
HEAVY RAIN 0 RAIN 1
LIGHT RAIN 10 FREEZING RAIN 0
LT FREEZING RAIN 2 HAIL 0
HEAVY SNOW 0 SNOW 2
LIGHT SNOW 9 SLEET 0
FOG 24 FOG W/VIS <= 1/4 MILE 8
HAZE 4
- INDICATES NEGATIVE NUMBERS.
R INDICATES RECORD WAS SET OR TIED.
MM INDICATES DATA IS MISSING.
T INDICATES TRACE AMOUNT.
$$