000
CXUS53 KSGF 010630
CLMSGF
CLIMATE REPORT
NATIONAL WEATHER SERVICE
1230 AM CST FRI DEC 01 2023
...................................
...THE SPRINGFIELD MO CLIMATE SUMMARY FOR THE MONTH OF NOVEMBER 2023...
CLIMATE NORMAL PERIOD: 1991 TO 2020
CLIMATE RECORD PERIOD: 1888 TO 2023
WEATHER OBSERVED NORMAL DEPART LAST YEAR`S
VALUE DATE(S) VALUE FROM VALUE
NORMAL
..............................................................
TEMPERATURE (F)
RECORD
HIGH 83 11/09/2006
LOW 4 11/17/1959
HIGHEST 83R 11/08 57 26 81
LOWEST 18 11/01 36 -18 15
AVG. MAXIMUM 60.1 57.3 2.8 56.0
AVG. MINIMUM 37.6 36.2 1.4
MEAN 48.9 46.7 2.2
DAYS MAX >= 90 0 0.0 0.0
DAYS MAX <= 32 0 0.5 -0.5
DAYS MIN <= 32 11 11.6 -0.6
DAYS MIN <= 0 0 0.0 0.0
PRECIPITATION (INCHES)
RECORD
MAXIMUM 12.24 1985
MINIMUM 0.14 1910
TOTALS 1.28 3.56 -2.28 3.87
DAILY AVG. 0.04 0.12 -0.08
DAYS >= .01 7 8.6 -1.6
DAYS >= .10 2 5.4 -3.4
DAYS >= .50 1 2.3 -1.3
DAYS >= 1.00 0 1.1 -1.1
GREATEST
24 HR. TOTAL 0.61 11/30 TO 11/30 1.56
DEGREE DAYS
HEATING TOTAL 485 550 -65 598
SINCE 7/1 719 827 -108 MM
COOLING TOTAL 10 3 7 10
SINCE 1/1 1647 1540 107 MM
FREEZE DATES
RECORD
EARLIEST 05/19/1894
LATEST 09/24/1989
EARLIEST 10/30
LATEST 04/23
..............................................................
WIND (MPH)
AVERAGE WIND SPEED 8.7
RESULTANT WIND SPEED/DIRECTION 3/170
HIGHEST WIND SPEED/DIRECTION 25/220 DATE 11/08
25/190 11/16
25/330 11/21
HIGHEST GUST SPEED/DIRECTION 35/290 DATE 11/26
SKY COVER
POSSIBLE SUNSHINE (PERCENT) MM
AVERAGE SKY COVER 0.23
NUMBER OF DAYS FAIR 22
NUMBER OF DAYS PC 5
NUMBER OF DAYS CLOUDY 3
AVERAGE RH (PERCENT) 64
WEATHER CONDITIONS. NUMBER OF DAYS WITH
THUNDERSTORM 1 MIXED PRECIP 0
HEAVY RAIN 2 RAIN 3
LIGHT RAIN 7 FREEZING RAIN 0
LT FREEZING RAIN 0 HAIL 0
HEAVY SNOW 0 SNOW 0
LIGHT SNOW 1 SLEET 0
FOG 6 FOG W/VIS <= 1/4 MILE 0
HAZE 3
- INDICATES NEGATIVE NUMBERS.
R INDICATES RECORD WAS SET OR TIED.
MM INDICATES DATA IS MISSING.
T INDICATES TRACE AMOUNT.
$$