000
CXUS54 KSHV 041450
CF6SHV
PRELIMINARY LOCAL CLIMATOLOGICAL DATA (WS FORM: F-6)
STATION: SHREVEPORT
MONTH: AUGUST
YEAR: 2023
LATITUDE: 32 28 N
LONGITUDE: 93 49 W
TEMPERATURE IN F: :PCPN: SNOW: WIND :SUNSHINE: SKY :PK WND
================================================================================
1 2 3 4 5 6A 6B 7 8 9 10 11 12 13 14 15 16 17 18
12Z AVG MX 2MIN
DY MAX MIN AVG DEP HDD CDD WTR SNW DPTH SPD SPD DIR MIN PSBL S-S WX SPD DR
================================================================================
1 102 76 89 4 0 24 0.00 0.0 0 5.0 13 130 M M 5 20 60
2 106 80 93 8 0 28 0.00 0.0 0 6.3 16 160 M M 1 21 250
3 104 82 93 8 0 28 0.00 0.0 0 6.2 14 260 M M 1 20 180
4 103 81 92 7 0 27 0.00 0.0 0 6.8 14 240 M M 1 19 250
5 104 81 93 8 0 28 0.00 0.0 0 6.1 17 240 M M 1 23 240
6 101 80 91 6 0 26 0.00 0.0 0 4.9 16 320 M M 4 20 310
7 99 81 90 5 0 25 0.00 0.0 0 7.9 16 150 M M 3 28 270
8 92 75 84 -1 0 19 0.00 0.0 0 7.2 26 20 M M 5 36 360
9 104 78 91 6 0 26 0.00 0.0 0 11.4 21 210 M M 4 32 200
10 105 83 94 10 0 29 T 0.0 0 9.8 23 200 M M 4 35 190
11 105 83 94 10 0 29 0.00 0.0 0 10.2 20 240 M M 4 28 230
12 105 81 93 9 0 28 0.00 0.0 0 7.5 18 240 M M 2 26 240
13 106 80 93 9 0 28 0.00 0.0 0 5.9 17 240 M M 0 26 260
14 106 81 94 10 0 29 0.00 0.0 0 8.4 20 360 M M 1 27 10
15 95 72 84 0 0 19 0.00 0.0 0 8.5 16 20 M M 2 25 70
16 94 68 81 -3 0 16 0.00 0.0 0 6.3 14 110 M M 1 17 110
17 105 67 86 2 0 21 0.00 0.0 0 4.4 12 360 M M 0 16 140
18 109 74 92 8 0 27 0.00 0.0 0 4.4 13 270 M M 0 19 260
19 109 81 95 11 0 30 0.00 0.0 0 6.7 14 270 M M 1 18 10
20 107 80 94 10 0 29 0.00 0.0 0 8.6 21 30 M M 1 29 20
21 107 78 93 9 0 28 0.00 0.0 0 6.2 15 50 M M 1 24 110
22 107 79 93 9 0 28 0.00 0.0 0 6.7 16 120 M M 2 23 100
23 106 78 92 8 0 27 0.00 0.0 0 5.7 13 50 M M 2 20 10
24 109 81 95 12 0 30 0.00 0.0 0 5.5 15 20 M M 4 19 20
25 110 79 95 12 0 30 0.00 0.0 0 4.3 15 170 M M 3 8 23 150
26 110 80 95 12 0 30 0.00 0.0 0 4.2 13 320 M M 4 19 230
27 106 75 91 8 0 26 0.57 0.0 0 7.9 37 320 M M 4 13 50 340
28 95 75 85 2 0 20 0.02 0.0 0 7.6 16 50 M M 5 26 10
29 96 72 84 1 0 19 0.00 0.0 0 9.5 20 40 M M 1 27 10
30 97 71 84 2 0 19 0.00 0.0 0 6.5 17 50 M M 5 24 50
31 97 73 85 3 0 20 0.00 0.0 0 7.3 16 50 M M 2 25 30
================================================================================
SM 3201 2405 0 793 0.59 0.0 213.9 M 74
================================================================================
AV103.3 77.6 6.9 FASTST M M 2 MAX(MPH)
MISC ----> 37 320 50 340
================================================================================
NOTES:
# LAST OF SEVERAL OCCURRENCES
COLUMN 17 PEAK WIND IN M.P.H.
PRELIMINARY LOCAL CLIMATOLOGICAL DATA (WS FORM: F-6) , PAGE 2
STATION: SHREVEPORT
MONTH: AUGUST
YEAR: 2023
LATITUDE: 32 28 N
LONGITUDE: 93 49 W
[TEMPERATURE DATA] [PRECIPITATION DATA] SYMBOLS USED IN COLUMN 16
AVERAGE MONTHLY: 90.4 TOTAL FOR MONTH: 0.59 1 = FOG OR MIST
DPTR FM NORMAL: 6.4 DPTR FM NORMAL: -2.32 2 = FOG REDUCING VISIBILITY
HIGHEST: 110 ON 26,25 GRTST 24HR 0.57 ON 27-27 TO 1/4 MILE OR LESS
LOWEST: 67 ON 17 3 = THUNDER
SNOW, ICE PELLETS, HAIL 4 = ICE PELLETS
TOTAL MONTH: 0.0 INCH 5 = HAIL
GRTST 24HR 0.0 6 = FREEZING RAIN OR DRIZZLE
GRTST DEPTH: 0 7 = DUSTSTORM OR SANDSTORM:
VSBY 1/2 MILE OR LESS
8 = SMOKE OR HAZE
[NO. OF DAYS WITH] [WEATHER - DAYS WITH] 9 = BLOWING SNOW
X = TORNADO
MAX 32 OR BELOW: 0 0.01 INCH OR MORE: 2
MAX 90 OR ABOVE: 31 0.10 INCH OR MORE: 1
MIN 32 OR BELOW: 0 0.50 INCH OR MORE: 1
MIN 0 OR BELOW: 0 1.00 INCH OR MORE: 0
[HDD (BASE 65) ]
TOTAL THIS MO. 0 CLEAR (SCALE 0-3) 18
DPTR FM NORMAL 0 PTCLDY (SCALE 4-7) 13
TOTAL FM JUL 1 0 CLOUDY (SCALE 8-10) 0
DPTR FM NORMAL 0
[CDD (BASE 65) ]
TOTAL THIS MO. 793
DPTR FM NORMAL 206 [PRESSURE DATA]
TOTAL FM JAN 1 2529 HIGHEST SLP M ON M
DPTR FM NORMAL 433 LOWEST SLP 29.83 ON 17
[REMARKS]
#FINAL-08-23#