000
CXUS56 KFGZ 012139
CF6SJN
PRELIMINARY LOCAL CLIMATOLOGICAL DATA (WS FORM: F-6)
STATION: SAINT JOHNS AZ AIRPORT
MONTH: JANUARY
YEAR: 2022
LATITUDE: 34 31 N
LONGITUDE: 109 23 W
TEMPERATURE IN F: :PCPN: SNOW: WIND :SUNSHINE: SKY :PK WND
================================================================================
1 2 3 4 5 6A 6B 7 8 9 10 11 12 13 14 15 16 17 18
12Z AVG MX 2MIN
DY MAX MIN AVG DEP HDD CDD WTR SNW DPTH SPD SPD DIR MIN PSBL S-S WX SPD DR
================================================================================
1 39 11 25 -8 40 0 0.03 M M 15.6 32 290 M M 5 1 42 300
2 39 4 22 -11 43 0 0.00 M M 4.5 12 180 M M 0 15 190
3 43 8 26 -7 39 0 0.00 M M 2.1 9 320 M M 0 11 330
4 55 15 35 2 30 0 0.00 M M 3.3 12 320 M M 0 1 14 310
5 53 18 36 3 29 0 0.00 M M 4.2 14 310 M M 0 21 300
6 60 22 41 8 24 0 0.00 M M 3.2 9 180 M M 0 11 190
7 64 21 43 10 22 0 0.00 M M 4.7 20 250 M M 0 27 250
8 55 32 44 11 21 0 0.00 M M 9.1 23 250 M M 1 30 270
9 53 19 36 2 29 0 0.00 M M 3.7 12 80 M M 0 8 15 70
10 53 13 33 -1 32 0 0.00 M M 5.0 18 80 M M 0 18 22 90
11 50 16 33 -1 32 0 0.00 M M 4.2 13 320 M M 0 17 330
12 52 13 33 -1 32 0 0.00 M M 4.0 10 320 M M 0 13 340
13 54 17 36 2 29 0 0.00 M M 3.3 9 180 M M 0 11 180
14 57 25 41 7 24 0 0.00 M M 7.7 23 350 M M 1 28 360
15 47 13 30 -4 35 0 0.00 M M 4.3 9 350 M M 0 8 13 360
16 55 11 33 -1 32 0 0.00 M M 2.8 10 310 M M 0 13 310
17 56 14 35 0 30 0 0.00 M M 3.5 14 230 M M 0 19 240
18 52 24 38 3 27 0 0.05 M M 4.9 22 310 M M 7 1 26 310
19 47 24 36 1 29 0 T M M 3.2 13 320 M M 7 15 320
20 42 20 31 -4 34 0 0.00 M M 3.8 12 170 M M 3 18 13 180
21 54 14 34 -1 31 0 0.00 M M 4.1 14 350 M M 0 18 270
22 50 22 36 1 29 0 0.00 M M 8.1 24 120 M M 5 31 110
23 52 22 37 2 28 0 0.00 M M 5.4 13 300 M M 3 17 330
24 52 20 36 0 29 0 0.00 M M 5.8 16 300 M M 0 20 310
25 56 15 36 0 29 0 T M M 8.2 23 240 M M 2 1 28 250
26 44 22 33 -3 32 0 T M M 5.0 14 290 M M 3 1 16 300
27 47 12 30 -6 35 0 0.00 M M 5.2 18 320 M M 0 1 23 330
28 51 10 31 -5 34 0 0.00 M M 5.4 15 40 M M 0 19 40
29 51 8 30 -6 35 0 0.00 M M 3.4 13 290 M M 0 8 16 280
30 46 28 37 1 28 0 0.00 M M 4.6 13 330 M M 7 15 330
31 56 14 35 -1 30 0 0.00 M M 4.3 14 230 M M 0 18 240
================================================================================
SM 1585 527 953 0 0.08 M 156.6 M 44
================================================================================
AV 51.1 17.0 5.1 FASTST M M 1 MAX(MPH)
MISC ----> 32 290 42 300
================================================================================
NOTES:
# LAST OF SEVERAL OCCURRENCES
COLUMN 17 PEAK WIND IN M.P.H.
PRELIMINARY LOCAL CLIMATOLOGICAL DATA (WS FORM: F-6) , PAGE 2
STATION: SAINT JOHNS AZ AIRPORT
MONTH: JANUARY
YEAR: 2022
LATITUDE: 34 31 N
LONGITUDE: 109 23 W
[TEMPERATURE DATA] [PRECIPITATION DATA] SYMBOLS USED IN COLUMN 16
AVERAGE MONTHLY: 34.1 TOTAL FOR MONTH: 0.08 1 = FOG OR MIST
DPTR FM NORMAL: -0.3 DPTR FM NORMAL: -0.35 2 = FOG REDUCING VISIBILITY
HIGHEST: 64 ON 7 GRTST 24HR 0.07 ON 31- 1 TO 1/4 MILE OR LESS
LOWEST: 4 ON 2 3 = THUNDER
SNOW, ICE PELLETS, HAIL 4 = ICE PELLETS
TOTAL MONTH: M 5 = HAIL
GRTST 24HR M ON M 6 = FREEZING RAIN OR DRIZZLE
GRTST DEPTH: M ON M 7 = DUSTSTORM OR SANDSTORM:
VSBY 1/2 MILE OR LESS
8 = SMOKE OR HAZE
[NO. OF DAYS WITH] [WEATHER - DAYS WITH] 9 = BLOWING SNOW
X = TORNADO
MAX 32 OR BELOW: 0 0.01 INCH OR MORE: 2
MAX 90 OR ABOVE: 0 0.10 INCH OR MORE: 0
MIN 32 OR BELOW: 31 0.50 INCH OR MORE: 0
MIN 0 OR BELOW: 0 1.00 INCH OR MORE: 0
[HDD (BASE 65) ]
TOTAL THIS MO. 953 CLEAR (SCALE 0-3) 26
DPTR FM NORMAL 6 PTCLDY (SCALE 4-7) 5
TOTAL FM JUL 1 2756 CLOUDY (SCALE 8-10) 0
DPTR FM NORMAL -208
[CDD (BASE 65) ]
TOTAL THIS MO. 0
DPTR FM NORMAL 0 [PRESSURE DATA]
TOTAL FM JAN 1 0 HIGHEST SLP 30.65 ON 10
DPTR FM NORMAL 0 LOWEST SLP 29.42 ON 1
[REMARKS]
#FINAL-01-22#