000
CXUS54 KSJT 011000
CF6SJT
PRELIMINARY LOCAL CLIMATOLOGICAL DATA (WS FORM: F-6)
STATION: SAN ANGELO
MONTH: JULY
YEAR: 2021
LATITUDE: 31 21 N
LONGITUDE: 100 30 W
TEMPERATURE IN F: :PCPN: SNOW: WIND :SUNSHINE: SKY :PK WND
================================================================================
1 2 3 4 5 6A 6B 7 8 9 10 11 12 13 14 15 16 17 18
12Z AVG MX 2MIN
DY MAX MIN AVG DEP HDD CDD WTR SNW DPTH SPD SPD DIR MIN PSBL S-S WX SPD DR
================================================================================
1 94 70 82 -2 0 17 0.00 0.0 0 3.9 10 180 M M 3 16 180
2 95 73 84 0 0 19 0.00 0.0 0 6.3 26 80 M M 2 3 36 90
3 84 69 77 -7 0 12 0.64 0.0 0 5.6 31 320 M M 6 13 42 330
4 93 73 83 -1 0 18 0.15 0.0 0 5.2 24 20 M M 4 13 33 30
5 82 72 77 -7 0 12 0.07 0.0 0 5.1 16 60 M M 5 13 24 20
6 86 69 78 -6 0 13 0.16 0.0 0 5.2 22 90 M M 4 128 30 90
7 89 70 80 -4 0 15 0.00 0.0 0 5.4 14 80 M M 3 1 20 50
8 91 67 79 -5 0 14 0.00 0.0 0 5.6 16 70 M M 0 22 60
9 90 70 80 -4 0 15 T 0.0 0 8.2 21 100 M M 5 27 110
10 91 70 81 -3 0 16 0.00 0.0 0 8.3 17 160 M M 5 26 180
11 95 69 82 -2 0 17 1.92 0.0 0 8.3 37 250 M M 5 1238 49 250
12 89 67 78 -7 0 13 0.42 0.0 0 4.3 28 170 M M 3 13 40 170
13 90 67 79 -6 0 14 0.00 0.0 0 7.5 22 130 M M 0 1 31 130
14 91 68 80 -5 0 15 0.00 0.0 0 9.8 20 180 M M 2 27 160
15 94 72 83 -2 0 18 0.00 0.0 0 10.4 18 200 M M 1 26 200
16 95 70 83 -2 0 18 0.00 0.0 0 8.7 16 180 M M 1 26 180
17 93 75 84 -1 0 19 0.00 0.0 0 8.8 15 150 M M 2 22 160
18 95 73 84 -1 0 19 0.00 0.0 0 5.4 12 120 M M 2 17 150
19 93 71 82 -3 0 17 0.25 0.0 0 5.4 29 30 M M 3 13 35 30
20 90 67 79 -6 0 14 0.00 0.0 0 6.4 20 40 M M 1 1 29 50
21 91 64 78 -7 0 13 0.00 0.0 0 4.9 13 110 M M 1 1 19 50
22 95 66 81 -4 0 16 T 0.0 0 7.2 21 130 M M 2 13 27 130
23 100 70 85 0 0 20 0.00 0.0 0 10.5 22 200 M M 2 31 200
24 101 75 88 2 0 23 0.00 0.0 0 8.1 15 160 M M 0 21 180
25 102 69 86 0 0 21 0.00 0.0 0 6.7 13 220 M M 0 22 250
26 101 69 85 -1 0 20 0.00 0.0 0 6.9 17 130 M M 0 25 140
27 101 68 85 -1 0 20 0.00 0.0 0 6.1 18 140 M M 0 26 150
28 97 71 84 -2 0 19 0.05 0.0 0 5.5 20 180 M M 2 38 29 190
29 96 67 82 -4 0 17 0.00 0.0 0 4.0 14 120 M M 1 3 19 130
30 97 71 84 -2 0 19 0.00 0.0 0 4.9 14 90 M M 1 20 90
31 100 70 85 -1 0 20 0.00 M M 5.0 12 160 M M 1 18 150
================================================================================
SM 2901 2162 0 523 3.66 0.0 203.6 M 67
================================================================================
AV 93.6 69.7 6.6 FASTST M M 2 MAX(MPH)
MISC ----> 37 250 49 250
================================================================================
NOTES:
# LAST OF SEVERAL OCCURRENCES
COLUMN 17 PEAK WIND IN M.P.H.
PRELIMINARY LOCAL CLIMATOLOGICAL DATA (WS FORM: F-6) , PAGE 2
STATION: SAN ANGELO
MONTH: JULY
YEAR: 2021
LATITUDE: 31 21 N
LONGITUDE: 100 30 W
[TEMPERATURE DATA] [PRECIPITATION DATA] SYMBOLS USED IN COLUMN 16
AVERAGE MONTHLY: 81.7 TOTAL FOR MONTH: 3.66 1 = FOG OR MIST
DPTR FM NORMAL: -3.1 DPTR FM NORMAL: 2.56 2 = FOG REDUCING VISIBILITY
HIGHEST: 102 ON 25 GRTST 24HR 2.34 ON 11-12 TO 1/4 MILE OR LESS
LOWEST: 64 ON 21 3 = THUNDER
SNOW, ICE PELLETS, HAIL 4 = ICE PELLETS
TOTAL MONTH: 0.0 INCH 5 = HAIL
GRTST 24HR 0.0 6 = FREEZING RAIN OR DRIZZLE
GRTST DEPTH: 0 7 = DUSTSTORM OR SANDSTORM:
VSBY 1/2 MILE OR LESS
8 = SMOKE OR HAZE
[NO. OF DAYS WITH] [WEATHER - DAYS WITH] 9 = BLOWING SNOW
X = TORNADO
MAX 32 OR BELOW: 0 0.01 INCH OR MORE: 8
MAX 90 OR ABOVE: 26 0.10 INCH OR MORE: 6
MIN 32 OR BELOW: 0 0.50 INCH OR MORE: 2
MIN 0 OR BELOW: 0 1.00 INCH OR MORE: 1
[HDD (BASE 65) ]
TOTAL THIS MO. 0 CLEAR (SCALE 0-3) 23
DPTR FM NORMAL 0 PTCLDY (SCALE 4-7) 8
TOTAL FM JUL 1 0 CLOUDY (SCALE 8-10) 0
DPTR FM NORMAL 0
[CDD (BASE 65) ]
TOTAL THIS MO. 523
DPTR FM NORMAL -92 [PRESSURE DATA]
TOTAL FM JAN 1 1445 HIGHEST SLP 30.14 ON 13
DPTR FM NORMAL -216 LOWEST SLP 29.80 ON 25
[REMARKS]
#FINAL-07-21#