000
CXUS56 KSLC 010810
CF6SLC
PRELIMINARY LOCAL CLIMATOLOGICAL DATA (WS FORM: F-6)
STATION: SALT LAKE CITY UT
MONTH: JULY
YEAR: 2023
LATITUDE: 40 46 N
LONGITUDE: 111 58 W
TEMPERATURE IN F: :PCPN: SNOW: WIND :SUNSHINE: SKY :PK WND
================================================================================
1 2 3 4 5 6A 6B 7 8 9 10 11 12 13 14 15 16 17 18
12Z AVG MX 2MIN
DY MAX MIN AVG DEP HDD CDD WTR SNW DPTH SPD SPD DIR MIN PSBL S-S WX SPD DR
================================================================================
1 94 68 81 4 0 16 T 0.0 0 8.4 31 30 M M 0 44 30
2 97 72 85 7 0 20 0.00 0.0 0 8.0 17 110 M M 0 28 110
3 101 72 87 9 0 22 T 0.0 0 8.7 38 270 M M 2 38 57 270
4 89 69 79 1 0 14 T 0.0 0 7.1 18 10 M M 3 29 360
5 91 63 77 -2 0 12 0.00 0.0 0 5.7 15 350 M M 1 20 10
6 92 57 75 -4 0 10 0.01 0.0 0 6.9 18 350 M M 3 3 27 360
7 97 72 85 5 0 20 0.00 0.0 0 8.5 16 170 M M 1 21 210
8 95 70 83 3 0 18 0.00 0.0 0 6.4 16 150 M M 0 21 320
9 100 73 87 7 0 22 0.00 0.0 0 10.4 18 130 M M 1 3 29 170
10 98 74 86 6 0 21 0.00 0.0 0 13.2 28 180 M M 0 41 200
11 98 73 86 5 0 21 0.00 0.0 0 10.8 21 230 M M 0 8 31 210
12 98 68 83 2 0 18 0.00 0.0 0 7.5 18 10 M M 0 8 29 330
13 97 72 85 4 0 20 0.00 0.0 0 7.0 16 20 M M 0 22 300
14 93 69 81 0 0 16 0.00 0.0 0 7.0 18 330 M M 0 26 340
15 97 68 83 1 0 18 0.00 0.0 0 7.7 16 310 M M 0 25 360
16 106 74 90 8 0 25 0.00 0.0 0 8.9 14 170 M M 0 19 160
17 105 81 93 11 0 28 0.00 0.0 0 12.1 24 360 M M 1 31 350
18 98 78 88 6 0 23 T 0.0 0 10.0 31 160 M M 2 8 44 160
19 96 69 83 1 0 18 0.02 0.0 0 8.5 30 280 M M 2 38 40 280
20 93 68 81 -1 0 16 0.00 0.0 0 6.7 14 160 M M 1 19 340
21 102 73 88 6 0 23 0.00 0.0 0 8.2 16 10 M M 0 23 10
22 106 75 91 8 0 26 0.00 0.0 0 7.5 17 340 M M 0 26 330
23 104 82 93 10 0 28 T 0.0 0 10.6 35 300 M M 1 8 54 300
24 100 73 87 4 0 22 0.03 0.0 0 9.7 33 170 M M 2 38 47 170
25 97 69 83 0 0 18 0.00 0.0 0 6.7 23 140 M M 1 30 140
26 98 76 87 4 0 22 T 0.0 0 13.1 25 140 M M 1 3 33 180
27 102 78 90 7 0 25 T 0.0 0 11.8 26 170 M M 3 3 35 180
28 102 71 87 4 0 22 0.00 0.0 0 6.9 17 170 M M 0 26 170
29 103 73 88 5 0 23 0.00 0.0 0 7.1 24 160 M M 0 33 150
30 102 79 91 8 0 26 T 0.0 0 11.2 24 140 M M 1 3 39 120
31 97 79 88 6 0 23 0.00 0.0 0 13.6 25 190 M M 2 36 200
================================================================================
SM 3048 2238 0 636 0.06 0.0 275.9 M 28
================================================================================
AV 98.3 72.2 8.9 FASTST M M 1 MAX(MPH)
MISC ----> 38 270 57 270
================================================================================
NOTES:
# LAST OF SEVERAL OCCURRENCES
COLUMN 17 PEAK WIND IN M.P.H.
PRELIMINARY LOCAL CLIMATOLOGICAL DATA (WS FORM: F-6) , PAGE 2
STATION: SALT LAKE CITY UT
MONTH: JULY
YEAR: 2023
LATITUDE: 40 46 N
LONGITUDE: 111 58 W
[TEMPERATURE DATA] [PRECIPITATION DATA] SYMBOLS USED IN COLUMN 16
AVERAGE MONTHLY: 85.3 TOTAL FOR MONTH: 0.06 1 = FOG OR MIST
DPTR FM NORMAL: 4.2 DPTR FM NORMAL: -0.43 2 = FOG REDUCING VISIBILITY
HIGHEST: 106 ON 22,16 GRTST 24HR 0.03 ON 24-24 TO 1/4 MILE OR LESS
LOWEST: 57 ON 6 3 = THUNDER
SNOW, ICE PELLETS, HAIL 4 = ICE PELLETS
TOTAL MONTH: 0.0 INCH 5 = HAIL
GRTST 24HR 0.0 6 = FREEZING RAIN OR DRIZZLE
GRTST DEPTH: 0 7 = DUSTSTORM OR SANDSTORM:
VSBY 1/2 MILE OR LESS
8 = SMOKE OR HAZE
[NO. OF DAYS WITH] [WEATHER - DAYS WITH] 9 = BLOWING SNOW
X = TORNADO
MAX 32 OR BELOW: 0 0.01 INCH OR MORE: 3
MAX 90 OR ABOVE: 30 0.10 INCH OR MORE: 0
MIN 32 OR BELOW: 0 0.50 INCH OR MORE: 0
MIN 0 OR BELOW: 0 1.00 INCH OR MORE: 0
[HDD (BASE 65) ]
TOTAL THIS MO. 0 CLEAR (SCALE 0-3) 31
DPTR FM NORMAL -1 PTCLDY (SCALE 4-7) 0
TOTAL FM JUL 1 0 CLOUDY (SCALE 8-10) 0
DPTR FM NORMAL 0
[CDD (BASE 65) ]
TOTAL THIS MO. 636
DPTR FM NORMAL 136 [PRESSURE DATA]
TOTAL FM JAN 1 980 HIGHEST SLP M ON M
DPTR FM NORMAL 178 LOWEST SLP 25.75 ON 31
[REMARKS]
#FINAL-07-23#