000
CXUS56 KLOX 011255
CF6SMO
PRELIMINARY LOCAL CLIMATOLOGICAL DATA (WS FORM: F-6)
STATION: SANTA MONICA AIRPORT CA
MONTH: JANUARY
YEAR: 2023
LATITUDE: 34 0 N
LONGITUDE: 118 27 W
TEMPERATURE IN F: :PCPN: SNOW: WIND :SUNSHINE: SKY :PK WND
================================================================================
1 2 3 4 5 6A 6B 7 8 9 10 11 12 13 14 15 16 17 18
12Z AVG MX 2MIN
DY MAX MIN AVG DEP HDD CDD WTR SNW DPTH SPD SPD DIR MIN PSBL S-S WX SPD DR
================================================================================
1 63 49 56 -1 9 0 0.01 M M 5.5 18 240 M M 4 28 260
2 57 47 52 -5 13 0 0.01 M M 3.0 10 240 M M 4 14 240
3 58 49 54 -3 11 0 0.09 M M 6.8 14 70 M M 10 18 19 70
4 61 56 59 2 6 0 0.49 M M 7.5 14 140 M M 10 1 19 140
5 61 49 55 -2 10 0 1.28 M M 7.7 18 140 M M 8 1 27 120
6 60 45 53 -4 12 0 0.00 M M 2.6 10 260 M M 0 16 260
7 68 49 59 2 6 0 0.00 M M 3.1 9 230 M M 0 12 240
8 63 47 55 -2 10 0 T M M 2.9 8 260 M M 7 11 280
9 59 51 55 -2 10 0 1.28 M M 8.2 17 140 M M 10 13 24 150
10 60 51 56 -1 9 0 0.48 M M 7.5 24 230 M M 7 1 32 210
11 61 46 54 -3 11 0 0.00 M M 2.3 8 240 M M 1 11 230
12 72 50 61 4 4 0 0.00 M M 5.4 12 30 M M 0 19 20
13 64 51 58 0 7 0 0.00 M M 2.3 9 230 M M 0 12 30
14 57 51 54 -4 11 0 2.23 M M 3.9 16 100 M M 7 1 21 90
15 58 50 54 -4 11 0 0.65 M M 4.5 15 100 M M 8 1 20 120
16 59 46 53 -5 12 0 0.35 M M 7.1 17 260 M M 6 1 26 250
17 58 42 50 -8 15 0 0.00 M M 5.9 13 10 M M 0 20 10
18 61 42 52 -6 13 0 0.00 M M M 9 240 M M 0 14 190
19 57 42 50 -8 15 0 0.01 M M 4.9 12 360 M M 3 1 20 350
20 59 43 51 -7 14 0 0.00 M M 4.5 10 240 M M 0 19 360
21 63 39 51 -7 14 0 0.00 M M 3.5 10 210 M M 0 14 220
22 59 40 50 -7 15 0 0.00 M M 6.7 21 30 M M 0 32 360
23 69 46 58 1 7 0 0.00 M M 5.5 16 20 M M 0 23 20
24 65 42 54 -3 11 0 0.00 M M 3.1 10 220 M M 0 13 80
25 69 42 56 -1 9 0 0.00 M M 3.4 9 220 M M 0 12 250
26 66 45 56 -1 9 0 0.00 M M 5.2 15 220 M M 0 18 220
27 66 45 56 -1 9 0 0.00 M M 4.1 9 230 M M 0 12 230
28 63 46 55 -2 10 0 0.00 M M 3.6 10 220 M M 5 15 230
29 58 48 53 -4 12 0 0.25 M M 5.3 16 220 M M 9 1 22 210
30 59 47 53 -4 12 0 0.31 M M 4.3 12 200 M M 8 1 16 60
31 66 44 55 -2 10 0 0.00 M M 5.9 20 20 M M 0 31 30
================================================================================
SM 1919 1440 327 0 7.44 M 146.2 M 107
================================================================================
AV 61.9 46.5 4.9 FASTST M M 3 MAX(MPH)
MISC ----> 24 230 # 32 210
================================================================================
NOTES:
# LAST OF SEVERAL OCCURRENCES
COLUMN 17 PEAK WIND IN M.P.H.
PRELIMINARY LOCAL CLIMATOLOGICAL DATA (WS FORM: F-6) , PAGE 2
STATION: SANTA MONICA AIRPORT CA
MONTH: JANUARY
YEAR: 2023
LATITUDE: 34 0 N
LONGITUDE: 118 27 W
[TEMPERATURE DATA] [PRECIPITATION DATA] SYMBOLS USED IN COLUMN 16
AVERAGE MONTHLY: 54.2 TOTAL FOR MONTH: 7.44 1 = FOG OR MIST
DPTR FM NORMAL: -3.1 DPTR FM NORMAL: 4.16 2 = FOG REDUCING VISIBILITY
HIGHEST: 72 ON 12 GRTST 24HR 2.23 ON 14-14 TO 1/4 MILE OR LESS
LOWEST: 39 ON 21 3 = THUNDER
SNOW, ICE PELLETS, HAIL 4 = ICE PELLETS
TOTAL MONTH: M 5 = HAIL
GRTST 24HR M ON M 6 = FREEZING RAIN OR DRIZZLE
GRTST DEPTH: M ON M 7 = DUSTSTORM OR SANDSTORM:
VSBY 1/2 MILE OR LESS
8 = SMOKE OR HAZE
[NO. OF DAYS WITH] [WEATHER - DAYS WITH] 9 = BLOWING SNOW
X = TORNADO
MAX 32 OR BELOW: 0 0.01 INCH OR MORE: 13
MAX 90 OR ABOVE: 0 0.10 INCH OR MORE: 9
MIN 32 OR BELOW: 0 0.50 INCH OR MORE: 4
MIN 0 OR BELOW: 0 1.00 INCH OR MORE: 3
[HDD (BASE 65) ]
TOTAL THIS MO. 327 CLEAR (SCALE 0-3) 17
DPTR FM NORMAL 83 PTCLDY (SCALE 4-7) 10
TOTAL FM JUL 1 802 CLOUDY (SCALE 8-10) 4
DPTR FM NORMAL 99
[CDD (BASE 65) ]
TOTAL THIS MO. 0
DPTR FM NORMAL -7 [PRESSURE DATA]
TOTAL FM JAN 1 0 HIGHEST SLP 30.39 ON 26
DPTR FM NORMAL -7 LOWEST SLP 29.67 ON 16
[REMARKS]
#FINAL-01-23#