000
CXUS56 KSGX 011145
CF6SNA
PRELIMINARY LOCAL CLIMATOLOGICAL DATA (WS FORM: F-6)
STATION: JOHN WAYNE AIRPORT CA
MONTH: FEBRUARY
YEAR: 2022
LATITUDE: 33 40 N
LONGITUDE: 117 53 W
TEMPERATURE IN F: :PCPN: SNOW: WIND :SUNSHINE: SKY :PK WND
================================================================================
1 2 3 4 5 6A 6B 7 8 9 10 11 12 13 14 15 16 17 18
12Z AVG MX 2MIN
DY MAX MIN AVG DEP HDD CDD WTR SNW DPTH SPD SPD DIR MIN PSBL S-S WX SPD DR
================================================================================
1 66 52 59 1 6 0 0.00 M M 4.3 13 210 M M 5 17 200
2 69 46 58 0 7 0 0.00 M M 9.9 26 50 M M 0 33 60
3 68 46 57 -1 8 0 0.00 M M 4.0 15 200 M M 1 19 60
4 75 46 61 3 4 0 0.00 M M 5.5 20 60 M M 1 23 60
5 74 44 59 1 6 0 0.00 M M 2.9 13 210 M M 1 16 210
6 74 45 60 2 5 0 0.00 M M 4.3 13 60 M M 0 23 80
7 81 50 66 8 0 1 0.00 M M 3.7 13 200 M M 0 16 270
8 80 50 65 7 0 0 0.00 M M 3.1 12 190 M M 1 14 200
9 91 50 71 13 0 6 0.00 M M 4.0 20 60 M M 0 8 29 80
10 91 64 78 20 0 13 0.00 M M 11.6 31 40 M M 0 8 42 60
11 84 57 71 13 0 6 0.00 M M 2.8 12 190 M M 0 14 190
12 89 53 71 13 0 6 0.00 M M 2.2 16 210 M M 1 18 200
13 85 55 70 12 0 5 0.00 M M 2.6 9 220 M M 1 12 220
14 70 53 62 4 3 0 0.00 M M 5.1 15 200 M M 4 18 200
15 65 50 58 0 7 0 0.08 M M 8.6 18 230 M M 8 35 25 310
16 64 46 55 -3 10 0 0.00 M M 5.8 15 180 M M 1 20 190
17 74 50 62 4 3 0 0.00 M M 6.1 25 70 M M 0 33 50
18 70 47 59 1 6 0 0.00 M M 3.3 13 200 M M 1 16 200
19 73 48 61 3 4 0 0.00 M M 2.9 12 200 M M 2 15 210
20 67 54 61 3 4 0 0.00 M M 4.1 13 210 M M 6 18 190
21 62 57 60 2 5 0 0.00 M M 6.9 14 210 M M 9 20 230
22 62 50 56 -3 9 0 0.02 M M 7.7 18 230 M M 8 25 220
23 59 46 53 -6 12 0 0.01 M M 5.1 16 230 M M 4 24 260
24 65 41 53 -6 12 0 0.00 M M 3.6 14 220 M M 0 19 220
25 64 42 53 -6 12 0 0.00 M M 3.3 12 180 M M 0 17 200
26 74 43 59 0 6 0 0.00 M M 4.0 14 200 M M 2 19 100
27 76 44 60 1 5 0 0.00 M M 2.7 12 210 M M 2 15 220
28 81 48 65 6 0 0 0.00 M M 4.3 15 200 M M 1 18 200
================================================================================
SM 2053 1377 134 37 0.11 M 134.4 M 59
================================================================================
AV 73.3 49.2 4.8 FASTST M M 2 MAX(MPH)
MISC ----> 31 40 42 60
================================================================================
NOTES:
# LAST OF SEVERAL OCCURRENCES
COLUMN 17 PEAK WIND IN M.P.H.
PRELIMINARY LOCAL CLIMATOLOGICAL DATA (WS FORM: F-6) , PAGE 2
STATION: JOHN WAYNE AIRPORT CA
MONTH: FEBRUARY
YEAR: 2022
LATITUDE: 33 40 N
LONGITUDE: 117 53 W
[TEMPERATURE DATA] [PRECIPITATION DATA] SYMBOLS USED IN COLUMN 16
AVERAGE MONTHLY: 61.3 TOTAL FOR MONTH: 0.11 1 = FOG OR MIST
DPTR FM NORMAL: 2.8 DPTR FM NORMAL: -2.53 2 = FOG REDUCING VISIBILITY
HIGHEST: 91 ON 10, 9 GRTST 24HR 0.08 ON 15-15 TO 1/4 MILE OR LESS
LOWEST: 41 ON 24 3 = THUNDER
SNOW, ICE PELLETS, HAIL 4 = ICE PELLETS
TOTAL MONTH: M 5 = HAIL
GRTST 24HR M ON M 6 = FREEZING RAIN OR DRIZZLE
GRTST DEPTH: M ON M 7 = DUSTSTORM OR SANDSTORM:
VSBY 1/2 MILE OR LESS
8 = SMOKE OR HAZE
[NO. OF DAYS WITH] [WEATHER - DAYS WITH] 9 = BLOWING SNOW
X = TORNADO
MAX 32 OR BELOW: 0 0.01 INCH OR MORE: 3
MAX 90 OR ABOVE: 2 0.10 INCH OR MORE: 0
MIN 32 OR BELOW: 0 0.50 INCH OR MORE: 0
MIN 0 OR BELOW: 0 1.00 INCH OR MORE: 0
[HDD (BASE 65) ]
TOTAL THIS MO. 134 CLEAR (SCALE 0-3) 21
DPTR FM NORMAL -58 PTCLDY (SCALE 4-7) 6
TOTAL FM JUL 1 545 CLOUDY (SCALE 8-10) 1
DPTR FM NORMAL -241
[CDD (BASE 65) ]
TOTAL THIS MO. 37
DPTR FM NORMAL 30 [PRESSURE DATA]
TOTAL FM JAN 1 46 HIGHEST SLP 30.37 ON 4
DPTR FM NORMAL 39 LOWEST SLP 29.74 ON 15
[REMARKS]
#FINAL-02-22#