000
CXUS55 KPUB 011210
CF6SPD
PRELIMINARY LOCAL CLIMATOLOGICAL DATA (WS FORM: F-6)
STATION: SPRINGFIELD CO
MONTH: MAY
YEAR: 2020
LATITUDE: 37 16 N
LONGITUDE: 102 37 W
TEMPERATURE IN F: :PCPN: SNOW: WIND :SUNSHINE: SKY :PK WND
================================================================================
1 2 3 4 5 6A 6B 7 8 9 10 11 12 13 14 15 16 17 18
12Z AVG MX 2MIN
DY MAX MIN AVG DEP HDD CDD WTR SNW DPTH SPD SPD DIR MIN PSBL S-S WX SPD DR
================================================================================
1 91 54 73 17 0 8 0.00 M M 10.5 20 320 M M 0 26 320
2 78 45 62 5 3 0 0.00 M M 14.0 24 20 M M 0 31 50
3 86 49 68 11 0 3 0.00 M M 14.9 29 140 M M 0 42 180
4 83 50 67 10 0 2 0.05 M M 18.4 43 310 M M 0 54 310
5 75 48 62 4 3 0 0.00 M M 7.0 20 180 M M 0 26 170
6 76 44 60 2 5 0 0.00 M M 13.2 26 120 M M 0 33 120
7 84 42 63 5 2 0 0.00 M M 17.7 43 20 M M 0 58 10
8 61 40 51 -8 14 0 0.00 M M 15.2 32 360 M M 0 44 360
9 72 40 56 -3 9 0 0.00 M M 18.3 32 360 M M 0 44 350
10 66 32 49 -10 16 0 0.00 M M 14.6 25 120 M M 0 33 130
11 57 35 46 -14 19 0 0.05 M M 17.7 32 120 M M 0 43 120
12 58 35 47 -13 18 0 0.00 M M 14.0 24 130 M M 0 34 140
13 90 48 69 9 0 4 0.01 M M 14.3 26 230 M M 0 39 230
14 81 48 65 4 0 0 0.00 M M 13.9 22 360 M M 0 31 320
15 79 50 65 4 0 0 0.26 M M 12.9 31 150 M M 0 44 120
16 78 52 65 4 0 0 0.08 M M 9.2 21 360 M M 0 30 360
17 83 54 69 7 0 4 0.00 M M 9.5 22 200 M M 0 30 200
18 89 47 68 6 0 3 0.00 M M 12.5 24 140 M M 0 37 120
19 88 53 71 9 0 6 0.00 0.0 M 16.9 31 150 M M 0 40 150
20 90 53 72 9 0 7 0.00 M M 20.7 39 140 M M 0 48 140
21 86 50 68 5 0 3 0.01 M M 15.5 31 20 M M 0 39 20
22 87 47 67 4 0 2 0.00 M M 12.2 30 110 M M 0 41 130
23 93 58 76 12 0 11 0.00 M M 17.3 31 190 M M 0 47 210
24 73 48 61 -3 4 0 M M M 12.9 33 320 M M 0 3 44 30
25 70 45 58 -6 7 0 0.02 M M M M M M M 0 M M
26 83 43 63 -2 2 0 0.00 M M M M M M M 0 M M
27 85 50 68 3 0 3 0.00 M M 9.9 23 80 M M 0 33 90
28 82 55 69 4 0 4 0.00 M M 8.9 21 80 M M 0 30 60
29 93 56 75 9 0 10 0.00 M M 15.8 24 210 M M 0 48 160
30 96 62 79 13 0 14 0.00 M M 13.7 24 220 M M 0 48 210
31 93 64 79 13 0 14 0.00 M M 16.7 25 230 M M 0 59 200
================================================================================
SM 2506 1497 102 98 0.48 0.0 408.3 M 0
================================================================================
AV 80.8 48.3 14.1 FASTST M M 0 MAX(MPH)
MISC ----> # 43 310 59 200
================================================================================
NOTES:
# LAST OF SEVERAL OCCURRENCES
COLUMN 17 PEAK WIND IN M.P.H.
PRELIMINARY LOCAL CLIMATOLOGICAL DATA (WS FORM: F-6) , PAGE 2
STATION: SPRINGFIELD CO
MONTH: MAY
YEAR: 2020
LATITUDE: 37 16 N
LONGITUDE: 102 37 W
[TEMPERATURE DATA] [PRECIPITATION DATA] SYMBOLS USED IN COLUMN 16
AVERAGE MONTHLY: 64.6 TOTAL FOR MONTH: 0.48 1 = FOG OR MIST
DPTR FM NORMAL: 3.3 DPTR FM NORMAL: -1.88 2 = FOG REDUCING VISIBILITY
HIGHEST: 96 ON 30 GRTST 24HR 0.34 ON 15-16 TO 1/4 MILE OR LESS
LOWEST: 32 ON 10 3 = THUNDER
SNOW, ICE PELLETS, HAIL 4 = ICE PELLETS
TOTAL MONTH: 0.0 INCH 5 = HAIL
GRTST 24HR 0.0 6 = FREEZING RAIN OR DRIZZLE
GRTST DEPTH: M ON M 7 = DUSTSTORM OR SANDSTORM:
VSBY 1/2 MILE OR LESS
8 = SMOKE OR HAZE
[NO. OF DAYS WITH] [WEATHER - DAYS WITH] 9 = BLOWING SNOW
X = TORNADO
MAX 32 OR BELOW: 0 0.01 INCH OR MORE: 7
MAX 90 OR ABOVE: 7 0.10 INCH OR MORE: 1
MIN 32 OR BELOW: 1 0.50 INCH OR MORE: 0
MIN 0 OR BELOW: 0 1.00 INCH OR MORE: 0
[HDD (BASE 65) ]
TOTAL THIS MO. 102 CLEAR (SCALE 0-3) 31
DPTR FM NORMAL -61 PTCLDY (SCALE 4-7) 0
TOTAL FM JUL 1 5052 CLOUDY (SCALE 8-10) 0
DPTR FM NORMAL -209
[CDD (BASE 65) ]
TOTAL THIS MO. 98
DPTR FM NORMAL 48 [PRESSURE DATA]
TOTAL FM JAN 1 100 HIGHEST SLP 30.34 ON 8
DPTR FM NORMAL 46 LOWEST SLP 29.45 ON 23
[REMARKS]
#FINAL-05-20#