000
CXUS53 KILX 011428
CF6SPI
PRELIMINARY LOCAL CLIMATOLOGICAL DATA (WS FORM: F-6)
STATION: SPRINGFIELD IL
MONTH: NOVEMBER
YEAR: 2021
LATITUDE: 39 50 N
LONGITUDE: 89 41 W
TEMPERATURE IN F: :PCPN: SNOW: WIND :SUNSHINE: SKY :PK WND
================================================================================
1 2 3 4 5 6A 6B 7 8 9 10 11 12 13 14 15 16 17 18
12Z AVG MX 2MIN
DY MAX MIN AVG DEP HDD CDD WTR SNW DPTH SPD SPD DIR MIN PSBL S-S WX SPD DR
================================================================================
1 44 34 39 -10 26 0 0.00 0.0 0 6.2 13 270 M M 6 19 310
2 49 29 39 -10 26 0 0.00 0.0 0 5.3 15 300 M M 2 20 310
3 51 27 39 -10 26 0 0.00 0.0 0 3.0 15 300 M M 2 21 300
4 52 26 39 -9 26 0 0.00 0.0 0 1.2 8 190 M M 0 1 13 240
5 53 29 41 -7 24 0 0.00 0.0 0 6.5 16 170 M M 0 21 170
6 60 34 47 0 18 0 0.00 0.0 0 7.5 14 190 M M 0 18 180
7 67 38 53 6 12 0 0.00 0.0 0 9.0 18 170 M M 0 26 180
8 70 44 57 11 8 0 0.00 0.0 0 8.1 17 190 M M 0 24 190
9 61 46 54 8 11 0 0.00 0.0 0 3.9 12 350 M M 4 18 15 360
10 65 43 54 8 11 0 0.00 0.0 0 10.1 21 150 M M 5 18 29 180
11 57 42 50 5 15 0 0.26 0.0 0 15.4 30 280 M M 4 1 41 290
12 44 35 40 -5 25 0 T T 0 17.2 31 250 M M 7 39 240
13 39 35 37 -7 28 0 0.02 T 0 12.2 22 290 M M 9 32 300
14 43 29 36 -8 29 0 0.04 0.0 0 14.5 30 310 M M 8 43 290
15 50 27 39 -5 26 0 T 0.0 0 7.5 22 150 M M 4 27 170
16 63 32 48 5 17 0 0.00 0.0 0 12.1 26 180 M M 1 39 180
17 65 43 54 11 11 0 0.02 0.0 0 12.6 23 310 M M 9 1 28 310
18 43 27 35 -7 30 0 0.00 0.0 0 12.0 29 280 M M 1 38 290
19 43 19 31 -11 34 0 0.00 0.0 0 8.5 22 160 M M 1 28 160
20 57 37 47 5 18 0 T T 0 9.4 15 160 M M 4 4 22 170
21 60 32 46 5 19 0 0.05 0.0 0 10.1 25 320 M M 3 40 340
22 39 21 30 -11 35 0 0.00 0.0 0 7.5 17 330 M M 0 25 340
23 48 19 34 -6 31 0 0.00 0.0 0 11.2 22 170 M M 0 30 150
24 59 38 49 9 16 0 0.01 0.0 M 15.0 26 180 M M 3 1 41 180
25 51 21 36 -4 29 0 0.11 0.0 0 13.6 23 310 M M 6 1 31 310
26 36 17 27 -12 38 0 0.00 0.0 0 7.8 18 160 M M 3 23 160
27 49 30 40 1 25 0 0.00 0.0 0 8.0 14 330 M M 2 20 310
28 44 20 32 -6 33 0 0.00 0.0 M 8.5 23 320 M M 0 31 320
29 50 22 36 -2 29 0 0.00 0.0 0 10.5 25 170 M M 3 32 170
30 56 30 43 5 22 0 0.00 0.0 0 4.8 10 250 M M 0 14 280
================================================================================
SM 1568 926 698 0 0.51 T 279.2 M 87
================================================================================
AV 52.3 30.9 9.3 FASTST M M 3 MAX(MPH)
MISC ----> 31 250 43 290
================================================================================
NOTES:
# LAST OF SEVERAL OCCURRENCES
COLUMN 17 PEAK WIND IN M.P.H.
PRELIMINARY LOCAL CLIMATOLOGICAL DATA (WS FORM: F-6) , PAGE 2
STATION: SPRINGFIELD IL
MONTH: NOVEMBER
YEAR: 2021
LATITUDE: 39 50 N
LONGITUDE: 89 41 W
[TEMPERATURE DATA] [PRECIPITATION DATA] SYMBOLS USED IN COLUMN 16
AVERAGE MONTHLY: 41.6 TOTAL FOR MONTH: 0.51 1 = FOG OR MIST
DPTR FM NORMAL: -1.9 DPTR FM NORMAL: -2.20 2 = FOG REDUCING VISIBILITY
HIGHEST: 70 ON 8 GRTST 24HR 0.26 ON 11-11 TO 1/4 MILE OR LESS
LOWEST: 17 ON 26 3 = THUNDER
SNOW, ICE PELLETS, HAIL 4 = ICE PELLETS
TOTAL MONTH: T 5 = HAIL
GRTST 24HR T ON 12-12 6 = FREEZING RAIN OR DRIZZLE
GRTST DEPTH: 0 7 = DUSTSTORM OR SANDSTORM:
VSBY 1/2 MILE OR LESS
8 = SMOKE OR HAZE
[NO. OF DAYS WITH] [WEATHER - DAYS WITH] 9 = BLOWING SNOW
X = TORNADO
MAX 32 OR BELOW: 0 0.01 INCH OR MORE: 7
MAX 90 OR ABOVE: 0 0.10 INCH OR MORE: 2
MIN 32 OR BELOW: 18 0.50 INCH OR MORE: 0
MIN 0 OR BELOW: 0 1.00 INCH OR MORE: 0
[HDD (BASE 65) ]
TOTAL THIS MO. 698 CLEAR (SCALE 0-3) 18
DPTR FM NORMAL 50 PTCLDY (SCALE 4-7) 9
TOTAL FM JUL 1 912 CLOUDY (SCALE 8-10) 3
DPTR FM NORMAL -110
[CDD (BASE 65) ]
TOTAL THIS MO. 0
DPTR FM NORMAL -1 [PRESSURE DATA]
TOTAL FM JAN 1 1358 HIGHEST SLP 30.57 ON 19
DPTR FM NORMAL 107 LOWEST SLP 29.58 ON 11
[REMARKS]
#FINAL-11-21#