000
CXUS53 KILX 041239
CF6SPI
PRELIMINARY LOCAL CLIMATOLOGICAL DATA (WS FORM: F-6)
STATION: SPRINGFIELD IL
MONTH: FEBRUARY
YEAR: 2021
LATITUDE: 39 50 N
LONGITUDE: 89 41 W
TEMPERATURE IN F: :PCPN: SNOW: WIND :SUNSHINE: SKY :PK WND
================================================================================
1 2 3 4 5 6A 6B 7 8 9 10 11 12 13 14 15 16 17 18
12Z AVG MX 2MIN
DY MAX MIN AVG DEP HDD CDD WTR SNW DPTH SPD SPD DIR MIN PSBL S-S WX SPD DR
================================================================================
1 37 29 33 5 32 0 0.00 0.0 T 12.8 24 330 M M 10 31 350
2 34 25 30 2 35 0 0.00 0.0 0 7.0 12 350 M M 9 1 15 360
3 40 23 32 4 33 0 0.00 0.0 0 8.1 20 160 M M 5 18 26 180
4 39 22 31 3 34 0 0.45 T 0 19.2 33 280 M M 7 1 47 270
5 30 17 24 -4 41 0 0.00 0.0 0 13.4 25 270 M M 4 34 270
6 25 5 15 -14 50 0 0.06 0.9 0 6.6 16 330 M M 4 1 21 330
7 7 -3 2 -27 63 0 0.06 0.7 1 7.2 14 340 M M 5 1 19 340
8 12 7 10 -19 55 0 0.04 0.7 1 8.5 15 20 M M 10 1 21 360
9 13 10 12 -17 53 0 T T 2 10.0 17 10 M M 10 1 21 10
10 15 10 13 -17 52 0 0.03 0.5 2 11.7 18 360 M M 10 18 26 360
11 18 10 14 -16 51 0 0.01 0.1 2 12.8 21 10 M M 10 1 26 360
12 13 5 9 -21 56 0 T T 2 12.6 20 350 M M 4 18 27 340
13 7 -3 2 -28 63 0 0.03 1.7 2 12.3 18 340 M M 8 18 24 340
14 4 -5 0 -31 65 0 T T 3 13.8 21 360 M M 7 8 28 350
15 3 -1 1 -30 64 0 0.56 5.8 3 14.6 22 360 M M 10 128 29 360
16 11 -8 2 -29 63 0 0.00 0.0 7 7.3 15 330 M M 3 18 21 320
17 17 -7 5 -27 60 0 0.04 0.4 6 6.2 13 40 M M 7 18 16 50
18 23 4 14 -18 51 0 T T 7 8.5 14 300 M M 4 18 17 350
19 24 -5 10 -22 55 0 0.00 0.0 6 6.4 13 260 M M 3 18 16 250
20 33 15 24 -9 41 0 0.00 0.0 6 8.7 18 150 M M 4 8 23 150
21 41 24 33 0 32 0 0.04 T 5 17.3 28 170 M M 5 1 41 190
22 47 32 40 6 25 0 0.00 0.0 5 13.3 25 290 M M 5 18 35 290
23 57 33 45 11 20 0 0.00 0.0 3 12.5 22 170 M M 0 29 180
24 52 31 42 8 23 0 0.00 0.0 0 12.1 22 320 M M 2 32 310
25 47 25 36 1 29 0 0.00 0.0 0 4.9 10 10 M M 1 1 13 360
26 50 25 38 3 27 0 T 0.0 0 10.9 22 120 M M 4 27 120
27 58 30 44 8 21 0 0.00 0.0 0 8.1 16 130 M M 2 1 23 110
28 58 32 45 9 20 0 0.43 0.0 0 11.6 22 320 M M 8 123 33 330
================================================================================
SM 815 382 1214 0 1.75 10.8 298.4 M 161
================================================================================
AV 29.1 13.6 10.7 FASTST M M 6 MAX(MPH)
MISC ----> 33 280 47 270
================================================================================
NOTES:
# LAST OF SEVERAL OCCURRENCES
COLUMN 17 PEAK WIND IN M.P.H.
PRELIMINARY LOCAL CLIMATOLOGICAL DATA (WS FORM: F-6) , PAGE 2
STATION: SPRINGFIELD IL
MONTH: FEBRUARY
YEAR: 2021
LATITUDE: 39 50 N
LONGITUDE: 89 41 W
[TEMPERATURE DATA] [PRECIPITATION DATA] SYMBOLS USED IN COLUMN 16
AVERAGE MONTHLY: 21.4 TOTAL FOR MONTH: 1.75 1 = FOG OR MIST
DPTR FM NORMAL: -9.8 DPTR FM NORMAL: -0.06 2 = FOG REDUCING VISIBILITY
HIGHEST: 58 ON 28,27 GRTST 24HR 0.56 ON 15-15 TO 1/4 MILE OR LESS
LOWEST: -8 ON 16 3 = THUNDER
SNOW, ICE PELLETS, HAIL 4 = ICE PELLETS
TOTAL MONTH: 11.1 INCHES 5 = HAIL
GRTST 24HR 5.8 ON 15-15 6 = FREEZING RAIN OR DRIZZLE
GRTST DEPTH: 7 ON 18,16 7 = DUSTSTORM OR SANDSTORM:
VSBY 1/2 MILE OR LESS
8 = SMOKE OR HAZE
[NO. OF DAYS WITH] [WEATHER - DAYS WITH] 9 = BLOWING SNOW
X = TORNADO
MAX 32 OR BELOW: 15 0.01 INCH OR MORE: 11
MAX 90 OR ABOVE: 0 0.10 INCH OR MORE: 3
MIN 32 OR BELOW: 27 0.50 INCH OR MORE: 1
MIN 0 OR BELOW: 7 1.00 INCH OR MORE: 0
[HDD (BASE 65) ]
TOTAL THIS MO. 1214 CLEAR (SCALE 0-3) 5
DPTR FM NORMAL 269 PTCLDY (SCALE 4-7) 15
TOTAL FM JUL 1 4238 CLOUDY (SCALE 8-10) 8
DPTR FM NORMAL -34
[CDD (BASE 65) ]
TOTAL THIS MO. 0
DPTR FM NORMAL 0 [PRESSURE DATA]
TOTAL FM JAN 1 0 HIGHEST SLP 30.61 ON 14
DPTR FM NORMAL 0 LOWEST SLP 29.43 ON 4
[REMARKS]
#FINAL-02-21#