000
CXUS54 KOUN 011243
CF6SPS
PRELIMINARY LOCAL CLIMATOLOGICAL DATA (WS FORM: F-6)
STATION: WICHITA FALLS
MONTH: OCTOBER
YEAR: 2021
LATITUDE: 33 58 N
LONGITUDE: 98 29 W
TEMPERATURE IN F: :PCPN: SNOW: WIND :SUNSHINE: SKY :PK WND
================================================================================
1 2 3 4 5 6A 6B 7 8 9 10 11 12 13 14 15 16 17 18
12Z AVG MX 2MIN
DY MAX MIN AVG DEP HDD CDD WTR SNW DPTH SPD SPD DIR MIN PSBL S-S WX SPD DR
================================================================================
1 81 63 72 2 0 7 0.00 0.0 0 5.5 12 110 M M 4 1 20 110
2 83 59 71 1 0 6 0.11 0.0 0 6.3 24 280 M M 3 13 32 280
3 86 61 74 4 0 9 0.00 0.0 0 5.7 16 350 M M 1 20 360
4 89 55 72 3 0 7 0.00 0.0 0 4.0 9 130 M M 0 13 60
5 87 56 72 3 0 7 0.00 0.0 0 7.0 20 60 M M 2 26 50
6 86 54 70 2 0 5 0.00 0.0 0 5.3 12 50 M M 0 16 60
7 93 58 76 8 0 11 0.00 0.0 0 9.5 20 160 M M 1 23 150
8 99 68 84 16 0 19 0.00 0.0 0 16.2 26 180 M M 1 32 180
9 96 67 82 15 0 17 0.00 0.0 0 17.1 30 170 M M 0 35 180
10 92 60 76 9 0 11 0.16 0.0 0 17.9 36 270 M M 3 13 48 290
11 82 54 68 1 0 3 0.00 0.0 0 8.7 24 290 M M 1 31 290
12 86 54 70 4 0 5 T 0.0 0 16.6 28 160 M M 5 33 160
13 79 57 68 2 0 3 0.89 0.0 0 10.7 37 310 M M 6 13 47 300
14 84 60 72 7 0 7 0.00 0.0 0 7.9 17 190 M M 5 1 20 180
15 73 49 61 -4 4 0 0.00 0.0 0 14.0 29 350 M M 2 1 34 10
16 73 44 59 -6 6 0 0.00 0.0 0 6.0 13 340 M M 0 17 360
17 76 45 61 -3 4 0 0.00 0.0 0 8.2 16 150 M M 2 8 20 200
18 78 44 61 -3 4 0 0.00 0.0 0 12.2 24 150 M M 2 29 160
19 83 54 69 6 0 4 0.00 0.0 0 15.6 28 170 M M 0 33 170
20 80 56 68 5 0 3 0.00 0.0 0 9.4 16 290 M M 0 20 290
21 81 47 64 1 1 0 0.00 0.0 0 7.1 16 70 M M 3 20 70
22 86 53 70 8 0 5 0.00 0.0 0 9.2 20 160 M M 3 24 180
23 89 62 76 14 0 11 0.00 0.0 0 15.3 25 190 M M 0 35 190
24 89 59 74 13 0 9 0.00 0.0 0 14.1 26 220 M M 0 33 220
25 84 50 67 6 0 2 0.00 0.0 0 8.4 17 120 M M 0 22 130
26 87 62 75 14 0 10 0.84 0.0 0 18.2 33 160 M M 4 13 41 160
27 68 56 62 2 3 0 0.53 0.0 0 17.2 31 320 M M 6 13 37 320
28 72 53 63 3 2 0 0.00 0.0 0 23.0 43 330 M M 0 52 340
29 72 46 59 -1 6 0 0.00 0.0 0 15.3 33 350 M M 0 41 360
30 78 39 59 0 6 0 0.00 0.0 0 6.4 16 160 M M 0 20 170
31 72 46 59 0 6 0 0.00 0.0 0 12.4 24 50 M M 0 28 50
================================================================================
SM 2564 1691 42 161 2.53 0.0 350.4 M 54
================================================================================
AV 82.7 54.5 11.3 FASTST M M 2 MAX(MPH)
MISC ----> 43 330 52 340
================================================================================
NOTES:
# LAST OF SEVERAL OCCURRENCES
COLUMN 17 PEAK WIND IN M.P.H.
PRELIMINARY LOCAL CLIMATOLOGICAL DATA (WS FORM: F-6) , PAGE 2
STATION: WICHITA FALLS
MONTH: OCTOBER
YEAR: 2021
LATITUDE: 33 58 N
LONGITUDE: 98 29 W
[TEMPERATURE DATA] [PRECIPITATION DATA] SYMBOLS USED IN COLUMN 16
AVERAGE MONTHLY: 68.6 TOTAL FOR MONTH: 2.53 1 = FOG OR MIST
DPTR FM NORMAL: 4.0 DPTR FM NORMAL: -0.35 2 = FOG REDUCING VISIBILITY
HIGHEST: 99 ON 8 GRTST 24HR 1.37 ON 26-27 TO 1/4 MILE OR LESS
LOWEST: 39 ON 30 3 = THUNDER
SNOW, ICE PELLETS, HAIL 4 = ICE PELLETS
TOTAL MONTH: 0.0 INCH 5 = HAIL
GRTST 24HR 0.0 6 = FREEZING RAIN OR DRIZZLE
GRTST DEPTH: 0 7 = DUSTSTORM OR SANDSTORM:
VSBY 1/2 MILE OR LESS
8 = SMOKE OR HAZE
[NO. OF DAYS WITH] [WEATHER - DAYS WITH] 9 = BLOWING SNOW
X = TORNADO
MAX 32 OR BELOW: 0 0.01 INCH OR MORE: 5
MAX 90 OR ABOVE: 4 0.10 INCH OR MORE: 5
MIN 32 OR BELOW: 0 0.50 INCH OR MORE: 3
MIN 0 OR BELOW: 0 1.00 INCH OR MORE: 0
[HDD (BASE 65) ]
TOTAL THIS MO. 42 CLEAR (SCALE 0-3) 23
DPTR FM NORMAL -74 PTCLDY (SCALE 4-7) 8
TOTAL FM JUL 1 42 CLOUDY (SCALE 8-10) 0
DPTR FM NORMAL -85
[CDD (BASE 65) ]
TOTAL THIS MO. 161
DPTR FM NORMAL 57 [PRESSURE DATA]
TOTAL FM JAN 1 2313 HIGHEST SLP 30.42 ON 16
DPTR FM NORMAL -120 LOWEST SLP 29.39 ON 10
[REMARKS]
#FINAL-10-21#