000
CXUS54 KLZK 011130
CF6SRC
PRELIMINARY LOCAL CLIMATOLOGICAL DATA (WS FORM: F-6)
STATION: SEARCY AIRPORT
MONTH: JULY
YEAR: 2021
LATITUDE: 35 12 N
LONGITUDE: 91 44 W
TEMPERATURE IN F: :PCPN: SNOW: WIND :SUNSHINE: SKY :PK WND
================================================================================
1 2 3 4 5 6A 6B 7 8 9 10 11 12 13 14 15 16 17 18
12Z AVG MX 2MIN
DY MAX MIN AVG DEP HDD CDD WTR SNW DPTH SPD SPD DIR MIN PSBL S-S WX SPD DR
================================================================================
1 90 73 82 2 0 17 0.11 M M 4.2 13 210 M M 5 1 30 350
2 86 64 75 -6 0 10 0.00 M M 8.6 18 30 M M 3 23 30
3 84 61 73 -8 0 8 0.00 M M 5.8 13 20 M M 0 22 50
4 87 58 73 -8 0 8 0.00 M M 3.4 9 110 M M 1 M M
5 90 62 76 -5 0 11 0.00 M M 3.0 10 140 M M 1 1 M M
6 94 66 80 -1 0 15 0.00 M M 3.7 10 110 M M 2 M M
7 94 68 81 0 0 16 0.00 M M 2.1 8 110 M M 2 1 M M
8 95 71 83 2 0 18 0.15 M M 4.7 15 330 M M 3 13 22 280
9 93 74 84 3 0 19 0.00 M M 5.6 10 200 M M 3 1 M M
10 90 70 80 -1 0 15 T M M 6.5 13 220 M M 4 20 240
11 84 68 76 -5 0 11 0.08 M M 5.6 10 190 M M 6 3 18 240
12 87 66 77 -4 0 12 0.00 M M 4.1 10 290 M M 4 M M
13 92 66 79 -2 0 14 0.00 M M 2.2 9 210 M M 3 1 M M
14 93 66 80 -2 0 15 0.00 M M 4.3 12 190 M M 0 1 M M
15 92 69 81 -1 0 16 0.00 M M 6.9 13 200 M M 1 1 20 190
16 86 71 79 -3 0 14 0.11 M M 4.7 10 250 M M 5 13 20 250
17 82 70 76 -6 0 11 0.10 M M 3.7 14 170 M M 5 12 23 160
18 86 70 78 -4 0 13 3.66 M M 3.3 10 10 M M 8 13 17 30
19 85 71 78 -4 0 13 0.31 M M 5.7 13 40 M M 6 M M
20 87 70 79 -3 0 14 0.00 M M 8.9 15 50 M M 2 21 30
21 89 70 80 -2 0 15 0.00 M M 7.3 12 30 M M 3 16 60
22 92 73 83 1 0 18 0.00 M M 3.6 8 100 M M 4 18 M M
23 94 73 84 2 0 19 0.00 M M 3.5 12 50 M M 2 18 M M
24 95 73 84 2 0 19 0.01 M M 3.1 9 180 M M 2 12 M M
25 97 74 86 4 0 21 0.00 M M 2.2 13 320 M M 1 1 17 330
26 97 72 85 3 0 20 0.00 M M 2.2 7 110 M M 1 1 M M
27 96 77 87 5 0 22 0.00 M M 3.3 8 60 M M 1 M M
28 97 76 87 5 0 22 0.00 M M 2.3 7 100 M M 1 1 M M
29 96 72 84 2 0 19 0.00 M M 1.3 6 210 M M 1 1 M M
30 98 73 86 4 0 21 0.00 M M 1.6 6 230 M M 0 1 M M
31 99 73 86 4 0 21 0.00 0.0 0 3.3 7 350 M M 0 18 M M
================================================================================
SM 2827 2160 0 487 4.53 0.0 130.6 M 80
================================================================================
AV 91.2 69.7 4.2 FASTST M M 3 MAX(MPH)
MISC ----> 18 30 30 350
================================================================================
NOTES:
# LAST OF SEVERAL OCCURRENCES
COLUMN 17 PEAK WIND IN M.P.H.
PRELIMINARY LOCAL CLIMATOLOGICAL DATA (WS FORM: F-6) , PAGE 2
STATION: SEARCY AIRPORT
MONTH: JULY
YEAR: 2021
LATITUDE: 35 12 N
LONGITUDE: 91 44 W
[TEMPERATURE DATA] [PRECIPITATION DATA] SYMBOLS USED IN COLUMN 16
AVERAGE MONTHLY: 80.4 TOTAL FOR MONTH: 4.53 1 = FOG OR MIST
DPTR FM NORMAL: -0.9 DPTR FM NORMAL: 0.80 2 = FOG REDUCING VISIBILITY
HIGHEST: 99 ON 31 GRTST 24HR 3.66 ON 18-18 TO 1/4 MILE OR LESS
LOWEST: 58 ON 4 3 = THUNDER
SNOW, ICE PELLETS, HAIL 4 = ICE PELLETS
TOTAL MONTH: 0.0 INCH 5 = HAIL
GRTST 24HR 0.0 6 = FREEZING RAIN OR DRIZZLE
GRTST DEPTH: 0 7 = DUSTSTORM OR SANDSTORM:
VSBY 1/2 MILE OR LESS
8 = SMOKE OR HAZE
[NO. OF DAYS WITH] [WEATHER - DAYS WITH] 9 = BLOWING SNOW
X = TORNADO
MAX 32 OR BELOW: 0 0.01 INCH OR MORE: 8
MAX 90 OR ABOVE: 20 0.10 INCH OR MORE: 6
MIN 32 OR BELOW: 0 0.50 INCH OR MORE: 1
MIN 0 OR BELOW: 0 1.00 INCH OR MORE: 1
[HDD (BASE 65) ]
TOTAL THIS MO. 0 CLEAR (SCALE 0-3) 20
DPTR FM NORMAL 0 PTCLDY (SCALE 4-7) 10
TOTAL FM JUL 1 0 CLOUDY (SCALE 8-10) 1
DPTR FM NORMAL 0
[CDD (BASE 65) ]
TOTAL THIS MO. 487
DPTR FM NORMAL -20 [PRESSURE DATA]
TOTAL FM JAN 1 1027 HIGHEST SLP 30.21 ON 14
DPTR FM NORMAL -92 LOWEST SLP 29.80 ON 11
[REMARKS]
#FINAL-07-21#