000
CXUS54 KLZK 011130
CF6SRC
PRELIMINARY LOCAL CLIMATOLOGICAL DATA (WS FORM: F-6)
STATION: Searcy Airport
MONTH: MARCH
YEAR: 2020
LATITUDE: 35 12 N
LONGITUDE: 91 44 W
TEMPERATURE IN F: :PCPN: SNOW: WIND :SUNSHINE: SKY :PK WND
================================================================================
1 2 3 4 5 6A 6B 7 8 9 10 11 12 13 14 15 16 17 18
12Z AVG MX 2MIN
DY MAX MIN AVG DEP HDD CDD WTR SNW DPTH SPD SPD DIR MIN PSBL S-S WX SPD DR
================================================================================
1 69 39 54 8 11 0 0.06 M M 9.4 22 190 M M 5 31 180
2 74 57 66 19 0 1 T M M 8.7 14 180 M M 8 18 200
3 70 48 59 12 6 0 0.13 M M 2.5 8 210 M M 1 3 M M
4 62 49 56 8 9 0 0.00 M M 3.5 9 40 M M 3 M M
5 74 47 61 13 4 0 0.00 M M 8.4 15 310 M M 0 24 330
6 63 36 50 2 15 0 0.00 M M 7.4 16 30 M M 0 22 350
7 61 27 44 -4 21 0 0.00 M M 3.4 12 100 M M 0 8 M M
8 69 30 50 1 15 0 0.00 M M 8.0 18 180 M M 0 27 190
9 62 56 59 10 6 0 0.61 M M 11.3 18 170 M M 7 1 24 170
10 66 43 55 5 10 0 0.01 M M 5.8 9 330 M M 6 18 330
11 57 41 49 -1 16 0 2.16 M M 2.7 8 360 M M 8 138 M M
12 75 54 65 15 0 0 T M M 5.8 13 210 M M 9 138 22 210
13 65 44 55 5 10 0 0.24 M M 12.9 20 30 M M 6 29 50
14 47 44 46 -5 19 0 0.87 M M 8.0 10 20 M M 10 13 M M
15 46 40 43 -8 22 0 0.16 M M 12.8 17 20 M M 10 13 21 20
16 47 40 44 -8 21 0 0.10 M M 4.0 12 50 M M 10 1 M M
17 56 47 52 0 13 0 T M M 6.5 12 50 M M 10 1 M M
18 70 48 59 7 6 0 0.80 M M 4.9 14 160 M M 9 13 M M
19 M M M M M M 0.44 M M 7.8 15 180 M M 10 13 M M
20 65 46 56 3 9 0 T M M 7.2 13 360 M M 5 18 16 99
21 54 42 48 -5 17 0 0.00 M M 8.8 12 90 M M 6 16 80
22 M M M M M M 0.16 M M 6.4 15 60 M M 8 1 M M
23 65 46 56 2 9 0 T M M 5.9 9 60 M M 7 1 M M
24 75 52 64 10 1 0 0.26 M M 6.8 14 40 M M 9 13 M M
25 59 46 53 -1 12 0 0.00 M M 5.9 12 120 M M 8 18 M M
26 87 45 66 12 0 1 0.00 M M 6.7 18 190 M M 0 18 27 190
27 80 65 73 18 0 8 0.00 M M 7.1 14 190 M M 2 1 20 190
28 78 57 68 13 0 3 0.37 M M 9.3 15 180 M M 6 13 28 210
29 73 49 61 6 4 0 0.00 M M 5.0 9 250 M M 0 M M
30 59 52 56 0 9 0 0.95 M M 1.8 7 70 M M 6 M M
31 67 45 56 0 9 0 0.49 M M 8.0 17 30 M M 6 1 24 30
================================================================================
SM 1895 1335 274 13 7.81 M 212.7 M 175
================================================================================
AV 65.3 46.0 6.9 FASTST M M 6 MAX(MPH)
MISC ----> # 22 190 # 31 180
================================================================================
NOTES:
# LAST OF SEVERAL OCCURRENCES
COLUMN 17 PEAK WIND IN M.P.H.
PRELIMINARY LOCAL CLIMATOLOGICAL DATA (WS FORM: F-6) , PAGE 2
STATION: Searcy Airport
MONTH: MARCH
YEAR: 2020
LATITUDE: 35 12 N
LONGITUDE: 91 44 W
[TEMPERATURE DATA] [PRECIPITATION DATA] SYMBOLS USED IN COLUMN 16
AVERAGE MONTHLY: 55.7 TOTAL FOR MONTH: 7.81 1 = FOG OR MIST
DPTR FM NORMAL: 4.3 DPTR FM NORMAL: 3.03 2 = FOG REDUCING VISIBILITY
HIGHEST: 87 ON 26 GRTST 24HR 2.16 ON 11-11 TO 1/4 MILE OR LESS
LOWEST: 27 ON 7 3 = THUNDER
SNOW, ICE PELLETS, HAIL 4 = ICE PELLETS
TOTAL MONTH: M 5 = HAIL
GRTST 24HR M ON M 6 = FREEZING RAIN OR DRIZZLE
GRTST DEPTH: M ON M 7 = DUSTSTORM OR SANDSTORM:
VSBY 1/2 MILE OR LESS
8 = SMOKE OR HAZE
[NO. OF DAYS WITH] [WEATHER - DAYS WITH] 9 = BLOWING SNOW
X = TORNADO
MAX 32 OR BELOW: 0 0.01 INCH OR MORE: 16
MAX 90 OR ABOVE: 0 0.10 INCH OR MORE: 14
MIN 32 OR BELOW: 2 0.50 INCH OR MORE: 5
MIN 0 OR BELOW: 0 1.00 INCH OR MORE: 1
[HDD (BASE 65) ]
TOTAL THIS MO. 274 CLEAR (SCALE 0-3) 9
DPTR FM NORMAL -158 PTCLDY (SCALE 4-7) 14
TOTAL FM JUL 1 2545 CLOUDY (SCALE 8-10) 8
DPTR FM NORMAL -771
[CDD (BASE 65) ]
TOTAL THIS MO. 13
DPTR FM NORMAL 4 [PRESSURE DATA]
TOTAL FM JAN 1 13 HIGHEST SLP 30.58 ON 7
DPTR FM NORMAL 4 LOWEST SLP 29.67 ON 2
[REMARKS]
#FINAL-03-20#