000
CXUS52 KTBW 071344
CF6SRQ
PRELIMINARY LOCAL CLIMATOLOGICAL DATA (WS FORM: F-6)
STATION: SARASOTA BRADENTON
MONTH: APRIL
YEAR: 2022
LATITUDE: 27 23 N
LONGITUDE: 82 33 W
TEMPERATURE IN F: :PCPN: SNOW: WIND :SUNSHINE: SKY :PK WND
================================================================================
1 2 3 4 5 6A 6B 7 8 9 10 11 12 13 14 15 16 17 18
12Z AVG MX 2MIN
DY MAX MIN AVG DEP HDD CDD WTR SNW DPTH SPD SPD DIR MIN PSBL S-S WX SPD DR
================================================================================
1 81 73 77 7 0 12 0.20 0.0 0 8.3 23 180 M M 8 13 30 180
2 83 66 75 5 0 10 0.32 0.0 0 8.6 23 10 M M 7 1 32 20
3 76 64 70 0 0 5 0.00 0.0 0 4.1 10 10 M M 5 15 10
4 84 64 74 3 0 9 0.00 0.0 0 7.2 17 110 M M 4 3 22 110
5 86 67 77 6 0 12 0.00 0.0 0 13.4 28 180 M M 2 12 37 190
6 86 77 82 11 0 17 0.00 0.0 0 13.8 21 190 M M 3 28 190
7 82 69 76 5 0 11 0.53 0.0 0 13.2 21 300 M M 5 13 32 260
8 73 67 70 -1 0 5 0.00 0.0 0 15.2 21 290 M M 2 31 300
9 74 59 67 -4 0 2 0.00 0.0 0 13.8 24 320 M M 3 38 260
10 78 48 63 -9 2 0 0.00 0.0 0 6.3 14 80 M M 0 21 80
11 82 56 69 -3 0 4 0.00 0.0 0 8.1 17 150 M M 0 24 240
12 84 59 72 0 0 7 0.00 0.0 0 8.7 20 140 M M 0 31 140
13 84 64 74 2 0 9 0.00 0.0 0 8.8 20 130 M M 0 25 140
14 84 69 77 5 0 12 T 0.0 0 7.1 15 210 M M 4 21 210
15 84 70 77 5 0 12 0.00 0.0 0 7.9 18 290 M M 1 29 270
16 83 66 75 2 0 10 0.00 0.0 0 9.0 15 110 M M 0 26 260
17 83 68 76 3 0 11 0.00 0.0 0 7.9 15 240 M M 1 1 24 230
18 87 67 77 4 0 12 0.00 0.0 0 6.8 17 330 M M 0 25 320
19 85 65 75 2 0 10 0.00 0.0 0 10.0 20 30 M M 0 27 30
20 88 58 73 0 0 8 0.00 0.0 0 13.7 22 90 M M 1 32 80
21 88 62 75 1 0 10 0.00 0.0 0 12.7 23 80 M M 1 32 100
22 89 64 77 3 0 12 0.00 0.0 0 12.1 23 80 M M 0 32 100
23 90 64 77 3 0 12 0.00 0.0 0 10.5 21 110 M M 3 30 80
24 89 64 77 3 0 12 T 0.0 0 9.6 18 290 M M 2 29 120
25 85 67 76 2 0 11 0.00 0.0 0 9.7 16 100 M M 2 23 140
26 83 67 75 1 0 10 0.00 0.0 0 9.5 17 300 M M 1 22 300
27 85 67 76 1 0 11 0.00 0.0 0 6.9 16 290 M M 0 24 280
28 85 67 76 1 0 11 0.00 0.0 0 8.5 20 90 M M 3 25 100
29 89 68 79 4 0 14 0.25 0.0 0 9.9 24 120 M M 4 13 32 140
30 86 67 77 2 0 12 0.67 0.0 0 9.3 28 60 M M 5 13 39 140
================================================================================
SM 2516 1953 2 293 1.97 0.0 290.6 M 67
================================================================================
AV 83.9 65.1 9.7 FASTST M M 2 MAX(MPH)
MISC ----> # 28 180 39 140
================================================================================
NOTES:
# LAST OF SEVERAL OCCURRENCES
COLUMN 17 PEAK WIND IN M.P.H.
PRELIMINARY LOCAL CLIMATOLOGICAL DATA (WS FORM: F-6) , PAGE 2
STATION: SARASOTA BRADENTON
MONTH: APRIL
YEAR: 2022
LATITUDE: 27 23 N
LONGITUDE: 82 33 W
[TEMPERATURE DATA] [PRECIPITATION DATA] SYMBOLS USED IN COLUMN 16
AVERAGE MONTHLY: 74.5 TOTAL FOR MONTH: 1.97 1 = FOG OR MIST
DPTR FM NORMAL: 1.9 DPTR FM NORMAL: -0.49 2 = FOG REDUCING VISIBILITY
HIGHEST: 90 ON 23 GRTST 24HR 0.91 ON 29-30 TO 1/4 MILE OR LESS
LOWEST: 48 ON 10 3 = THUNDER
SNOW, ICE PELLETS, HAIL 4 = ICE PELLETS
TOTAL MONTH: 0.0 INCH 5 = HAIL
GRTST 24HR 0.0 6 = FREEZING RAIN OR DRIZZLE
GRTST DEPTH: 0 7 = DUSTSTORM OR SANDSTORM:
VSBY 1/2 MILE OR LESS
8 = SMOKE OR HAZE
[NO. OF DAYS WITH] [WEATHER - DAYS WITH] 9 = BLOWING SNOW
X = TORNADO
MAX 32 OR BELOW: 0 0.01 INCH OR MORE: 5
MAX 90 OR ABOVE: 1 0.10 INCH OR MORE: 5
MIN 32 OR BELOW: 0 0.50 INCH OR MORE: 2
MIN 0 OR BELOW: 0 1.00 INCH OR MORE: 0
[HDD (BASE 65) ]
TOTAL THIS MO. 2 CLEAR (SCALE 0-3) 21
DPTR FM NORMAL -4 PTCLDY (SCALE 4-7) 9
TOTAL FM JUL 1 254 CLOUDY (SCALE 8-10) 0
DPTR FM NORMAL -136
[CDD (BASE 65) ]
TOTAL THIS MO. 293
DPTR FM NORMAL 59 [PRESSURE DATA]
TOTAL FM JAN 1 668 HIGHEST SLP 30.25 ON 22
DPTR FM NORMAL 160 LOWEST SLP 29.81 ON 7
[REMARKS]
#FINAL-04-22#