000
CXUS52 KTBW 061144
CF6SRQ
PRELIMINARY LOCAL CLIMATOLOGICAL DATA (WS FORM: F-6)
STATION: SARASOTA BRADENTON
MONTH: DECEMBER
YEAR: 2023
LATITUDE: 27 23 N
LONGITUDE: 82 33 W
TEMPERATURE IN F: :PCPN: SNOW: WIND :SUNSHINE: SKY :PK WND
================================================================================
1 2 3 4 5 6A 6B 7 8 9 10 11 12 13 14 15 16 17 18
12Z AVG MX 2MIN
DY MAX MIN AVG DEP HDD CDD WTR SNW DPTH SPD SPD DIR MIN PSBL S-S WX SPD DR
================================================================================
1 82 61 72 5 0 7 T 0.0 0 6.0 13 160 M M 1 19 160
2 84 71 78 11 0 13 0.00 0.0 0 9.6 21 190 M M 3 1 29 190
3 81 72 77 10 0 12 0.06 0.0 0 6.0 14 270 M M 6 128 19 280
4 84 63 74 7 0 9 0.00 0.0 0 6.5 17 290 M M 4 12 23 320
5 75 58 67 0 0 2 0.00 0.0 0 4.0 14 330 M M 0 19 270
6 70 50 60 -7 5 0 0.00 0.0 0 9.6 21 320 M M 0 29 340
7 75 44 60 -6 5 0 0.00 0.0 0 6.6 15 30 M M 0 20 30
8 81 57 69 3 0 4 0.00 0.0 0 9.5 17 110 M M 1 23 110
9 83 64 74 8 0 9 0.00 0.0 0 8.0 16 150 M M 2 21 120
10 82 64 73 7 0 8 0.56 0.0 0 11.1 25 180 M M 3 138 38 340
11 65 52 59 -7 6 0 0.00 0.0 0 10.9 21 340 M M 2 32 350
12 73 48 61 -5 4 0 0.00 0.0 0 10.2 17 30 M M 0 24 40
13 78 61 70 4 0 5 0.00 0.0 0 13.2 22 60 M M 1 33 60
14 74 62 68 2 0 3 0.00 0.0 0 15.6 29 70 M M 0 46 80
15 75 65 70 5 0 5 0.00 0.0 0 15.2 26 80 M M 1 37 70
16 73 66 70 5 0 5 2.46 0.0 0 15.0 28 150 M M 9 13 40 80
17 74 62 68 3 0 3 0.04 0.0 0 18.4 37 160 M M 9 1 51 160
18 68 58 63 -2 2 0 0.00 0.0 0 11.8 25 310 M M 2 33 310
19 65 50 58 -7 7 0 0.00 0.0 0 8.2 16 40 M M 0 24 60
20 70 48 59 -6 6 0 0.00 0.0 0 9.5 17 70 M M 2 23 50
21 75 58 67 3 0 2 0.00 0.0 0 10.7 22 70 M M 5 28 70
22 75 56 66 2 0 1 0.00 0.0 0 8.3 14 70 M M 1 20 70
23 79 59 69 5 0 4 0.00 0.0 0 8.9 17 100 M M 3 23 80
24 77 59 68 4 0 3 0.00 0.0 0 10.2 21 110 M M 1 28 120
25 75 68 72 8 0 7 0.33 0.0 0 12.4 28 140 M M 5 1 36 140
26 77 62 70 6 0 5 0.01 0.0 0 5.3 13 320 M M 7 1 16 320
27 72 60 66 2 0 1 T 0.0 0 5.4 13 280 M M 5 18 340
28 69 58 64 0 1 0 0.16 0.0 0 5.9 17 120 M M 8 18 22 130
29 64 51 58 -5 7 0 T 0.0 0 7.8 21 300 M M 4 25 300
30 69 49 59 -4 6 0 0.00 0.0 0 4.5 16 300 M M 2 21 280
31 69 47 58 -5 7 0 0.00 0.0 0 4.7 12 220 M M 2 1 16 200
================================================================================
SM 2313 1803 56 108 3.62 0.0 289.0 M 89
================================================================================
AV 74.6 58.2 9.3 FASTST M M 3 MAX(MPH)
MISC ----> 37 160 51 160
================================================================================
NOTES:
# LAST OF SEVERAL OCCURRENCES
COLUMN 17 PEAK WIND IN M.P.H.
PRELIMINARY LOCAL CLIMATOLOGICAL DATA (WS FORM: F-6) , PAGE 2
STATION: SARASOTA BRADENTON
MONTH: DECEMBER
YEAR: 2023
LATITUDE: 27 23 N
LONGITUDE: 82 33 W
[TEMPERATURE DATA] [PRECIPITATION DATA] SYMBOLS USED IN COLUMN 16
AVERAGE MONTHLY: 66.4 TOTAL FOR MONTH: 3.62 1 = FOG OR MIST
DPTR FM NORMAL: 1.2 DPTR FM NORMAL: 1.29 2 = FOG REDUCING VISIBILITY
HIGHEST: 84 ON 4, 2 GRTST 24HR 2.49 ON 16-17 TO 1/4 MILE OR LESS
LOWEST: 44 ON 7 3 = THUNDER
SNOW, ICE PELLETS, HAIL 4 = ICE PELLETS
TOTAL MONTH: 0.0 INCH 5 = HAIL
GRTST 24HR 0.0 6 = FREEZING RAIN OR DRIZZLE
GRTST DEPTH: 0 7 = DUSTSTORM OR SANDSTORM:
VSBY 1/2 MILE OR LESS
8 = SMOKE OR HAZE
[NO. OF DAYS WITH] [WEATHER - DAYS WITH] 9 = BLOWING SNOW
X = TORNADO
MAX 32 OR BELOW: 0 0.01 INCH OR MORE: 7
MAX 90 OR ABOVE: 0 0.10 INCH OR MORE: 4
MIN 32 OR BELOW: 0 0.50 INCH OR MORE: 2
MIN 0 OR BELOW: 0 1.00 INCH OR MORE: 1
[HDD (BASE 65) ]
TOTAL THIS MO. 56 CLEAR (SCALE 0-3) 19
DPTR FM NORMAL -40 PTCLDY (SCALE 4-7) 10
TOTAL FM JUL 1 72 CLOUDY (SCALE 8-10) 2
DPTR FM NORMAL -51
[CDD (BASE 65) ]
TOTAL THIS MO. 108
DPTR FM NORMAL 6 [PRESSURE DATA]
TOTAL FM JAN 1 4356 HIGHEST SLP 30.34 ON 21
DPTR FM NORMAL 635 LOWEST SLP 29.50 ON 17
[REMARKS]
#FINAL-12-23#