000
CXUS52 KTBW 041314
CF6SRQ
PRELIMINARY LOCAL CLIMATOLOGICAL DATA (WS FORM: F-6)
STATION: Sarasota Bradenton
MONTH: AUGUST
YEAR: 2020
LATITUDE: 27 23 N
LONGITUDE: 82 33 W
TEMPERATURE IN F: :PCPN: SNOW: WIND :SUNSHINE: SKY :PK WND
================================================================================
1 2 3 4 5 6A 6B 7 8 9 10 11 12 13 14 15 16 17 18
12Z AVG MX 2MIN
DY MAX MIN AVG DEP HDD CDD WTR SNW DPTH SPD SPD DIR MIN PSBL S-S WX SPD DR
================================================================================
1 97 78 88 6 0 23 0.00 0.0 0 7.9 21 120 M M 3 25 120
2 93 78 86 4 0 21 0.12 0.0 0 8.7 23 40 M M 3 3 33 10
3 92 78 85 3 0 20 0.00 0.0 0 5.2 15 280 M M 0 17 280
4 92 78 85 3 0 20 T 0.0 0 6.0 23 100 M M 2 3 26 100
5 93 76 85 3 0 20 0.00 0.0 0 6.2 20 90 M M 1 38 25 80
6 92 77 85 3 0 20 0.00 0.0 0 6.7 15 40 M M 1 3 20 200
7 93 78 86 4 0 21 0.00 0.0 0 7.1 15 110 M M 1 3 18 120
8 96 77 87 5 0 22 0.00 0.0 0 7.1 18 280 M M 0 3 22 280
9 94 77 86 4 0 21 0.14 0.0 0 6.4 20 120 M M 4 138 24 130
10 96 77 87 5 0 22 0.08 0.0 0 5.8 22 150 M M 3 3 26 150
11 93 77 85 3 0 20 0.01 0.0 0 5.4 18 130 M M 3 3 22 130
12 94 76 85 3 0 20 0.00 0.0 0 6.0 16 70 M M 0 3 20 70
13 92 77 85 3 0 20 T 0.0 0 6.2 18 100 M M 2 3 24 50
14 93 78 86 4 0 21 0.00 0.0 0 5.8 13 110 M M 1 3 16 100
15 92 78 85 3 0 20 0.00 0.0 0 6.3 14 160 M M 1 3 16 240
16 92 80 86 4 0 21 T 0.0 0 5.9 14 230 M M 2 3 18 230
17 93 78 86 4 0 21 0.00 0.0 0 5.9 14 290 M M 2 3 19 280
18 91 77 84 2 0 19 0.76 0.0 0 6.0 20 320 M M 1 138 27 290
19 88 74 81 -1 0 16 0.28 0.0 0 6.9 20 310 M M 3 13 24 290
20 92 76 84 2 0 19 0.03 0.0 0 8.9 18 210 M M 2 13 23 220
21 91 75 83 1 0 18 0.29 0.0 0 8.8 20 180 M M 3 3 23 350
22 88 75 82 0 0 17 0.44 0.0 0 7.7 25 80 M M 3 13 31 80
23 96 77 87 5 0 22 0.24 0.0 0 9.8 28 170 M M 2 3 33 160
24 95 79 87 5 0 22 0.25 0.0 0 11.8 36 170 M M 3 138 46 160
25 97 81 89 7 0 24 0.00 0.0 0 13.6 21 130 M M 1 27 140
26 97 79 88 6 0 23 0.79 0.0 0 8.1 24 110 M M 3 13 29 120
27 92 78 85 3 0 20 0.00 0.0 0 8.5 17 210 M M 0 21 210
28 91 79 85 3 0 20 0.00 0.0 0 6.9 14 230 M M 1 17 230
29 92 80 86 4 0 21 0.01 0.0 0 7.2 14 230 M M 2 3 21 210
30 91 76 84 2 0 19 0.91 0.0 0 7.5 21 40 M M 3 138 31 40
31 91 77 84 2 0 19 0.32 0.0 0 7.7 28 250 M M 3 38 36 250
================================================================================
SM 2879 2401 0 632 4.67 0.0 228.0 M 59
================================================================================
AV 92.9 77.5 7.4 FASTST M M 2 MAX(MPH)
MISC ----> # 36 170 # 46 160
================================================================================
NOTES:
# LAST OF SEVERAL OCCURRENCES
COLUMN 17 PEAK WIND IN M.P.H.
PRELIMINARY LOCAL CLIMATOLOGICAL DATA (WS FORM: F-6) , PAGE 2
STATION: Sarasota Bradenton
MONTH: AUGUST
YEAR: 2020
LATITUDE: 27 23 N
LONGITUDE: 82 33 W
[TEMPERATURE DATA] [PRECIPITATION DATA] SYMBOLS USED IN COLUMN 16
AVERAGE MONTHLY: 85.2 TOTAL FOR MONTH: 4.67 1 = FOG OR MIST
DPTR FM NORMAL: 3.0 DPTR FM NORMAL: -4.47 2 = FOG REDUCING VISIBILITY
HIGHEST: 97 ON 26,25 GRTST 24HR 0.91 ON 30-30 TO 1/4 MILE OR LESS
LOWEST: 74 ON 19 3 = THUNDER
SNOW, ICE PELLETS, HAIL 4 = ICE PELLETS
TOTAL MONTH: 0.0 INCH 5 = HAIL
GRTST 24HR 0.0 6 = FREEZING RAIN OR DRIZZLE
GRTST DEPTH: 0 7 = DUSTSTORM OR SANDSTORM:
VSBY 1/2 MILE OR LESS
8 = SMOKE OR HAZE
[NO. OF DAYS WITH] [WEATHER - DAYS WITH] 9 = BLOWING SNOW
X = TORNADO
MAX 32 OR BELOW: 0 0.01 INCH OR MORE: 15
MAX 90 OR ABOVE: 29 0.10 INCH OR MORE: 11
MIN 32 OR BELOW: 0 0.50 INCH OR MORE: 3
MIN 0 OR BELOW: 0 1.00 INCH OR MORE: 0
[HDD (BASE 65) ]
TOTAL THIS MO. 0 CLEAR (SCALE 0-3) 29
DPTR FM NORMAL 0 PTCLDY (SCALE 4-7) 2
TOTAL FM JUL 1 0 CLOUDY (SCALE 8-10) 0
DPTR FM NORMAL 0
[CDD (BASE 65) ]
TOTAL THIS MO. 632
DPTR FM NORMAL 97 [PRESSURE DATA]
TOTAL FM JAN 1 3076 HIGHEST SLP 30.16 ON 8
DPTR FM NORMAL 779 LOWEST SLP 29.80 ON 2
[REMARKS]
#FINAL-08-20#