000
CXUS52 KTBW 011337
CLMSRQ
CLIMATE REPORT
NATIONAL WEATHER SERVICE TAMPA BAY FL
837 AM EST MON JAN 01 2024
...................................
...THE SARASOTA BRADENTON CLIMATE SUMMARY FOR THE MONTH OF DECEMBER 2023...
CLIMATE NORMAL PERIOD: 1991 TO 2020
CLIMATE RECORD PERIOD: 1911 TO 2023
WEATHER OBSERVED NORMAL DEPART LAST YEAR`S
VALUE DATE(S) VALUE FROM VALUE DATE(S)
NORMAL
................................................................
TEMPERATURE (F)
ALL-TIME DECEMBER RECORD
HIGH 88 12/01/1991
12/02/1991
LOW 20 12/26/1983
DECEMBER 2023
HIGHEST 84 12/02 MM MM 83 12/03
12/04
12/07
LOWEST 44 12/07 MM MM 36 12/24
12/25
AVG. MAXIMUM 74.6 75.2 -0.6 73.9
AVG. MINIMUM 58.2 55.2 3.0 56.4
MEAN 66.4 65.2 1.2 65.1
DAYS MAX >= 90 0 0.0 0.0 0
DAYS MAX <= 32 0 0.0 0.0 0
DAYS MIN <= 32 0 0.3 -0.3 0
DAYS MIN <= 0 0 0.0 0.0 0
PRECIPITATION (INCHES)
ALL-TIME DECEMBER RECORD
MAXIMUM 11.94 1997
MINIMUM 0.00 1933
DECEMBER 2023
TOTALS 3.62 2.33 1.29 2.63
DAILY AVG. 0.12 0.08 0.04 0.08
DAYS >= .01 7 7.6 -0.6 5
DAYS >= .10 4 3.0 1.0 4
DAYS >= .50 2 1.2 0.8 1
DAYS >= 1.00 1 0.6 0.4 1
GREATEST
24 HR. TOTAL 2.49 12/16 TO 12/17
DEGREE DAYS
HEATING TOTAL 56 96 -40 94
SINCE 7/1 72 123 -51 MM
COOLING TOTAL 108 102 6 104
SINCE 1/1 4356 3721 635 MM
................................................................
WIND (MPH)
AVERAGE WIND SPEED 9.3
HIGHEST WIND SPEED/DIRECTION 37/160 DATE 12/17
HIGHEST GUST SPEED/DIRECTION 51/160 DATE 12/17
SKY COVER (DOES NOT INCLUDE ANY CLOUDS ABOVE 12000 FEET)
POSSIBLE SUNSHINE (PERCENT) MM
AVERAGE SKY COVER 0.29
NUMBER OF DAYS FAIR 21
NUMBER OF DAYS PC 7
NUMBER OF DAYS CLOUDY 3
AVERAGE RH (PERCENT) 71
WEATHER CONDITIONS. NUMBER OF DAYS WITH
THUNDERSTORM 2 MIXED PRECIP 0
HEAVY RAIN 3 RAIN 5
LIGHT RAIN 10 FREEZING RAIN 0
LT FREEZING RAIN 0 HAIL 0
HEAVY SNOW 0 SNOW 0
LIGHT SNOW 0 SLEET 0
FOG 10 FOG W/VIS <= 1/4 MILE 2
HAZE 3
- INDICATES NEGATIVE NUMBERS.
R INDICATES RECORD WAS SET OR TIED.
MM INDICATES DATA IS MISSING.
T INDICATES TRACE AMOUNT.
$$