000
CXUS54 KEWX 011110
CF6SSF
PRELIMINARY LOCAL CLIMATOLOGICAL DATA (WS FORM: F-6)
STATION: SAN ANTONIO STINSON FIELD
MONTH: NOVEMBER
YEAR: 2023
LATITUDE: 29 19 N
LONGITUDE: 98 29 W
TEMPERATURE IN F: :PCPN: SNOW: WIND :SUNSHINE: SKY :PK WND
================================================================================
1 2 3 4 5 6A 6B 7 8 9 10 11 12 13 14 15 16 17 18
12Z AVG MX 2MIN
DY MAX MIN AVG DEP HDD CDD WTR SNW DPTH SPD SPD DIR MIN PSBL S-S WX SPD DR
================================================================================
1 64 40 52 -15 13 0 0.00 M M 3.9 15 50 M M 0 21 50
2 70 43 57 -10 8 0 0.00 M M 3.9 15 150 M M 7 20 160
3 79 54 67 1 0 2 0.00 M M 3.8 15 210 M M 4 20 220
4 83 57 70 4 0 5 0.00 M M 3.0 16 190 M M 4 12 19 130
5 83 57 70 4 0 5 0.00 M M 3.0 13 210 M M 0 18 160
6 82 66 74 9 0 9 0.00 M M 6.5 15 180 M M 1 21 200
7 87 59 73 8 0 8 0.00 M M 4.7 15 150 M M 2 1 21 200
8 87 65 76 12 0 11 0.00 M M 5.1 14 140 M M 4 1 19 140
9 80 61 71 7 0 6 0.11 M M 6.0 17 360 M M 8 1 24 350
10 61 56 59 -5 6 0 0.19 M M 10.3 16 30 M M 10 1 28 10
11 61 57 59 -5 6 0 0.05 M M 6.2 16 50 M M 10 1 22 30
12 61 58 60 -3 5 0 0.43 M M 5.8 10 30 M M 10 1 16 30
13 66 56 61 -2 4 0 0.03 M M 7.4 15 40 M M 10 1 27 30
14 76 56 66 4 0 1 0.00 M M 4.9 12 40 M M 4 16 50
15 77 51 64 2 1 0 0.00 M M 2.1 9 30 M M 0 1 13 60
16 65 53 59 -3 6 0 0.00 M M 2.6 8 120 M M 2 128 10 130
17 79 54 67 5 0 2 0.00 M M 5.4 15 10 M M 4 18 23 360
18 68 57 63 2 2 0 0.00 M M 5.4 13 30 M M 5 1 18 10
19 68 57 63 2 2 0 0.02 M M 2.6 8 140 M M 10 12 11 160
20 85 65 75 14 0 10 0.01 M M 5.8 21 360 M M 5 1 30 10
21 65 48 57 -3 8 0 0.00 M M 11.4 21 360 M M 3 34 340
22 69 35 52 -8 13 0 0.00 M M 2.5 10 270 M M 0 15 280
23 61 42 52 -8 13 0 0.09 M M 2.5 10 300 M M 5 1 16 290
24 68 42 55 -5 10 0 0.00 M M 4.6 15 90 M M 0 18 20 60
25 62 55 59 0 6 0 T M M 7.2 13 60 M M 10 19 70
26 61 51 56 -3 9 0 0.02 M M 9.6 20 360 M M 7 1 30 360
27 59 48 54 -5 11 0 0.00 M M 6.4 16 40 M M 9 20 60
28 64 50 57 -1 8 0 0.00 M M 4.6 9 80 M M 7 14 70
29 64 53 59 1 6 0 0.03 M M 4.6 14 130 M M 10 1 20 110
30 71 56 64 6 1 0 0.24 M M 4.6 13 210 M M 7 1 18 220
================================================================================
SM 2126 1602 138 59 1.22 M 156.4 M 158
================================================================================
AV 70.9 53.4 5.2 FASTST M M 5 MAX(MPH)
MISC ----> # 21 360 34 340
================================================================================
NOTES:
# LAST OF SEVERAL OCCURRENCES
COLUMN 17 PEAK WIND IN M.P.H.
PRELIMINARY LOCAL CLIMATOLOGICAL DATA (WS FORM: F-6) , PAGE 2
STATION: SAN ANTONIO STINSON FIELD
MONTH: NOVEMBER
YEAR: 2023
LATITUDE: 29 19 N
LONGITUDE: 98 29 W
[TEMPERATURE DATA] [PRECIPITATION DATA] SYMBOLS USED IN COLUMN 16
AVERAGE MONTHLY: 62.1 TOTAL FOR MONTH: 1.22 1 = FOG OR MIST
DPTR FM NORMAL: -0.1 DPTR FM NORMAL: -0.79 2 = FOG REDUCING VISIBILITY
HIGHEST: 87 ON 8, 7 GRTST 24HR 0.46 ON 12-13 TO 1/4 MILE OR LESS
LOWEST: 35 ON 22 3 = THUNDER
SNOW, ICE PELLETS, HAIL 4 = ICE PELLETS
TOTAL MONTH: M 5 = HAIL
GRTST 24HR M ON M 6 = FREEZING RAIN OR DRIZZLE
GRTST DEPTH: M ON M 7 = DUSTSTORM OR SANDSTORM:
VSBY 1/2 MILE OR LESS
8 = SMOKE OR HAZE
[NO. OF DAYS WITH] [WEATHER - DAYS WITH] 9 = BLOWING SNOW
X = TORNADO
MAX 32 OR BELOW: 0 0.01 INCH OR MORE: 11
MAX 90 OR ABOVE: 0 0.10 INCH OR MORE: 4
MIN 32 OR BELOW: 0 0.50 INCH OR MORE: 0
MIN 0 OR BELOW: 0 1.00 INCH OR MORE: 0
[HDD (BASE 65) ]
TOTAL THIS MO. 138 CLEAR (SCALE 0-3) 9
DPTR FM NORMAL -17 PTCLDY (SCALE 4-7) 13
TOTAL FM JUL 1 170 CLOUDY (SCALE 8-10) 8
DPTR FM NORMAL -8
[CDD (BASE 65) ]
TOTAL THIS MO. 59
DPTR FM NORMAL -12 [PRESSURE DATA]
TOTAL FM JAN 1 4105 HIGHEST SLP 30.50 ON 1
DPTR FM NORMAL 650 LOWEST SLP 29.63 ON 20
[REMARKS]
#FINAL-11-23#