471
CXUS53 KGRB 220714
CF6STE
PRELIMINARY LOCAL CLIMATOLOGICAL DATA (WS FORM: F-6)
STATION: STEVENS POINT WI
MONTH: OCTOBER
YEAR: 2020
LATITUDE: 44 32 N
LONGITUDE: 89 32 W
TEMPERATURE IN F: :PCPN: SNOW: WIND :SUNSHINE: SKY :PK WND
================================================================================
1 2 3 4 5 6A 6B 7 8 9 10 11 12 13 14 15 16 17 18
12Z AVG MX 2MIN
DY MAX MIN AVG DEP HDD CDD WTR SNW DPTH SPD SPD DIR MIN PSBL S-S WX SPD DR
================================================================================
1 54 30 42 M 23 0 0.01 M 0 7.1 16 340 M M 7 22 350
2 44 32 38 M 27 0 0.00 0.0 0 0.4 4 10 M M 9 1 M M
3 46 29 38 M 27 0 0.05 M 0 1.2 6 80 M M 9 8 M M
4 50 27 39 M 26 0 0.00 0.0 0 3.7 9 350 M M 2 M M
5 61 28 45 M 20 0 0.00 0.0 0 10.5 21 190 M M 0 28 190
6 69 38 54 M 11 0 0.06 M 0 6.5 14 260 M M 2 21 260
7 64 36 50 M 15 0 0.03 M 0 6.9 16 290 M M 2 24 300
8 61 31 46 M 19 0 0.00 0.0 0 2.1 9 350 M M 0 M M
9 75 47 61 M 4 0 0.00 0.0 0 9.1 23 230 M M 2 1 31 230
10 64 42 53 M 12 0 0.00 0.0 0 4.7 14 90 M M 2 12 17 90
11 55 39 47 M 18 0 0.00 0.0 0 10.7 15 110 M M 8 24 120
12 61 36 49 M 16 0 0.50 M 0 9.4 17 160 M M 6 3 25 160
13 61 34 48 M 17 0 0.00 0.0 0 8.6 15 280 M M 3 29 280
14 58 39 49 M 16 0 0.01 M 0 10.0 22 260 M M 6 33 260
15 44 29 37 M 28 0 0.00 0.0 0 9.3 17 280 M M 7 31 280
16 46 25 36 M 29 0 0.09 M 0 7.1 20 220 M M 5 1 29 220
17 57 24 41 M 24 0 0.03 M 0 7.6 20 210 M M 8 24 210
18 40 26 33 M 32 0 0.00 0.0 0 6.3 14 250 M M 3 20 250
19 34 16 25 M 40 0 M M M 1.1 6 330 M M 5 M M
20 37 16 27 M 38 0 0.16 M M 4.7 12 80 M M 6 18 110
21 37 32 35 M 30 0 M M M 5.9 13 270 M M 9 1 21 280
================================================================================
SM 1118 656 472 0 0.94 0.0 132.9 M 101
================================================================================
AV 53.2 31.2 6.3 FASTST M M 5 MAX(MPH)
MISC ----> 23 230 33 260
================================================================================
NOTES:
# LAST OF SEVERAL OCCURRENCES
COLUMN 17 PEAK WIND IN M.P.H.
PRELIMINARY LOCAL CLIMATOLOGICAL DATA (WS FORM: F-6) , PAGE 2
STATION: STEVENS POINT WI
MONTH: OCTOBER
YEAR: 2020
LATITUDE: 44 32 N
LONGITUDE: 89 32 W
[TEMPERATURE DATA] [PRECIPITATION DATA] SYMBOLS USED IN COLUMN 16
AVERAGE MONTHLY: 42.2 TOTAL FOR MONTH: 0.94 1 = FOG OR MIST
DPTR FM NORMAL: 0.0 DPTR FM NORMAL: 0.94 2 = FOG REDUCING VISIBILITY
HIGHEST: 75 ON 9 GRTST 24HR 0.50 ON 12-12 TO 1/4 MILE OR LESS
LOWEST: 16 ON 20,19 3 = THUNDER
SNOW, ICE PELLETS, HAIL 4 = ICE PELLETS
TOTAL MONTH: 0.0 INCH 5 = HAIL
GRTST 24HR 0.0 6 = FREEZING RAIN OR DRIZZLE
GRTST DEPTH: 0 7 = DUSTSTORM OR SANDSTORM:
VSBY 1/2 MILE OR LESS
8 = SMOKE OR HAZE
[NO. OF DAYS WITH] [WEATHER - DAYS WITH] 9 = BLOWING SNOW
X = TORNADO
MAX 32 OR BELOW: 0 0.01 INCH OR MORE: 9
MAX 90 OR ABOVE: 0 0.10 INCH OR MORE: 2
MIN 32 OR BELOW: 13 0.50 INCH OR MORE: 1
MIN 0 OR BELOW: 0 1.00 INCH OR MORE: 0
[HDD (BASE 65) ]
TOTAL THIS MO. 472 CLEAR (SCALE 0-3) 7
DPTR FM NORMAL M PTCLDY (SCALE 4-7) 9
TOTAL FM JUL 1 802 CLOUDY (SCALE 8-10) 5
DPTR FM NORMAL M
[CDD (BASE 65) ]
TOTAL THIS MO. 0
DPTR FM NORMAL M [PRESSURE DATA]
TOTAL FM JAN 1 370 HIGHEST SLP M ON M
DPTR FM NORMAL 370 LOWEST SLP M ON M
[REMARKS]