000
CXUS53 KGRB 160733
CF6STE
PRELIMINARY LOCAL CLIMATOLOGICAL DATA (WS FORM: F-6)
STATION: STEVENS POINT WI
MONTH: JULY
YEAR: 2020
LATITUDE: 44 32 N
LONGITUDE: 89 32 W
TEMPERATURE IN F: :PCPN: SNOW: WIND :SUNSHINE: SKY :PK WND
================================================================================
1 2 3 4 5 6A 6B 7 8 9 10 11 12 13 14 15 16 17 18
12Z AVG MX 2MIN
DY MAX MIN AVG DEP HDD CDD WTR SNW DPTH SPD SPD DIR MIN PSBL S-S WX SPD DR
================================================================================
1 85 61 73 M 0 8 0.00 0.0 0 5.1 13 90 M M 1 10 80
2 87 56 72 M 0 7 0.00 0.0 0 1.2 6 230 M M 0 M M
3 88 62 75 M 0 10 0.00 0.0 0 3.2 10 80 M M 1 M M
4 87 59 73 M 0 8 0.00 0.0 0 0.8 5 130 M M 2 1 M M
5 88 62 75 M 0 10 0.07 0.0 0 2.3 8 270 M M 2 1 M M
6 88 63 76 M 0 11 0.92 0.0 0 5.0 25 310 M M 2 13 35 310
7 84 63 74 M 0 9 0.06 0.0 0 2.2 18 230 M M 4 24 230
8 87 59 73 M 0 8 0.01 0.0 0 4.0 12 200 M M 4 12 M M
9 81 65 73 M 0 8 0.58 0.0 0 5.8 12 20 M M 7 3 20 20
10 81 64 73 M 0 8 0.07 0.0 0 6.3 13 330 M M 3 18 320
11 82 57 70 M 0 5 0.00 0.0 0 3.6 13 260 M M 2 17 260
12 76 55 66 M 0 1 0.00 0.0 0 3.8 14 350 M M 2 16 340
13 79 52 66 M 0 1 0.00 0.0 0 3.9 10 140 M M 2 M M
14 80 65 73 M 0 8 0.67 0.0 0 7.5 16 180 M M 8 24 180
15 67 52 60 M 5 0 0.20 0.0 0 2.4 7 10 M M 6 M M
================================================================================
SM 1240 895 5 102 2.58 0.0 57.1 M 46
================================================================================
AV 82.7 59.7 3.8 FASTST M M 3 MAX(MPH)
MISC ----> # 25 310 # 35 310
================================================================================
NOTES:
# LAST OF SEVERAL OCCURRENCES
COLUMN 17 PEAK WIND IN M.P.H.
PRELIMINARY LOCAL CLIMATOLOGICAL DATA (WS FORM: F-6) , PAGE 2
STATION: STEVENS POINT WI
MONTH: JULY
YEAR: 2020
LATITUDE: 44 32 N
LONGITUDE: 89 32 W
[TEMPERATURE DATA] [PRECIPITATION DATA] SYMBOLS USED IN COLUMN 16
AVERAGE MONTHLY: 71.2 TOTAL FOR MONTH: 2.58 1 = FOG OR MIST
DPTR FM NORMAL: M DPTR FM NORMAL: M 2 = FOG REDUCING VISIBILITY
HIGHEST: 88 ON 6, 5 GRTST 24HR 0.92 ON 6- 6 TO 1/4 MILE OR LESS
LOWEST: 52 ON 15,13 3 = THUNDER
SNOW, ICE PELLETS, HAIL 4 = ICE PELLETS
TOTAL MONTH: 0.0 INCH 5 = HAIL
GRTST 24HR 0.0 6 = FREEZING RAIN OR DRIZZLE
GRTST DEPTH: 0 7 = DUSTSTORM OR SANDSTORM:
VSBY 1/2 MILE OR LESS
8 = SMOKE OR HAZE
[NO. OF DAYS WITH] [WEATHER - DAYS WITH] 9 = BLOWING SNOW
X = TORNADO
MAX 32 OR BELOW: 0 0.01 INCH OR MORE: 8
MAX 90 OR ABOVE: 0 0.10 INCH OR MORE: 4
MIN 32 OR BELOW: 0 0.50 INCH OR MORE: 3
MIN 0 OR BELOW: 0 1.00 INCH OR MORE: 0
[HDD (BASE 65) ]
TOTAL THIS MO. 5 CLEAR (SCALE 0-3) 10
DPTR FM NORMAL M PTCLDY (SCALE 4-7) 5
TOTAL FM JUL 1 5 CLOUDY (SCALE 8-10) 0
DPTR FM NORMAL M
[CDD (BASE 65) ]
TOTAL THIS MO. 102
DPTR FM NORMAL M [PRESSURE DATA]
TOTAL FM JAN 1 197 HIGHEST SLP M ON M
DPTR FM NORMAL 197 LOWEST SLP M ON M
[REMARKS]