000
CXUS53 KEAX 010736
CF6STJ
PRELIMINARY LOCAL CLIMATOLOGICAL DATA (WS FORM: F-6)
STATION: ST. JOSEPH MO
MONTH: MAY
YEAR: 2022
LATITUDE: 39 46 N
LONGITUDE: 94 55 W
TEMPERATURE IN F: :PCPN: SNOW: WIND :SUNSHINE: SKY :PK WND
================================================================================
1 2 3 4 5 6A 6B 7 8 9 10 11 12 13 14 15 16 17 18
12Z AVG MX 2MIN
DY MAX MIN AVG DEP HDD CDD WTR SNW DPTH SPD SPD DIR MIN PSBL S-S WX SPD DR
================================================================================
1 67 44 56 -3 9 0 0.00 M M 12.7 31 300 M M 0 40 290
2 52 45 49 -10 16 0 0.41 M M 11.5 22 20 M M 0 13 29 20
3 53 42 48 -12 17 0 T M M 11.8 22 340 M M 4 1 28 350
4 52 48 50 -10 15 0 0.03 M M 9.0 18 110 M M 1 27 110
5 57 50 54 -6 11 0 0.28 M M 6.8 13 60 M M 0 1 17 60
6 64 47 56 -5 9 0 0.19 M M 5.3 13 20 M M 0 1 19 40
7 72 45 59 -2 6 0 0.00 M M 12.1 22 130 M M 0 31 130
8 72 56 64 2 1 0 0.03 M M 14.7 25 180 M M 0 36 160
9 92 67 80 18 0 15 0.00 M M 19.6 30 190 M M 0 41 170
10 91 74 83 21 0 18 0.00 M M 13.1 21 180 M M 0 18 32 170
11 93 72 83 20 0 18 0.00 M M 12.1 23 180 M M 2 1 33 180
12 94 69 82 19 0 17 0.00 M M 14.9 31 320 M M 0 49 340
13 80 60 70 6 0 5 0.33 M M 7.3 35 90 M M 0 13 47 90
14 88 56 72 8 0 7 0.02 M M 4.6 26 360 M M 0 3 35 350
15 74 51 63 -1 2 0 0.31 M M 8.4 29 110 M M 0 13 40 120
16 79 47 63 -2 2 0 0.00 M M 4.8 16 210 M M 0 1 21 230
17 85 55 70 5 0 5 0.03 M M 8.4 40 160 M M 0 3 58 170
18 84 59 72 6 0 7 0.06 M M 5.9 22 150 M M 2 38 30 280
19 85 55 70 4 0 5 0.00 M M 9.9 23 190 M M 0 1 30 210
20 74 55 65 -1 0 0 0.00 M M 12.9 25 40 M M 7 35 40
21 62 39 51 -16 14 0 0.03 M M 12.1 23 350 M M 6 3 29 330
22 69 36 53 -14 12 0 0.00 M M 6.6 20 340 M M 0 29 360
23 67 45 56 -12 9 0 0.00 M M 6.8 16 90 M M 5 22 80
24 59 52 56 -12 9 0 0.74 M M 9.8 22 70 M M 10 1 30 80
25 63 56 60 -8 5 0 0.86 M M 7.8 24 350 M M 10 1 29 340
26 59 43 51 -18 14 0 T M M 9.7 23 330 M M 8 29 350
27 78 42 60 -9 5 0 0.00 M M 3.8 8 140 M M 0 1 13 250
28 86 60 73 4 0 8 0.00 M M 13.9 23 190 M M 0 32 180
29 87 68 78 8 0 13 0.03 M M 19.2 32 180 M M 0 3 43 170
30 85 68 77 7 0 12 0.02 M M 21.5 35 320 M M 0 13 47 200
31 79 62 71 1 0 6 1.31 M M 6.0 32 320 M M 7 13 35 310
================================================================================
SM 2302 1668 156 136 4.68 M 323.0 M 62
================================================================================
AV 74.3 53.8 10.4 FASTST M M 2 MAX(MPH)
MISC ----> 40 160 58 170
================================================================================
NOTES:
# LAST OF SEVERAL OCCURRENCES
COLUMN 17 PEAK WIND IN M.P.H.
PRELIMINARY LOCAL CLIMATOLOGICAL DATA (WS FORM: F-6) , PAGE 2
STATION: ST. JOSEPH MO
MONTH: MAY
YEAR: 2022
LATITUDE: 39 46 N
LONGITUDE: 94 55 W
[TEMPERATURE DATA] [PRECIPITATION DATA] SYMBOLS USED IN COLUMN 16
AVERAGE MONTHLY: 64.0 TOTAL FOR MONTH: 4.68 1 = FOG OR MIST
DPTR FM NORMAL: -0.8 DPTR FM NORMAL: -0.19 2 = FOG REDUCING VISIBILITY
HIGHEST: 94 ON 12 GRTST 24HR 1.33 ON 30-31 TO 1/4 MILE OR LESS
LOWEST: 36 ON 22 3 = THUNDER
SNOW, ICE PELLETS, HAIL 4 = ICE PELLETS
TOTAL MONTH: M 5 = HAIL
GRTST 24HR M ON M 6 = FREEZING RAIN OR DRIZZLE
GRTST DEPTH: M ON M 7 = DUSTSTORM OR SANDSTORM:
VSBY 1/2 MILE OR LESS
8 = SMOKE OR HAZE
[NO. OF DAYS WITH] [WEATHER - DAYS WITH] 9 = BLOWING SNOW
X = TORNADO
MAX 32 OR BELOW: 0 0.01 INCH OR MORE: 16
MAX 90 OR ABOVE: 4 0.10 INCH OR MORE: 8
MIN 32 OR BELOW: 0 0.50 INCH OR MORE: 3
MIN 0 OR BELOW: 0 1.00 INCH OR MORE: 1
[HDD (BASE 65) ]
TOTAL THIS MO. 156 CLEAR (SCALE 0-3) 23
DPTR FM NORMAL 43 PTCLDY (SCALE 4-7) 5
TOTAL FM JUL 1 5233 CLOUDY (SCALE 8-10) 3
DPTR FM NORMAL -145
[CDD (BASE 65) ]
TOTAL THIS MO. 136
DPTR FM NORMAL 31 [PRESSURE DATA]
TOTAL FM JAN 1 147 HIGHEST SLP M ON M
DPTR FM NORMAL 21 LOWEST SLP 29.26 ON 20
[REMARKS]
#FINAL-05-22#