000
CXUS53 KLSX 011729
CLSSTL
CLIMATE REPORT
NATIONAL WEATHER SERVICE ST LOUIS MO
1229 PM CDT WED JUN 01 2022
...................................
...THE ST. LOUIS CLIMATE SUMMARY FOR THE SEASON, FROM
3/1/2022 TO 5/31/2022...
CLIMATE NORMAL PERIOD 1991 TO 2020
CLIMATE RECORD PERIOD 1874 TO 2022
WEATHER OBSERVED NORMAL DEPART LAST YEAR`S
VALUE DATE(S) VALUE FROM VALUE
NORMAL
..............................................................
TEMPERATURE (F)
RECORD
HIGH 98 05/26/1953
05/31/1934
LOW -5 03/05/1960
HIGHEST 94 05/11
LOWEST 14 03/12
AVG. MAXIMUM 68.5 67.2 1.3
AVG. MINIMUM 48.1 47.2 0.9
MEAN 58.3 57.2 1.1
DAYS MAX >= 90 5
DAYS MAX <= 32 0
DAYS MAX >= 100 0
DAYS MIN <= 32 9
DAYS MIN <= 0 0
PRECIPITATION (INCHES)
RECORD
MAXIMUM 23.18 1927
MINIMUM 3.86 1914
TOTALS 14.42 13.05 1.37
DAYS >= .01 39
DAYS >= .10 24
DAYS >= .50 7
DAYS >= 1.00 5
GREATEST
24 HR. TOTAL 1.84 03/30
SNOWFALL (INCHES)
RECORDS
TOTAL 28.8 1912
24 HR TOTAL 20.4 03/30/1912 TO 03/31/1912
TOTALS 0.9 2.5 -1.6
SINCE 7/1 12.1 16.6 -4.5
DAYS >= TRACE 4
DAYS >= 1.0 0
GREATEST
SNOW DEPTH 1 03/11
24 HR TOTAL 0.8 03/1
DEGREE DAYS
HEATING TOTAL 826 910 -84
SINCE 7/1 4003 4429 -426
COOLING TOTAL 235 194 41
SINCE 1/1 235 195 40
..............................................................
WIND (MPH)
HIGHEST WIND SPEED/DIRECTION 35/230 DATE 05/19
35/130 03/22
HIGHEST GUST SPEED/DIRECTION 49/220 DATE 05/19
49/190 04/20
WEATHER CONDITIONS. NUMBER OF DAYS WITH
THUNDERSTORM 18 HAIL 0
FOG W/VIS <= 1/4 MILE 1
- INDICATES NEGATIVE NUMBERS.
R INDICATES RECORD WAS SET OR TIED.
MM INDICATES DATA IS MISSING.
T INDICATES TRACE AMOUNT.
...SEASONAL...
TIED 8TH MOST OCCURRENCES WITH A LOW TEMPERATURE GREATER THAN OR EQUAL TO
70 DEGREES WITHIN METEOROLOGICAL SPRING (6 DAYS).
...MONTHLY...
TIED 8TH MOST DAYS WITH AT LEAST ONE INCH OF RAINFALL WITHIN THE
MONTH OF MAY (3 DAYS).
...DAILY...
3 RECORD HIGH TEMPERATURES SET (05/12, 05/11, AND 03/02).
2 RECORD HIGH MINIMUM TEMPERATURES SET (05/12 AND 05/11).
2 RECORD RAINFALL VALUES SET (05/05 AND 03/06).
$$
GOSSELIN