000
CXUS55 KSTO 011300
CF6STO
PRELIMINARY LOCAL CLIMATOLOGICAL DATA (WS FORM: F-6)
STATION: SACRAMENTO CITY
MONTH: OCTOBER
YEAR: 2022
LATITUDE: 38 36 N
LONGITUDE: 121 23 W
TEMPERATURE IN F: :PCPN: SNOW: WIND :SUNSHINE: SKY :PK WND
================================================================================
1 2 3 4 5 6A 6B 7 8 9 10 11 12 13 14 15 16 17 18
12Z AVG MX 2MIN
DY MAX MIN AVG DEP HDD CDD WTR SNW DPTH SPD SPD DIR MIN PSBL S-S WX SPD DR
================================================================================
1 88 59 74 3 0 9 0.00 0.0 M M M M M M M M M
2 84 58 71 1 0 6 0.00 0.0 M M M M M M M M M
3 88 57 73 3 0 8 0.00 0.0 M M M M M M M M M
4 89 58 74 4 0 9 0.00 0.0 M M M M M M M M M
5 91 60 76 6 0 11 0.00 0.0 M M M M M M M M M
6 94 59 77 8 0 12 0.00 0.0 M M M M M M M M M
7 95 59 77 8 0 12 0.00 0.0 M M M M M M M M M
8 95 61 78 9 0 13 0.00 0.0 M M M M M M M M M
9 91 57 74 6 0 9 0.00 0.0 M M M M M M M M M
10 93 57 75 7 0 10 0.00 0.0 M M M M M M M M M
11 90 58 74 6 0 9 0.00 0.0 M M M M M M M M M
12 86 56 71 4 0 6 0.00 0.0 M M M M M M M M M
13 84 54 69 2 0 4 0.00 0.0 M M M M M M M M M
14 86 54 70 3 0 5 0.00 0.0 0 M M M M M M M M
15 80 56 68 2 0 3 0.00 0.0 M M M M M M M M M
16 74 57 66 0 0 1 0.00 0.0 M M M M M M M M M
17 80 52 66 0 0 1 0.00 0.0 M M M M M M M M M
18 83 57 70 5 0 5 0.00 0.0 M M M M M M M M M
19 88 54 71 6 0 6 0.00 0.0 M M M M M M M M M
20 89 55 72 7 0 7 0.00 0.0 0 M M M M M M M M
21 84 56 70 6 0 5 0.00 0.0 0 M M M M M M M M
22 75 58 67 3 0 2 0.00 0.0 0 M M M M M M M M
23 71 49 60 -4 5 0 0.00 0.0 M M M M M M M M M
24 76 47 62 -1 3 0 0.00 0.0 0 M M M M M M M M
25 75 52 64 1 1 0 0.00 0.0 M M M M M M M M M
26 72 48 60 -2 5 0 0.00 0.0 0 M M M M M M M M
27 74 45 60 -2 5 0 0.00 0.0 M M M M M M M M M
28 72 45 59 -3 6 0 0.00 0.0 M M M M M M M M M
29 76 45 61 0 4 0 0.00 0.0 M M M M M M M M M
30 77 45 61 0 4 0 0.00 0.0 M M M M M M M M M
31 69 50 60 -1 5 0 0.00 0.0 M M M M M M M M M
================================================================================
SM 2569 1678 38 153 0.00 0.0 M M M
================================================================================
AV 82.9 54.1 M FASTST M M M MAX(MPH)
MISC ----> M M M M
================================================================================
NOTES:
# LAST OF SEVERAL OCCURRENCES
COLUMN 17 PEAK WIND IN M.P.H.
PRELIMINARY LOCAL CLIMATOLOGICAL DATA (WS FORM: F-6) , PAGE 2
STATION: SACRAMENTO CITY
MONTH: OCTOBER
YEAR: 2022
LATITUDE: 38 36 N
LONGITUDE: 121 23 W
[TEMPERATURE DATA] [PRECIPITATION DATA] SYMBOLS USED IN COLUMN 16
AVERAGE MONTHLY: 68.5 TOTAL FOR MONTH: 0.00 1 = FOG OR MIST
DPTR FM NORMAL: 2.6 DPTR FM NORMAL: -0.93 2 = FOG REDUCING VISIBILITY
HIGHEST: 95 ON 8, 7 GRTST 24HR 0.00 ON 6- 6 TO 1/4 MILE OR LESS
LOWEST: 45 ON 30,29 3 = THUNDER
SNOW, ICE PELLETS, HAIL 4 = ICE PELLETS
TOTAL MONTH: 0.0 INCH 5 = HAIL
GRTST 24HR 0.0 6 = FREEZING RAIN OR DRIZZLE
GRTST DEPTH: 0 7 = DUSTSTORM OR SANDSTORM:
VSBY 1/2 MILE OR LESS
8 = SMOKE OR HAZE
[NO. OF DAYS WITH] [WEATHER - DAYS WITH] 9 = BLOWING SNOW
X = TORNADO
MAX 32 OR BELOW: 0 0.01 INCH OR MORE: 0
MAX 90 OR ABOVE: 7 0.10 INCH OR MORE: 0
MIN 32 OR BELOW: 0 0.50 INCH OR MORE: 0
MIN 0 OR BELOW: 0 1.00 INCH OR MORE: 0
[HDD (BASE 65) ]
TOTAL THIS MO. 38 CLEAR (SCALE 0-3) 0
DPTR FM NORMAL -20 PTCLDY (SCALE 4-7) 0
TOTAL FM JUL 1 38 CLOUDY (SCALE 8-10) 31
DPTR FM NORMAL -23
[CDD (BASE 65) ]
TOTAL THIS MO. 153
DPTR FM NORMAL 67 [PRESSURE DATA]
TOTAL FM JAN 1 2076 HIGHEST SLP M ON M
DPTR FM NORMAL 501 LOWEST SLP M ON M
[REMARKS]
#FINAL-10-22#