000
CXUS55 KSTO 241300
CF6STO
PRELIMINARY LOCAL CLIMATOLOGICAL DATA (WS FORM: F-6)
STATION: SACRAMENTO CITY
MONTH: APRIL
YEAR: 2024
LATITUDE: 38 36 N
LONGITUDE: 121 23 W
TEMPERATURE IN F: :PCPN: SNOW: WIND :SUNSHINE: SKY :PK WND
================================================================================
1 2 3 4 5 6A 6B 7 8 9 10 11 12 13 14 15 16 17 18
12Z AVG MX 2MIN
DY MAX MIN AVG DEP HDD CDD WTR SNW DPTH SPD SPD DIR MIN PSBL S-S WX SPD DR
================================================================================
1 75 45 60 1 5 0 0.00 0.0 M M M M M M M M M
2 77 49 63 4 2 0 0.00 0.0 M M M M M M M M M
3 71 47 59 0 6 0 0.00 0.0 M M M M M M M M M
4 52 41 47 -12 18 0 0.49 0.0 M M M M M M M M M
5 56 41 49 -11 16 0 0.44 0.0 M M M M M M M M M
6 63 38 51 -9 14 0 0.00 0.0 M M M M M M M M M
7 66 40 53 -7 12 0 0.00 0.0 M M M M M M M M M
8 76 46 61 1 4 0 0.00 0.0 M M M M M M M M M
9 80 46 63 3 2 0 0.00 0.0 M M M M M M M M M
10 81 51 66 6 0 1 0.00 0.0 M M M M M M M M M
11 86 56 71 11 0 6 0.00 0.0 M M M M M M M M M
12 70 56 63 2 2 0 0.00 0.0 M M M M M M M M M
13 59 45 52 -9 13 0 0.75 0.0 M M M M M M M M M
14 61 45 53 -8 12 0 0.00 0.0 M M M M M M M M M
15 72 51 62 1 3 0 0.00 0.0 M M M M M M M M M
16 78 50 64 3 1 0 0.00 0.0 M M M M M M M M M
17 81 55 68 6 0 3 0.00 0.0 M M M M M M M M M
18 84 56 70 8 0 5 0.00 0.0 M M M M M M M M M
19 81 53 67 5 0 2 0.00 0.0 M M M M M M M M M
20 85 54 70 8 0 5 0.00 0.0 M M M M M M M M M
21 88 55 72 10 0 7 0.00 0.0 M M M M M M M M M
22 89 56 73 10 0 8 0.00 0.0 M M M M M M M M M
23 69 55 62 -1 3 0 0.00 0.0 M M M M M M M M M
================================================================================
SM 1700 1131 113 37 1.68 0.0 M M M
================================================================================
AV 73.9 49.2 M FASTST M M M MAX(MPH)
MISC ----> M M M M
================================================================================
NOTES:
# LAST OF SEVERAL OCCURRENCES
COLUMN 17 PEAK WIND IN M.P.H.
PRELIMINARY LOCAL CLIMATOLOGICAL DATA (WS FORM: F-6) , PAGE 2
STATION: SACRAMENTO CITY
MONTH: APRIL
YEAR: 2024
LATITUDE: 38 36 N
LONGITUDE: 121 23 W
[TEMPERATURE DATA] [PRECIPITATION DATA] SYMBOLS USED IN COLUMN 16
AVERAGE MONTHLY: 61.5 TOTAL FOR MONTH: 1.68 1 = FOG OR MIST
DPTR FM NORMAL: 0.8 DPTR FM NORMAL: 0.47 2 = FOG REDUCING VISIBILITY
HIGHEST: 89 ON 22 GRTST 24HR 0.75 ON 13-13 TO 1/4 MILE OR LESS
LOWEST: 38 ON 6 3 = THUNDER
SNOW, ICE PELLETS, HAIL 4 = ICE PELLETS
TOTAL MONTH: 0.0 INCH 5 = HAIL
GRTST 24HR 0.0 6 = FREEZING RAIN OR DRIZZLE
GRTST DEPTH: M ON M 7 = DUSTSTORM OR SANDSTORM:
VSBY 1/2 MILE OR LESS
8 = SMOKE OR HAZE
[NO. OF DAYS WITH] [WEATHER - DAYS WITH] 9 = BLOWING SNOW
X = TORNADO
MAX 32 OR BELOW: 0 0.01 INCH OR MORE: 3
MAX 90 OR ABOVE: 0 0.10 INCH OR MORE: 3
MIN 32 OR BELOW: 0 0.50 INCH OR MORE: 1
MIN 0 OR BELOW: 0 1.00 INCH OR MORE: 0
[HDD (BASE 65) ]
TOTAL THIS MO. 113 CLEAR (SCALE 0-3) 0
DPTR FM NORMAL -3 PTCLDY (SCALE 4-7) 0
TOTAL FM JUL 1 1742 CLOUDY (SCALE 8-10) 23
DPTR FM NORMAL -322
[CDD (BASE 65) ]
TOTAL THIS MO. 37
DPTR FM NORMAL 21 [PRESSURE DATA]
TOTAL FM JAN 1 37 HIGHEST SLP M ON M
DPTR FM NORMAL 17 LOWEST SLP M ON M
[REMARKS]