000
CXUS56 KMTR 011814
CF6STS
PRELIMINARY LOCAL CLIMATOLOGICAL DATA (WS FORM: F-6)
STATION: SANTA ROSA AIRPORT
MONTH: JUNE
YEAR: 2020
LATITUDE: 38 30 N
LONGITUDE: 122 49 W
TEMPERATURE IN F: :PCPN: SNOW: WIND :SUNSHINE: SKY :PK WND
================================================================================
1 2 3 4 5 6A 6B 7 8 9 10 11 12 13 14 15 16 17 18
12Z AVG MX 2MIN
DY MAX MIN AVG DEP HDD CDD WTR SNW DPTH SPD SPD DIR MIN PSBL S-S WX SPD DR
================================================================================
1 80 51 66 3 0 1 0.00 M M 4.1 14 180 M M 6 1 17 190
2 93 51 72 9 0 7 0.00 M M 4.3 15 230 M M 0 1 19 230
3 98 54 76 12 0 11 0.00 M M 4.2 13 260 M M 0 1 18 250
4 93 51 72 8 0 7 0.00 M M 5.5 15 150 M M 0 18 20 160
5 85 48 67 3 0 2 0.00 M M 6.7 20 250 M M 2 18 25 250
6 77 50 64 0 1 0 0.00 M M 9.3 25 280 M M 1 33 290
7 74 44 59 -5 6 0 0.00 M M 10.3 23 310 M M 2 29 310
8 81 47 64 0 1 0 0.00 M M 5.3 17 240 M M 0 22 240
9 90 46 68 3 0 3 0.00 M M 4.5 14 190 M M 0 18 350
10 92 51 72 7 0 7 0.00 M M 4.7 14 150 M M 1 18 140
11 88 52 70 5 0 5 0.00 M M 4.7 15 250 M M 2 19 240
12 75 52 64 -1 1 0 T M M 6.9 22 270 M M 3 29 270
13 73 51 62 -3 3 0 0.00 M M 7.9 20 230 M M 6 26 220
14 80 51 66 0 0 1 0.00 M M 5.4 14 330 M M 3 18 170
15 82 55 69 3 0 4 0.00 M M 8.7 23 320 M M 3 28 320
16 82 55 69 3 0 4 0.00 M M 12.3 23 310 M M 0 30 320
17 93 53 73 7 0 8 0.00 M M 6.6 17 230 M M 0 25 240
18 95 51 73 7 0 8 0.00 M M 5.5 17 240 M M 0 23 180
19 77 50 64 -2 1 0 0.00 M M 7.1 15 160 M M 1 1 19 170
20 76 52 64 -2 1 0 0.00 M M 6.1 13 140 M M 5 1 17 180
21 91 53 72 5 0 7 0.00 M M 6.1 16 150 M M 0 20 140
22 84 51 68 1 0 3 0.00 M M 5.8 16 160 M M 0 1 19 140
23 81 54 68 1 0 3 0.00 M M 6.8 16 170 M M 4 21 160
24 84 53 69 2 0 4 0.00 M M 5.1 13 190 M M 4 17 180
25 84 53 69 2 0 4 0.00 M M 6.8 17 170 M M 1 12 20 150
26 79 53 66 -1 0 1 0.00 M M 6.8 16 140 M M 3 19 150
27 72 52 62 -5 3 0 0.00 M M 6.9 15 150 M M 5 18 20 190
28 89 48 69 2 0 4 0.00 M M 6.0 24 350 M M 3 128 30 350
29 86 50 68 1 0 3 0.00 M M 5.4 16 250 M M 0 18 22 250
30 86 50 68 0 0 3 0.00 M M 5.3 15 160 M M 0 18 18 140
================================================================================
SM 2520 1532 17 100 T M 191.1 M 55
================================================================================
AV 84.0 51.1 6.4 FASTST M M 2 MAX(MPH)
MISC ----> 25 280 33 290
================================================================================
NOTES:
# LAST OF SEVERAL OCCURRENCES
COLUMN 17 PEAK WIND IN M.P.H.
PRELIMINARY LOCAL CLIMATOLOGICAL DATA (WS FORM: F-6) , PAGE 2
STATION: SANTA ROSA AIRPORT
MONTH: JUNE
YEAR: 2020
LATITUDE: 38 30 N
LONGITUDE: 122 49 W
[TEMPERATURE DATA] [PRECIPITATION DATA] SYMBOLS USED IN COLUMN 16
AVERAGE MONTHLY: 67.5 TOTAL FOR MONTH: T 1 = FOG OR MIST
DPTR FM NORMAL: 1.9 DPTR FM NORMAL: -0.24 2 = FOG REDUCING VISIBILITY
HIGHEST: 98 ON 3 GRTST 24HR T ON 5- 5 TO 1/4 MILE OR LESS
LOWEST: 44 ON 7 3 = THUNDER
SNOW, ICE PELLETS, HAIL 4 = ICE PELLETS
TOTAL MONTH: M 5 = HAIL
GRTST 24HR M ON M 6 = FREEZING RAIN OR DRIZZLE
GRTST DEPTH: M ON M 7 = DUSTSTORM OR SANDSTORM:
VSBY 1/2 MILE OR LESS
8 = SMOKE OR HAZE
[NO. OF DAYS WITH] [WEATHER - DAYS WITH] 9 = BLOWING SNOW
X = TORNADO
MAX 32 OR BELOW: 0 0.01 INCH OR MORE: 0
MAX 90 OR ABOVE: 8 0.10 INCH OR MORE: 0
MIN 32 OR BELOW: 0 0.50 INCH OR MORE: 0
MIN 0 OR BELOW: 0 1.00 INCH OR MORE: 0
[HDD (BASE 65) ]
TOTAL THIS MO. 17 CLEAR (SCALE 0-3) 20
DPTR FM NORMAL -34 PTCLDY (SCALE 4-7) 10
TOTAL FM JUL 1 2606 CLOUDY (SCALE 8-10) 0
DPTR FM NORMAL -454
[CDD (BASE 65) ]
TOTAL THIS MO. 100
DPTR FM NORMAL 31 [PRESSURE DATA]
TOTAL FM JAN 1 166 HIGHEST SLP 30.20 ON 8
DPTR FM NORMAL 72 LOWEST SLP 29.59 ON 28
[REMARKS]
#FINAL-06-20#