000
CXUS56 KMTR 011000
CF6STS
PRELIMINARY LOCAL CLIMATOLOGICAL DATA (WS FORM: F-6)
STATION: SANTA ROSA AIRPORT
MONTH: NOVEMBER
YEAR: 2023
LATITUDE: 38 30 N
LONGITUDE: 122 49 W
TEMPERATURE IN F: :PCPN: SNOW: WIND :SUNSHINE: SKY :PK WND
================================================================================
1 2 3 4 5 6A 6B 7 8 9 10 11 12 13 14 15 16 17 18
12Z AVG MX 2MIN
DY MAX MIN AVG DEP HDD CDD WTR SNW DPTH SPD SPD DIR MIN PSBL S-S WX SPD DR
================================================================================
1 80 38 59 2 6 0 0.00 M M 2.0 6 300 M M 0 9 160
2 78 40 59 2 6 0 0.00 M M 1.9 7 110 M M 2 8 20
3 81 49 65 9 0 0 0.00 M M 2.8 10 200 M M 1 18 190
4 77 52 65 9 0 0 0.00 M M 3.7 15 190 M M 5 12 20 180
5 65 58 62 6 3 0 0.22 M M 2.7 10 190 M M 10 1 15 200
6 68 46 57 1 8 0 0.07 M M 5.8 15 230 M M 5 1 21 260
7 68 42 55 0 10 0 T M M 4.8 12 10 M M 5 12 17 10
8 73 40 57 2 8 0 0.00 M M 3.6 10 250 M M 0 14 250
9 68 35 52 -3 13 0 0.00 M M 2.4 8 160 M M 2 11 190
10 69 39 54 0 11 0 T M M 0.5 6 260 M M 3 1 9 270
11 74 40 57 3 8 0 0.00 M M 1.8 7 250 M M 0 1 10 360
12 73 42 58 4 7 0 0.00 M M 3.9 13 200 M M 1 1 16 200
13 69 44 57 4 8 0 0.00 M M 3.1 15 180 M M 6 12 24 180
14 64 44 54 1 11 0 0.39 M M 2.9 9 350 M M 8 12 13 250
15 65 49 57 4 8 0 0.01 M M 2.3 9 170 M M 9 12 12 160
16 68 52 60 8 5 0 0.01 M M 2.0 8 150 M M 8 1 12 150
17 74 49 62 10 3 0 M M M 3.6 28 180 M M 8 123 42 190
18 63 49 56 4 9 0 1.41 M M 8.8 20 310 M M 9 1 31 330
19 64 40 52 0 13 0 T M M 6.4 18 340 M M 1 1 29 350
20 70 41 56 5 9 0 0.00 M M 3.4 15 350 M M 0 17 350
21 66 38 52 1 13 0 0.00 M M 2.2 7 280 M M 1 1 8 190
22 65 35 50 -1 15 0 0.00 M M 1.4 7 260 M M 2 1 9 300
23 73 39 56 6 9 0 0.00 M M 3.5 12 360 M M 1 12 15 360
24 64 33 49 -1 16 0 0.00 M M 5.3 20 20 M M 0 28 50
25 65 30 48 -2 17 0 0.00 M M 2.5 9 330 M M 0 10 330
26 65 29 47 -3 18 0 0.00 M M 2.3 9 330 M M 0 12 170
27 65 29 47 -3 18 0 0.00 M M 3.2 12 190 M M 0 14 200
28 64 30 47 -2 18 0 0.03 M M 3.0 9 150 M M 4 1 12 190
29 64 41 53 4 12 0 0.03 M M 1.6 9 260 M M 5 128 13 270
30 64 35 50 1 15 0 T M M 5.0 20 320 M M 3 12 26 350
================================================================================
SM 2066 1228 297 0 2.17 M 98.4 M 99
================================================================================
AV 68.9 40.9 3.3 FASTST M M 3 MAX(MPH)
MISC ----> 28 180 42 190
================================================================================
NOTES:
# LAST OF SEVERAL OCCURRENCES
COLUMN 17 PEAK WIND IN M.P.H.
PRELIMINARY LOCAL CLIMATOLOGICAL DATA (WS FORM: F-6) , PAGE 2
STATION: SANTA ROSA AIRPORT
MONTH: NOVEMBER
YEAR: 2023
LATITUDE: 38 30 N
LONGITUDE: 122 49 W
[TEMPERATURE DATA] [PRECIPITATION DATA] SYMBOLS USED IN COLUMN 16
AVERAGE MONTHLY: 54.9 TOTAL FOR MONTH: 2.17 1 = FOG OR MIST
DPTR FM NORMAL: 2.1 DPTR FM NORMAL: -1.41 2 = FOG REDUCING VISIBILITY
HIGHEST: 81 ON 3 GRTST 24HR 1.53 ON 17-18 TO 1/4 MILE OR LESS
LOWEST: 29 ON 27,26 3 = THUNDER
SNOW, ICE PELLETS, HAIL 4 = ICE PELLETS
TOTAL MONTH: M 5 = HAIL
GRTST 24HR M ON M 6 = FREEZING RAIN OR DRIZZLE
GRTST DEPTH: M ON M 7 = DUSTSTORM OR SANDSTORM:
VSBY 1/2 MILE OR LESS
8 = SMOKE OR HAZE
[NO. OF DAYS WITH] [WEATHER - DAYS WITH] 9 = BLOWING SNOW
X = TORNADO
MAX 32 OR BELOW: 0 0.01 INCH OR MORE: 8
MAX 90 OR ABOVE: 0 0.10 INCH OR MORE: 3
MIN 32 OR BELOW: 4 0.50 INCH OR MORE: 1
MIN 0 OR BELOW: 0 1.00 INCH OR MORE: 1
[HDD (BASE 65) ]
TOTAL THIS MO. 297 CLEAR (SCALE 0-3) 18
DPTR FM NORMAL -71 PTCLDY (SCALE 4-7) 9
TOTAL FM JUL 1 446 CLOUDY (SCALE 8-10) 3
DPTR FM NORMAL -127
[CDD (BASE 65) ]
TOTAL THIS MO. 0
DPTR FM NORMAL -1 [PRESSURE DATA]
TOTAL FM JAN 1 498 HIGHEST SLP M ON M
DPTR FM NORMAL 87 LOWEST SLP 29.72 ON 15
[REMARKS]
#FINAL-11-23#