000
CXUS54 KEWX 011010
CF6T82
PRELIMINARY LOCAL CLIMATOLOGICAL DATA (WS FORM: F-6)
STATION: FREDERICKSBURG
MONTH: MAY
YEAR: 2022
LATITUDE: 30 15 N
LONGITUDE: 98 55 W
TEMPERATURE IN F: :PCPN: SNOW: WIND :SUNSHINE: SKY :PK WND
================================================================================
1 2 3 4 5 6A 6B 7 8 9 10 11 12 13 14 15 16 17 18
12Z AVG MX 2MIN
DY MAX MIN AVG DEP HDD CDD WTR SNW DPTH SPD SPD DIR MIN PSBL S-S WX SPD DR
================================================================================
1 85 67 76 M 0 11 0.00 M M 7.3 14 140 M M 8 21 140
2 79 67 73 M 0 8 0.00 M M 9.7 20 190 M M 7 30 190
3 82 71 77 M 0 12 0.00 M M 6.8 10 200 M M 8 16 200
4 85 69 77 M 0 12 0.00 M M 10.1 16 180 M M 9 13 31 130
5 84 59 72 M 0 7 0.03 M M 7.3 15 210 M M 7 1 22 170
6 94 52 73 M 0 8 0.00 M M 5.0 13 220 M M 2 12 21 220
7 99 72 86 M 0 21 0.00 M M 9.1 18 210 M M 1 25 200
8 96 70 83 M 0 18 0.00 M M 10.1 16 180 M M 2 1 22 170
9 94 74 84 M 0 19 0.00 M M 11.8 17 190 M M 6 8 29 200
10 92 74 83 M 0 18 0.00 M M 10.5 16 160 M M 6 25 170
11 92 71 82 M 0 17 0.00 M M 10.0 18 180 M M 3 25 160
12 92 66 79 M 0 14 0.00 M M 10.3 16 160 M M 2 23 170
13 92 67 80 M 0 15 0.00 M M 8.7 14 190 M M 2 22 170
14 95 69 82 M 0 17 0.00 M M 5.9 13 210 M M 3 21 180
15 97 67 82 M 0 17 0.00 M M 7.6 15 170 M M 0 21 200
16 95 69 82 M 0 17 0.00 M M 6.7 10 160 M M 1 20 220
17 97 67 82 M 0 17 0.00 M M 9.0 16 190 M M 0 22 190
18 97 69 83 M 0 18 0.00 M M 9.7 17 200 M M 0 27 200
19 95 67 81 M 0 16 0.00 M M 10.8 16 180 M M 1 23 190
20 97 74 86 M 0 21 0.00 M M 12.2 20 260 M M 7 29 260
21 95 70 83 M 0 18 0.00 M M 8.0 15 190 M M 4 21 190
22 85 61 73 M 0 8 0.00 M M 8.8 20 40 M M 5 24 20
23 82 65 74 M 0 9 0.00 M M 6.7 13 180 M M 7 20 150
24 87 60 74 M 0 9 0.84 M M 11.1 29 350 M M 6 47 290
25 80 58 69 M 0 4 0.00 M M 10.2 22 320 M M 2 26 320
26 92 52 72 M 0 7 0.00 M M 3.1 12 220 M M 0 17 230
27 94 62 78 M 0 13 0.00 M M 3.3 9 180 M M 2 M M
28 94 67 81 M 0 16 0.00 M M 9.2 20 190 M M 1 27 190
29 94 69 82 M 0 17 0.00 M M 12.1 21 200 M M 2 32 200
30 92 73 83 M 0 18 0.00 M M 14.3 20 170 M M 7 30 170
31 93 74 84 M 0 19 0.00 M M 11.4 16 180 M M 6 24 190
================================================================================
SM 2827 2072 0 441 0.87 M 276.8 M 117
================================================================================
AV 91.2 66.8 8.9 FASTST M M 4 MAX(MPH)
MISC ----> 29 350 47 290
================================================================================
NOTES:
# LAST OF SEVERAL OCCURRENCES
COLUMN 17 PEAK WIND IN M.P.H.
PRELIMINARY LOCAL CLIMATOLOGICAL DATA (WS FORM: F-6) , PAGE 2
STATION: FREDERICKSBURG
MONTH: MAY
YEAR: 2022
LATITUDE: 30 15 N
LONGITUDE: 98 55 W
[TEMPERATURE DATA] [PRECIPITATION DATA] SYMBOLS USED IN COLUMN 16
AVERAGE MONTHLY: 79.0 TOTAL FOR MONTH: 0.87 1 = FOG OR MIST
DPTR FM NORMAL: 0.0 DPTR FM NORMAL: M 2 = FOG REDUCING VISIBILITY
HIGHEST: 99 ON 7 GRTST 24HR 0.84 ON 24-24 TO 1/4 MILE OR LESS
LOWEST: 52 ON 26, 6 3 = THUNDER
SNOW, ICE PELLETS, HAIL 4 = ICE PELLETS
TOTAL MONTH: M 5 = HAIL
GRTST 24HR M ON M 6 = FREEZING RAIN OR DRIZZLE
GRTST DEPTH: M ON M 7 = DUSTSTORM OR SANDSTORM:
VSBY 1/2 MILE OR LESS
8 = SMOKE OR HAZE
[NO. OF DAYS WITH] [WEATHER - DAYS WITH] 9 = BLOWING SNOW
X = TORNADO
MAX 32 OR BELOW: 0 0.01 INCH OR MORE: 2
MAX 90 OR ABOVE: 22 0.10 INCH OR MORE: 1
MIN 32 OR BELOW: 0 0.50 INCH OR MORE: 1
MIN 0 OR BELOW: 0 1.00 INCH OR MORE: 0
[HDD (BASE 65) ]
TOTAL THIS MO. 0 CLEAR (SCALE 0-3) 17
DPTR FM NORMAL M PTCLDY (SCALE 4-7) 13
TOTAL FM JUL 1 1970 CLOUDY (SCALE 8-10) 1
DPTR FM NORMAL M
[CDD (BASE 65) ]
TOTAL THIS MO. 441
DPTR FM NORMAL M [PRESSURE DATA]
TOTAL FM JAN 1 661 HIGHEST SLP M ON M
DPTR FM NORMAL M LOWEST SLP M ON M
[REMARKS]
#FINAL-05-22#